{"id":7437,"date":"2019-10-01T10:24:54","date_gmt":"2019-10-01T07:24:54","guid":{"rendered":"http:\/\/www.ttistanbulspor.org\/?post_type=product&#038;p=7437"},"modified":"2019-10-01T10:25:06","modified_gmt":"2019-10-01T07:25:06","slug":"posta-ve-telekomunikasyon-tarihinden-portreler","status":"publish","type":"product","link":"https:\/\/www.ttistanbulspor.org\/index.php\/urun\/posta-ve-telekomunikasyon-tarihinden-portreler\/","title":{"rendered":"Posta Ve Telekom\u00fcnikasyon Tarihinden Portreler"},"content":{"rendered":"<p>Alzheimer \u00e7a\u011f\u0131m\u0131z\u0131n hastal\u0131\u011f\u0131&#8230;<\/p>\n<p>Bireysel haf\u0131za kayb\u0131 \u00e7ok k\u00f6t\u00fc; Allah kimsenin ba\u015f\u0131na vermesin. Ama toplumsal ve kurumsal alzheimer daha k\u00f6t\u00fc. Millet olarak alzheimer olma yolunday\u0131z. D\u00fcn\u00fc unutursak gelece\u011fi sa\u011fl\u0131kl\u0131 in\u015fa edemeyiz.<\/p>\n<p>T\u00fcrkiye&#8217;de posta ve telekom\u00fcnikasyon hizmetlerinin ge\u00e7mi\u015fi Postane-i Amire&#8217;nin kuruldu\u011fu 1840 y\u0131l\u0131na dayan\u0131yor. 1840 y\u0131l\u0131ndan bug\u00fcne kadar, y\u00fcz binlerce insan, PTT bankolar\u0131ndan, telefon santrallerinden, repartit\u00f6rlerinden, \u015fehirleraras\u0131 konsollar\u0131ndan, da\u011f\u0131t\u0131m odalar\u0131ndan geldi ge\u00e7ti. 27 y\u0131l\u0131n\u0131 PTT ve T\u00fcrk Telekom&#8217;a veren, bu kurumlara sevda derecesinde ba\u011fl\u0131<\/p>\n<p>Fazl\u0131 K\u00f6ksal, &#8220;Posta ve Telekom\u00fcnikasyon Tarihinden Portreler&#8221;de, PTT&#8217;nin tarihi ve ilgin\u00e7 \u015fahsiyetlerini, ak\u0131c\u0131 \u00fcslubuyla \u00f6yk\u00fc tad\u0131nda anlat\u0131yor.<\/p>\n<p>Yazar, elinizdeki kitab\u0131 &#8220;Posta ve telekom\u00fcnikasyon tarihinin puslu aynas\u0131nda g\u00f6rd\u00fc\u011f\u00fcm ki\u015filere \u00f6znel bak\u0131\u015f\u0131m\u0131n bir yans\u0131mas\u0131&#8221; diye tan\u0131ml\u0131yor ve ilave diyor: &#8220;\u015eunu a\u00e7\u0131kl\u0131kla belirtmek gerekir ki, PTT ve T\u00fcrk Telekom&#8217;un as\u0131l kahramanlar\u0131, g\u00f6revlerini lay\u0131k\u0131yla yapan, i\u015f\u00e7isinden m\u00fchendisine, da\u011f\u0131t\u0131c\u0131s\u0131ndan m\u00fcd\u00fcr\u00fcne her kademeden vefak\u00e2r, cefak\u00e2r ve fedak\u00e2r \u00e7al\u0131\u015fanlar\u0131d\u0131r&#8230;&#8221;<\/p>\n","protected":false},"excerpt":{"rendered":"<p>Alzheimer \u00e7a\u011f\u0131m\u0131z\u0131n hastal\u0131\u011f\u0131&#8230;<\/p>\n<p>Bireysel haf\u0131za kayb\u0131 \u00e7ok k\u00f6t\u00fc; Allah kimsenin ba\u015f\u0131na vermesin. Ama toplumsal ve kurumsal alzheimer daha k\u00f6t\u00fc. Millet olarak alzheimer olma yolunday\u0131z. D\u00fcn\u00fc unutursak gelece\u011fi sa\u011fl\u0131kl\u0131 in\u015fa edemeyiz.<\/p>\n<p>T\u00fcrkiye&#8217;de posta ve telekom\u00fcnikasyon hizmetlerinin ge\u00e7mi\u015fi Postane-i Amire&#8217;nin kuruldu\u011fu 1840 y\u0131l\u0131na dayan\u0131yor. 1840 y\u0131l\u0131ndan bug\u00fcne kadar, y\u00fcz binlerce insan, PTT bankolar\u0131ndan, telefon santrallerinden, repartit\u00f6rlerinden, \u015fehirleraras\u0131 konsollar\u0131ndan, da\u011f\u0131t\u0131m odalar\u0131ndan geldi ge\u00e7ti. 27 y\u0131l\u0131n\u0131 PTT ve T\u00fcrk Telekom&#8217;a veren, bu kurumlara sevda derecesinde ba\u011fl\u0131<\/p>\n<p>Fazl\u0131 K\u00f6ksal, &#8220;Posta ve Telekom\u00fcnikasyon Tarihinden Portreler&#8221;de, PTT&#8217;nin tarihi ve ilgin\u00e7 \u015fahsiyetlerini, ak\u0131c\u0131 \u00fcslubuyla \u00f6yk\u00fc tad\u0131nda anlat\u0131yor.<\/p>\n<p>Yazar, elinizdeki kitab\u0131 &#8220;Posta ve telekom\u00fcnikasyon tarihinin puslu aynas\u0131nda g\u00f6rd\u00fc\u011f\u00fcm ki\u015filere \u00f6znel bak\u0131\u015f\u0131m\u0131n bir yans\u0131mas\u0131&#8221; diye tan\u0131ml\u0131yor ve ilave diyor: &#8220;\u015eunu a\u00e7\u0131kl\u0131kla belirtmek gerekir ki, PTT ve T\u00fcrk Telekom&#8217;un as\u0131l kahramanlar\u0131, g\u00f6revlerini lay\u0131k\u0131yla yapan, i\u015f\u00e7isinden m\u00fchendisine, da\u011f\u0131t\u0131c\u0131s\u0131ndan m\u00fcd\u00fcr\u00fcne her kademeden vefak\u00e2r, cefak\u00e2r ve fedak\u00e2r \u00e7al\u0131\u015fanlar\u0131d\u0131r&#8230;&#8221;<\/p>\n","protected":false},"featured_media":7438,"comment_status":"open","ping_status":"closed","template":"","meta":[],"class_list":["post-7437","product","type-product","status-publish","has-post-thumbnail","hentry","product_cat-geleneksel-saglik-yontemleri"],"_links":{"self":[{"href":"https:\/\/www.ttistanbulspor.org\/index.php\/wp-json\/wp\/v2\/product\/7437","targetHints":{"allow":["GET"]}}],"collection":[{"href":"https:\/\/www.ttistanbulspor.org\/index.php\/wp-json\/wp\/v2\/product"}],"about":[{"href":"https:\/\/www.ttistanbulspor.org\/index.php\/wp-json\/wp\/v2\/types\/product"}],"replies":[{"embeddable":true,"href":"https:\/\/www.ttistanbulspor.org\/index.php\/wp-json\/wp\/v2\/comments?post=7437"}],"wp:featuredmedia":[{"embeddable":true,"href":"https:\/\/www.ttistanbulspor.org\/index.php\/wp-json\/wp\/v2\/media\/7438"}],"wp:attachment":[{"href":"https:\/\/www.ttistanbulspor.org\/index.php\/wp-json\/wp\/v2\/media?parent=7437"}],"curies":[{"name":"wp","href":"https:\/\/api.w.org\/{rel}","templated":true}]}}

Posta Ve Telekomünikasyon Tarihinden Portreler

<p>Alzheimer çağımızın hastalığı&#8230;</p>
<p>Bireysel hafıza kaybı çok kötü; Allah kimsenin başına vermesin. Ama toplumsal ve kurumsal alzheimer daha kötü. Millet olarak alzheimer olma yolundayız. Dünü unutursak geleceği sağlıklı inşa edemeyiz.</p>
<p>Türkiye&#8217;de posta ve telekomünikasyon hizmetlerinin geçmişi Postane-i Amire&#8217;nin kurulduğu 1840 yılına dayanıyor. 1840 yılından bugüne kadar, yüz binlerce insan, PTT bankolarından, telefon santrallerinden, repartitörlerinden, şehirlerarası konsollarından, dağıtım odalarından geldi geçti. 27 yılını PTT ve Türk Telekom&#8217;a veren, bu kurumlara sevda derecesinde bağlı</p>
<p>Fazlı Köksal, &#8220;Posta ve Telekomünikasyon Tarihinden Portreler&#8221;de, PTT&#8217;nin tarihi ve ilginç şahsiyetlerini, akıcı üslubuyla öykü tadında anlatıyor.</p>
<p>Yazar, elinizdeki kitabı &#8220;Posta ve telekomünikasyon tarihinin puslu aynasında gördüğüm kişilere öznel bakışımın bir yansıması&#8221; diye tanımlıyor ve ilave diyor: &#8220;Şunu açıklıkla belirtmek gerekir ki, PTT ve Türk Telekom&#8217;un asıl kahramanları, görevlerini layıkıyla yapan, işçisinden mühendisine, dağıtıcısından müdürüne her kademeden vefakâr, cefakâr ve fedakâr çalışanlarıdır&#8230;&#8221;</p>
