{"id":7408,"date":"2019-10-01T08:32:58","date_gmt":"2019-10-01T05:32:58","guid":{"rendered":"http:\/\/www.ttistanbulspor.org\/?post_type=product&#038;p=7408"},"modified":"2019-10-01T08:33:09","modified_gmt":"2019-10-01T05:33:09","slug":"anne-babaya-50-nasihat","status":"publish","type":"product","link":"https:\/\/www.ttistanbulspor.org\/index.php\/urun\/anne-babaya-50-nasihat\/","title":{"rendered":"Anne Babaya 50 Nasihat"},"content":{"rendered":"<div id=\"bookDescription\">\n<p>Bizi yaratan Rabbimiz, \u00e7evremizi say\u0131s\u0131z nimetlerle donatm\u0131\u015ft\u0131r. Hayat\u0131m\u0131z\u0131 devam ettirmemiz, beslenmemiz, geli\u015fmemiz, korunmam\u0131z, g\u00fczellikleri hissetmemiz, huzur ve g\u00fcven duymam\u0131z i\u00e7in binlerce nimet&#8230;<\/p>\n<p>Bu nimetlerden bir b\u00f6l\u00fcm\u00fc hemen fark edilemeyen, ancak \u00fczerinde d\u00fc\u015f\u00fcn\u00fcld\u00fc\u011f\u00fcnde k\u0131ymeti, b\u00fcy\u00fckl\u00fc\u011f\u00fc, manevi de\u011feri idrak edilen, yoklu\u011funda anla\u015f\u0131lan ve aran\u0131lan, kaybedildi\u011finde derin bo\u015flu\u011fun ve buruklu\u011fun hissedildi\u011fi nimetlerdir. Aile de bir nimettir. Farkl\u0131 a\u00e7\u0131lardan \u00fczerinde d\u00fc\u015f\u00fcn\u00fcld\u00fc\u011f\u00fcnde k\u0131ymeti daha da iyi anla\u015f\u0131lan bir nimettir. \u0130\u00e7inde feyz ve bereketin, hay\u0131r ve g\u00fczelliklerin ya\u015fand\u0131\u011f\u0131 bir yuva, anne i\u00e7in bir nimet, baba i\u00e7in nimet, dede, nine i\u00e7in nimet, \u00e7ocuklar i\u00e7in ger\u00e7ekten b\u00fcy\u00fck bir nimettir&#8230;<\/p>\n<\/div>\n","protected":false},"excerpt":{"rendered":"<div id=\"bookDescription\">\n<p>Bizi yaratan Rabbimiz, \u00e7evremizi say\u0131s\u0131z nimetlerle donatm\u0131\u015ft\u0131r. Hayat\u0131m\u0131z\u0131 devam ettirmemiz, beslenmemiz, geli\u015fmemiz, korunmam\u0131z, g\u00fczellikleri hissetmemiz, huzur ve g\u00fcven duymam\u0131z i\u00e7in binlerce nimet&#8230;<\/p>\n<p>Bu nimetlerden bir b\u00f6l\u00fcm\u00fc hemen fark edilemeyen, ancak \u00fczerinde d\u00fc\u015f\u00fcn\u00fcld\u00fc\u011f\u00fcnde k\u0131ymeti, b\u00fcy\u00fckl\u00fc\u011f\u00fc, manevi de\u011feri idrak edilen, yoklu\u011funda anla\u015f\u0131lan ve aran\u0131lan, kaybedildi\u011finde derin bo\u015flu\u011fun ve buruklu\u011fun hissedildi\u011fi nimetlerdir. Aile de bir nimettir. Farkl\u0131 a\u00e7\u0131lardan \u00fczerinde d\u00fc\u015f\u00fcn\u00fcld\u00fc\u011f\u00fcnde k\u0131ymeti daha da iyi anla\u015f\u0131lan bir nimettir. \u0130\u00e7inde feyz ve bereketin, hay\u0131r ve g\u00fczelliklerin ya\u015fand\u0131\u011f\u0131 bir yuva, anne i\u00e7in bir nimet, baba i\u00e7in nimet, dede, nine i\u00e7in nimet, \u00e7ocuklar i\u00e7in ger\u00e7ekten b\u00fcy\u00fck bir nimettir&#8230;<\/p>\n<\/div>\n","protected":false},"featured_media":7409,"comment_status":"open","ping_status":"closed","template":"","meta":[],"class_list":["post-7408","product","type-product","status-publish","has-post-thumbnail","hentry","product_cat-egitim-etkinlik"],"_links":{"self":[{"href":"https:\/\/www.ttistanbulspor.org\/index.php\/wp-json\/wp\/v2\/product\/7408","targetHints":{"allow":["GET"]}}],"collection":[{"href":"https:\/\/www.ttistanbulspor.org\/index.php\/wp-json\/wp\/v2\/product"}],"about":[{"href":"https:\/\/www.ttistanbulspor.org\/index.php\/wp-json\/wp\/v2\/types\/product"}],"replies":[{"embeddable":true,"href":"https:\/\/www.ttistanbulspor.org\/index.php\/wp-json\/wp\/v2\/comments?post=7408"}],"wp:featuredmedia":[{"embeddable":true,"href":"https:\/\/www.ttistanbulspor.org\/index.php\/wp-json\/wp\/v2\/media\/7409"}],"wp:attachment":[{"href":"https:\/\/www.ttistanbulspor.org\/index.php\/wp-json\/wp\/v2\/media?parent=7408"}],"curies":[{"name":"wp","href":"https:\/\/api.w.org\/{rel}","templated":true}]}}