{"id":7396,"date":"2019-09-30T15:42:03","date_gmt":"2019-09-30T12:42:03","guid":{"rendered":"http:\/\/www.ttistanbulspor.org\/?post_type=product&#038;p=7396"},"modified":"2019-09-30T15:42:14","modified_gmt":"2019-09-30T12:42:14","slug":"peygamberin-bir-gunu","status":"publish","type":"product","link":"https:\/\/www.ttistanbulspor.org\/index.php\/urun\/peygamberin-bir-gunu\/","title":{"rendered":"Peygamberin Bir G\u00fcn\u00fc"},"content":{"rendered":"<p>Siyer kitaplar\u0131, Res\u00fblullah aleyhissal\u00e2tu vesselam\u0131n altm\u0131\u015f\u00fc\u00e7 y\u0131ll\u0131k \u00f6mr\u00fc i\u00e7inde b\u00fcy\u00fck olaylar\u0131 ve \u00f6zel g\u00fcnleri anlat\u0131r bize. Peki, Hz. Peygamber di\u011fer g\u00fcnlerde, o \u00f6zel g\u00fcnlerin ak\u0131\u015f\u0131n\u0131 da belirleyen &#8216;herhangi bir g\u00fcn&#8217;de nas\u0131l ya\u015fam\u0131\u015ft\u0131r? Neler yapm\u0131\u015f, nelerden sak\u0131nm\u0131\u015f, g\u00fcne nas\u0131l ba\u015flam\u0131\u015f, g\u00fcnd\u00fcz ne ile me\u015fgul olmu\u015f ve geceyi nas\u0131l kar\u015f\u0131lam\u0131\u015ft\u0131r? Peygamberin Bir G\u00fcn\u00fc, bir &#8216;mikro siyer&#8217; olarak, i\u015fte bu sorular\u0131n izini s\u00fcr\u00fcyor ve Res\u00fblullah aleyhissal\u00e2tu vesselam\u0131 &#8216;herhangi bir g\u00fcn&#8217;\u00fcnde anlat\u0131yor. \u00d6zellikle de onun hayat\u0131ndaki en ziyade g\u00f6zden ka\u00e7an boyut olan &#8216;tefekk\u00fcr\u00fc&#8217;ne dikkat \u00e7ekerek\u2026<\/p>\n<p>Ve onun her bir g\u00fcn\u00fcnden, g\u00fcn\u00fcm\u00fcze ve \u00f6mr\u00fcm\u00fcze dair dersler de \u00e7\u0131kararak\u2026<\/p>\n","protected":false},"excerpt":{"rendered":"<p>Siyer kitaplar\u0131, Res\u00fblullah aleyhissal\u00e2tu vesselam\u0131n altm\u0131\u015f\u00fc\u00e7 y\u0131ll\u0131k \u00f6mr\u00fc i\u00e7inde b\u00fcy\u00fck olaylar\u0131 ve \u00f6zel g\u00fcnleri anlat\u0131r bize. Peki, Hz. Peygamber di\u011fer g\u00fcnlerde, o \u00f6zel g\u00fcnlerin ak\u0131\u015f\u0131n\u0131 da belirleyen &#8216;herhangi bir g\u00fcn&#8217;de nas\u0131l ya\u015fam\u0131\u015ft\u0131r? Neler yapm\u0131\u015f, nelerden sak\u0131nm\u0131\u015f, g\u00fcne nas\u0131l ba\u015flam\u0131\u015f, g\u00fcnd\u00fcz ne ile me\u015fgul olmu\u015f ve geceyi nas\u0131l kar\u015f\u0131lam\u0131\u015ft\u0131r? Peygamberin Bir G\u00fcn\u00fc, bir &#8216;mikro siyer&#8217; olarak, i\u015fte bu sorular\u0131n izini s\u00fcr\u00fcyor ve Res\u00fblullah aleyhissal\u00e2tu vesselam\u0131 &#8216;herhangi bir g\u00fcn&#8217;\u00fcnde anlat\u0131yor. \u00d6zellikle de onun hayat\u0131ndaki en ziyade g\u00f6zden ka\u00e7an boyut olan &#8216;tefekk\u00fcr\u00fc&#8217;ne dikkat \u00e7ekerek\u2026<\/p>\n<p>Ve onun her bir g\u00fcn\u00fcnden, g\u00fcn\u00fcm\u00fcze ve \u00f6mr\u00fcm\u00fcze dair dersler de \u00e7\u0131kararak\u2026<\/p>\n","protected":false},"featured_media":7397,"comment_status":"open","ping_status":"closed","template":"","meta":[],"class_list":["post-7396","product","type-product","status-publish","has-post-thumbnail","hentry","product_cat-islamiyet"],"_links":{"self":[{"href":"https:\/\/www.ttistanbulspor.org\/index.php\/wp-json\/wp\/v2\/product\/7396","targetHints":{"allow":["GET"]}}],"collection":[{"href":"https:\/\/www.ttistanbulspor.org\/index.php\/wp-json\/wp\/v2\/product"}],"about":[{"href":"https:\/\/www.ttistanbulspor.org\/index.php\/wp-json\/wp\/v2\/types\/product"}],"replies":[{"embeddable":true,"href":"https:\/\/www.ttistanbulspor.org\/index.php\/wp-json\/wp\/v2\/comments?post=7396"}],"wp:featuredmedia":[{"embeddable":true,"href":"https:\/\/www.ttistanbulspor.org\/index.php\/wp-json\/wp\/v2\/media\/7397"}],"wp:attachment":[{"href":"https:\/\/www.ttistanbulspor.org\/index.php\/wp-json\/wp\/v2\/media?parent=7396"}],"curies":[{"name":"wp","href":"https:\/\/api.w.org\/{rel}","templated":true}]}}

Peygamberin Bir Günü

<p>Siyer kitapları, Resûlullah aleyhissalâtu vesselamın altmışüç yıllık ömrü içinde büyük olayları ve özel günleri anlatır bize. Peki, Hz. Peygamber diğer günlerde, o özel günlerin akışını da belirleyen &#8216;herhangi bir gün&#8217;de nasıl yaşamıştır? Neler yapmış, nelerden sakınmış, güne nasıl başlamış, gündüz ne ile meşgul olmuş ve geceyi nasıl karşılamıştır? Peygamberin Bir Günü, bir &#8216;mikro siyer&#8217; olarak, işte bu soruların izini sürüyor ve Resûlullah aleyhissalâtu vesselamı &#8216;herhangi bir gün&#8217;ünde anlatıyor. Özellikle de onun hayatındaki en ziyade gözden kaçan boyut olan &#8216;tefekkürü&#8217;ne dikkat çekerek…</p>
<p>Ve onun her bir gününden, günümüze ve ömrümüze dair dersler de çıkararak…</p>
