{"id":7360,"date":"2019-09-30T11:48:21","date_gmt":"2019-09-30T08:48:21","guid":{"rendered":"http:\/\/www.ttistanbulspor.org\/?post_type=product&#038;p=7360"},"modified":"2019-09-30T11:48:49","modified_gmt":"2019-09-30T08:48:49","slug":"varolma-savasi-1","status":"publish","type":"product","link":"https:\/\/www.ttistanbulspor.org\/index.php\/urun\/varolma-savasi-1\/","title":{"rendered":"Varolma Sava\u015f\u0131 1"},"content":{"rendered":"<p>Sezai Karako\u00e7&#8217;un bu kitap, 1976 y\u0131l\u0131nda, Dirili\u015f Pazartesi-Per\u015fembe G\u00fcnl\u00fc\u011f\u00fc&#8217;nde kaleme al\u0131nan yaz\u0131lardan olu\u015fmaktad\u0131r.<\/p>\n<p>Sezai Karako\u00e7, d\u00fcnya geli\u015fim d\u00f6n\u00fc\u015f\u00fcm ve bat\u0131la\u015fma harketini ve bunlara ba\u011fl\u0131 kutupla\u015fma konular\u0131nda fikirlerini kaleme ald\u0131\u011f\u0131 bu yaz\u0131lar\u0131nda daha \u00e7ok kutupla\u015fma , de\u011fi\u015fimine ba\u011fnaz ba\u011flanma, \u00f6z\u00fcnden kopu\u015f, ya\u015fa\u015fan ter\u00f6r olaylar\u0131n\u0131n \u00e7\u00f6z\u00fcm\u00fcne y\u00f6nelik uyar\u0131larda bulunmu\u015ftur<\/p>\n","protected":false},"excerpt":{"rendered":"<p>Sezai Karako\u00e7&#8217;un bu kitap, 1976 y\u0131l\u0131nda, Dirili\u015f Pazartesi-Per\u015fembe G\u00fcnl\u00fc\u011f\u00fc&#8217;nde kaleme al\u0131nan yaz\u0131lardan olu\u015fmaktad\u0131r.<\/p>\n<p>Sezai Karako\u00e7, d\u00fcnya geli\u015fim d\u00f6n\u00fc\u015f\u00fcm ve bat\u0131la\u015fma harketini ve bunlara ba\u011fl\u0131 kutupla\u015fma konular\u0131nda fikirlerini kaleme ald\u0131\u011f\u0131 bu yaz\u0131lar\u0131nda daha \u00e7ok kutupla\u015fma , de\u011fi\u015fimine ba\u011fnaz ba\u011flanma, \u00f6z\u00fcnden kopu\u015f, ya\u015fa\u015fan ter\u00f6r olaylar\u0131n\u0131n \u00e7\u00f6z\u00fcm\u00fcne y\u00f6nelik uyar\u0131larda bulunmu\u015ftur<\/p>\n","protected":false},"featured_media":7361,"comment_status":"open","ping_status":"closed","template":"","meta":[],"class_list":["post-7360","product","type-product","status-publish","has-post-thumbnail","hentry","product_cat-din-felsefe"],"_links":{"self":[{"href":"https:\/\/www.ttistanbulspor.org\/index.php\/wp-json\/wp\/v2\/product\/7360","targetHints":{"allow":["GET"]}}],"collection":[{"href":"https:\/\/www.ttistanbulspor.org\/index.php\/wp-json\/wp\/v2\/product"}],"about":[{"href":"https:\/\/www.ttistanbulspor.org\/index.php\/wp-json\/wp\/v2\/types\/product"}],"replies":[{"embeddable":true,"href":"https:\/\/www.ttistanbulspor.org\/index.php\/wp-json\/wp\/v2\/comments?post=7360"}],"wp:featuredmedia":[{"embeddable":true,"href":"https:\/\/www.ttistanbulspor.org\/index.php\/wp-json\/wp\/v2\/media\/7361"}],"wp:attachment":[{"href":"https:\/\/www.ttistanbulspor.org\/index.php\/wp-json\/wp\/v2\/media?parent=7360"}],"curies":[{"name":"wp","href":"https:\/\/api.w.org\/{rel}","templated":true}]}}

Varolma Savaşı 1

<p>Sezai Karakoç&#8217;un bu kitap, 1976 yılında, Diriliş Pazartesi-Perşembe Günlüğü&#8217;nde kaleme alınan yazılardan oluşmaktadır.</p>
<p>Sezai Karakoç, dünya gelişim dönüşüm ve batılaşma harketini ve bunlara bağlı kutuplaşma konularında fikirlerini kaleme aldığı bu yazılarında daha çok kutuplaşma , değişimine bağnaz bağlanma, özünden kopuş, yaşaşan terör olaylarının çözümüne yönelik uyarılarda bulunmuştur</p>
