{"id":7348,"date":"2019-09-30T10:41:45","date_gmt":"2019-09-30T07:41:45","guid":{"rendered":"http:\/\/www.ttistanbulspor.org\/?post_type=product&#038;p=7348"},"modified":"2019-09-30T10:42:10","modified_gmt":"2019-09-30T07:42:10","slug":"cile-4-necip-fazil-butun-eserleri","status":"publish","type":"product","link":"https:\/\/www.ttistanbulspor.org\/index.php\/urun\/cile-4-necip-fazil-butun-eserleri\/","title":{"rendered":"\u00c7ile : 4 &#8211; Necip Faz\u0131l B\u00fct\u00fcn Eserleri"},"content":{"rendered":"<p>Necip Faz\u0131l K\u0131sak\u00fcrek, insan ruhunun mistik-trajik dehlizlerinde cesurca dola\u015fm\u0131\u015f, kendi &#8220;Poetika&#8221;s\u0131n\u0131 yazm\u0131\u015f bir \u015fair olarak modern T\u00fcrk \u015fiirinin, fikir ve dava adam\u0131 kimli\u011fiyle de T\u00fcrk d\u00fc\u015f\u00fcnce hayat\u0131n\u0131n ba\u015f akt\u00f6rlerindendir.<\/p>\n<p>\u00c7ile, \u015fairin y\u0131llar i\u00e7inde b\u00fct\u00fcn \u015fiirlerini ay\u0131klayarak, d\u00fczelterek, s\u0131ralayarak olu\u015fturdu\u011fu; altm\u0131\u015f y\u0131l\u0131 bulan \u015fiir ser\u00fcveninin verimlerini kendi kurdu\u011fu bir yap\u0131 i\u00e7inde toplad\u0131\u011f\u0131 bir ba\u015fyap\u0131tt\u0131r. Beh\u00e7et Necatigil&#8217;in s\u00f6zleriyle: &#8220;Tekke \u015fiirimizin verilerini modern Frans\u0131z \u015fiiri \u00f6l\u00e7\u00fcleriyle de\u011ferlendiren, \u015fiirlerinde soyut insan\u0131n evrendeki yerini ara\u015ft\u0131ran; madde ve ruh problemlerini, i\u00e7 alemin gizli duygu ve tutkular\u0131n\u0131 dile getiren Necip Faz\u0131l; din\u00e7 ve oturmu\u015f bir dil, mazbut ve sa\u011flam bir teknikle yazd\u0131.&#8221;<\/p>\n","protected":false},"excerpt":{"rendered":"<p>Necip Faz\u0131l K\u0131sak\u00fcrek, insan ruhunun mistik-trajik dehlizlerinde cesurca dola\u015fm\u0131\u015f, kendi &#8220;Poetika&#8221;s\u0131n\u0131 yazm\u0131\u015f bir \u015fair olarak modern T\u00fcrk \u015fiirinin, fikir ve dava adam\u0131 kimli\u011fiyle de T\u00fcrk d\u00fc\u015f\u00fcnce hayat\u0131n\u0131n ba\u015f akt\u00f6rlerindendir.<\/p>\n<p>\u00c7ile, \u015fairin y\u0131llar i\u00e7inde b\u00fct\u00fcn \u015fiirlerini ay\u0131klayarak, d\u00fczelterek, s\u0131ralayarak olu\u015fturdu\u011fu; altm\u0131\u015f y\u0131l\u0131 bulan \u015fiir ser\u00fcveninin verimlerini kendi kurdu\u011fu bir yap\u0131 i\u00e7inde toplad\u0131\u011f\u0131 bir ba\u015fyap\u0131tt\u0131r. Beh\u00e7et Necatigil&#8217;in s\u00f6zleriyle: &#8220;Tekke \u015fiirimizin verilerini modern Frans\u0131z \u015fiiri \u00f6l\u00e7\u00fcleriyle de\u011ferlendiren, \u015fiirlerinde soyut insan\u0131n evrendeki yerini ara\u015ft\u0131ran; madde ve ruh problemlerini, i\u00e7 alemin gizli duygu ve tutkular\u0131n\u0131 dile getiren Necip Faz\u0131l; din\u00e7 ve oturmu\u015f bir dil, mazbut ve sa\u011flam bir teknikle yazd\u0131.&#8221;<\/p>\n","protected":false},"featured_media":7349,"comment_status":"open","ping_status":"closed","template":"","meta":[],"class_list":["post-7348","product","type-product","status-publish","has-post-thumbnail","hentry","product_cat-turk-edebiyati"],"_links":{"self":[{"href":"https:\/\/www.ttistanbulspor.org\/index.php\/wp-json\/wp\/v2\/product\/7348","targetHints":{"allow":["GET"]}}],"collection":[{"href":"https:\/\/www.ttistanbulspor.org\/index.php\/wp-json\/wp\/v2\/product"}],"about":[{"href":"https:\/\/www.ttistanbulspor.org\/index.php\/wp-json\/wp\/v2\/types\/product"}],"replies":[{"embeddable":true,"href":"https:\/\/www.ttistanbulspor.org\/index.php\/wp-json\/wp\/v2\/comments?post=7348"}],"wp:featuredmedia":[{"embeddable":true,"href":"https:\/\/www.ttistanbulspor.org\/index.php\/wp-json\/wp\/v2\/media\/7349"}],"wp:attachment":[{"href":"https:\/\/www.ttistanbulspor.org\/index.php\/wp-json\/wp\/v2\/media?parent=7348"}],"curies":[{"name":"wp","href":"https:\/\/api.w.org\/{rel}","templated":true}]}}