{"id":7338,"date":"2019-09-30T10:10:56","date_gmt":"2019-09-30T07:10:56","guid":{"rendered":"http:\/\/www.ttistanbulspor.org\/?post_type=product&#038;p=7338"},"modified":"2019-09-30T10:11:00","modified_gmt":"2019-09-30T07:11:00","slug":"desen-kitabi-2","status":"publish","type":"product","link":"https:\/\/www.ttistanbulspor.org\/index.php\/urun\/desen-kitabi-2\/","title":{"rendered":"Desen Kitab\u0131 2"},"content":{"rendered":"<p>Tuva Yay\u0131nc\u0131l\u0131k olarak ikinci desen kitab\u0131m\u0131z ile kar\u015f\u0131n\u0131zday\u0131z. \u0130lkine g\u00f6stermi\u015f oldu\u011funuz ilgiden dolay\u0131 t\u00fcm el sanatlar\u0131 severlere en i\u00e7ten te\u015fekk\u00fcrlerimizi sunar\u0131z.<\/p>\n<p>Bu kitapta el sanatlar\u0131n\u0131n hemen hemen her alan\u0131nda kullanabilece\u011finiz 200&#8217;den fazla desen bulunmaktad\u0131r. Desenler farkl\u0131 b\u00fcy\u00fckl\u00fck ve formlarda olup, hat, tezhip, \u00e7i\u00e7ek, \u00e7ini, alfabe gibi bir\u00e7ok kategoride yer almaktad\u0131r.<\/p>\n<p>Bu kitap, nak\u0131\u015f, resim, aplike, oymac\u0131l\u0131k, hat, tezhip, kuma\u015f ve cam boyama, folyo, k\u0131rkyama (patchwork) gibi el sanatlar\u0131n\u0131n bir\u00e7ok alan\u0131nda, hem usta \u00f6\u011freticilerin hem de kursiyerlerin el alt\u0131nda bulundurabilece\u011fi bir desen bankas\u0131 olma \u00f6zelli\u011findedir.<\/p>\n<p>\u0130SMEK usta \u00f6\u011freticisi Nazire U\u00e7arku\u015f Ayhan taraf\u0131ndan haz\u0131rlanan desenlerin t\u00fcm el sanatlar\u0131 meraklar\u0131na faydal\u0131 olmas\u0131 dile\u011fi ile.<\/p>\n","protected":false},"excerpt":{"rendered":"<p>Tuva Yay\u0131nc\u0131l\u0131k olarak ikinci desen kitab\u0131m\u0131z ile kar\u015f\u0131n\u0131zday\u0131z. \u0130lkine g\u00f6stermi\u015f oldu\u011funuz ilgiden dolay\u0131 t\u00fcm el sanatlar\u0131 severlere en i\u00e7ten te\u015fekk\u00fcrlerimizi sunar\u0131z.<\/p>\n<p>Bu kitapta el sanatlar\u0131n\u0131n hemen hemen her alan\u0131nda kullanabilece\u011finiz 200&#8217;den fazla desen bulunmaktad\u0131r. Desenler farkl\u0131 b\u00fcy\u00fckl\u00fck ve formlarda olup, hat, tezhip, \u00e7i\u00e7ek, \u00e7ini, alfabe gibi bir\u00e7ok kategoride yer almaktad\u0131r.<\/p>\n<p>Bu kitap, nak\u0131\u015f, resim, aplike, oymac\u0131l\u0131k, hat, tezhip, kuma\u015f ve cam boyama, folyo, k\u0131rkyama (patchwork) gibi el sanatlar\u0131n\u0131n bir\u00e7ok alan\u0131nda, hem usta \u00f6\u011freticilerin hem de kursiyerlerin el alt\u0131nda bulundurabilece\u011fi bir desen bankas\u0131 olma \u00f6zelli\u011findedir.<\/p>\n<p>\u0130SMEK usta \u00f6\u011freticisi Nazire U\u00e7arku\u015f Ayhan taraf\u0131ndan haz\u0131rlanan desenlerin t\u00fcm el sanatlar\u0131 meraklar\u0131na faydal\u0131 olmas\u0131 dile\u011fi ile.<\/p>\n","protected":false},"featured_media":7339,"comment_status":"open","ping_status":"closed","template":"","meta":[],"class_list":["post-7338","product","type-product","status-publish","has-post-thumbnail","hentry","product_cat-el-sanatlari"],"_links":{"self":[{"href":"https:\/\/www.ttistanbulspor.org\/index.php\/wp-json\/wp\/v2\/product\/7338","targetHints":{"allow":["GET"]}}],"collection":[{"href":"https:\/\/www.ttistanbulspor.org\/index.php\/wp-json\/wp\/v2\/product"}],"about":[{"href":"https:\/\/www.ttistanbulspor.org\/index.php\/wp-json\/wp\/v2\/types\/product"}],"replies":[{"embeddable":true,"href":"https:\/\/www.ttistanbulspor.org\/index.php\/wp-json\/wp\/v2\/comments?post=7338"}],"wp:featuredmedia":[{"embeddable":true,"href":"https:\/\/www.ttistanbulspor.org\/index.php\/wp-json\/wp\/v2\/media\/7339"}],"wp:attachment":[{"href":"https:\/\/www.ttistanbulspor.org\/index.php\/wp-json\/wp\/v2\/media?parent=7338"}],"curies":[{"name":"wp","href":"https:\/\/api.w.org\/{rel}","templated":true}]}}