{"id":7336,"date":"2019-09-30T10:08:01","date_gmt":"2019-09-30T07:08:01","guid":{"rendered":"http:\/\/www.ttistanbulspor.org\/?post_type=product&#038;p=7336"},"modified":"2020-02-03T13:24:06","modified_gmt":"2020-02-03T10:24:06","slug":"7336","status":"publish","type":"product","link":"https:\/\/www.ttistanbulspor.org\/index.php\/urun\/7336\/","title":{"rendered":"Son S\u0131\u011f\u0131nak Aile"},"content":{"rendered":"<p>\u2022 Evlili\u011fe haz\u0131r m\u0131y\u0131m?<br \/>\n\u2022 Ni\u00e7in evlenmeliyim?<br \/>\n\u2022 Fl\u00f6rts\u00fcz evlilik olur mu?<br \/>\n\u2022 A\u015fk olmadan evlilik y\u00fcr\u00fcr m\u00fc?<br \/>\n\u2022 E\u015fimi tan\u0131mak i\u00e7in ne yapmal\u0131y\u0131m?<br \/>\n\u2022 E\u015fimin ailesine nas\u0131l davranmal\u0131y\u0131m?<br \/>\n\u2022 E\u015fim beni aldat\u0131r m\u0131?<br \/>\n\u2022 Anne-babal\u0131k \u00f6\u011frenilir mi?<\/p>\n<p>Aile kurumunun y\u0131k\u0131lmaya y\u00fcz tutmas\u0131, aile bireyleri aras\u0131ndaki ba\u011flar\u0131n zay\u0131flamas\u0131, cinsel su\u00e7lardaki art\u0131\u015f aile \u00fczerinde yeni ba\u015ftan durulmas\u0131 gerekti\u011fini g\u00f6steriyor.<br \/>\nBu kitap, aileye ilk ad\u0131m olan evlili\u011fin biyolojik, psikolojik, sosyal ve k\u00fclt\u00fcrel temellerini irdeliyor. Ya\u015fanm\u0131\u015f \u00f6rneklerin ve \u2018evlilik niyet s\u00f6zle\u015fmesi\u2019nin deste\u011fiyle de aile \u00fcyelerinin yollar\u0131n\u0131 ayd\u0131nlat\u0131yor.<\/p>\n","protected":false},"excerpt":{"rendered":"<p>\u2022 Evlili\u011fe haz\u0131r m\u0131y\u0131m?<br \/>\n\u2022 Ni\u00e7in evlenmeliyim?<br \/>\n\u2022 Fl\u00f6rts\u00fcz evlilik olur mu?<br \/>\n\u2022 A\u015fk olmadan evlilik y\u00fcr\u00fcr m\u00fc?<br \/>\n\u2022 E\u015fimi tan\u0131mak i\u00e7in ne yapmal\u0131y\u0131m?<br \/>\n\u2022 E\u015fimin ailesine nas\u0131l davranmal\u0131y\u0131m?<br \/>\n\u2022 E\u015fim beni aldat\u0131r m\u0131?<br \/>\n\u2022 Anne-babal\u0131k \u00f6\u011frenilir mi?<\/p>\n<p>Aile kurumunun y\u0131k\u0131lmaya y\u00fcz tutmas\u0131, aile bireyleri aras\u0131ndaki ba\u011flar\u0131n zay\u0131flamas\u0131, cinsel su\u00e7lardaki art\u0131\u015f aile \u00fczerinde yeni ba\u015ftan durulmas\u0131 gerekti\u011fini g\u00f6steriyor.<br \/>\nBu kitap, aileye ilk ad\u0131m olan evlili\u011fin biyolojik, psikolojik, sosyal ve k\u00fclt\u00fcrel temellerini irdeliyor. Ya\u015fanm\u0131\u015f \u00f6rneklerin ve \u2018evlilik niyet s\u00f6zle\u015fmesi\u2019nin deste\u011fiyle de aile \u00fcyelerinin yollar\u0131n\u0131 ayd\u0131nlat\u0131yor.<\/p>\n","protected":false},"featured_media":7337,"comment_status":"open","ping_status":"closed","template":"","meta":[],"class_list":["post-7336","product","type-product","status-publish","has-post-thumbnail","hentry","product_cat-islamiyet"],"_links":{"self":[{"href":"https:\/\/www.ttistanbulspor.org\/index.php\/wp-json\/wp\/v2\/product\/7336","targetHints":{"allow":["GET"]}}],"collection":[{"href":"https:\/\/www.ttistanbulspor.org\/index.php\/wp-json\/wp\/v2\/product"}],"about":[{"href":"https:\/\/www.ttistanbulspor.org\/index.php\/wp-json\/wp\/v2\/types\/product"}],"replies":[{"embeddable":true,"href":"https:\/\/www.ttistanbulspor.org\/index.php\/wp-json\/wp\/v2\/comments?post=7336"}],"wp:featuredmedia":[{"embeddable":true,"href":"https:\/\/www.ttistanbulspor.org\/index.php\/wp-json\/wp\/v2\/media\/7337"}],"wp:attachment":[{"href":"https:\/\/www.ttistanbulspor.org\/index.php\/wp-json\/wp\/v2\/media?parent=7336"}],"curies":[{"name":"wp","href":"https:\/\/api.w.org\/{rel}","templated":true}]}}