{"id":7329,"date":"2019-09-30T09:37:12","date_gmt":"2019-09-30T06:37:12","guid":{"rendered":"http:\/\/www.ttistanbulspor.org\/?post_type=product&#038;p=7329"},"modified":"2019-09-30T09:37:49","modified_gmt":"2019-09-30T06:37:49","slug":"varlik-ve-idrak-molla-sadranin-bilgi-tasavvuru","status":"publish","type":"product","link":"https:\/\/www.ttistanbulspor.org\/index.php\/urun\/varlik-ve-idrak-molla-sadranin-bilgi-tasavvuru\/","title":{"rendered":"Varl\u0131k ve \u0130drak Molla Sadra&#8217;n\u0131n Bilgi Tasavvuru"},"content":{"rendered":"<p>\u0130brahim Kal\u0131n&#8217;\u0131n Molla Sadr\u00e2 ve bilgi meselesine y\u00f6nelik enfes tahlili, bu son derece \u00f6nemli d\u00fc\u015f\u00fcn\u00fcr ve mesele bak\u0131m\u0131ndan ger\u00e7ekten \u00e7\u0131\u011f\u0131r a\u00e7\u0131c\u0131 nitelikte. Kal\u0131n, \u0130\u015fr\u00e2k\u00ee d\u00fc\u015f\u00fcnceyle alakal\u0131 a\u00e7\u0131klamalar\u0131n anla\u015f\u0131lmas\u0131n\u0131 g\u00fc\u00e7le\u015ftiren teknik jargondan m\u00fcmk\u00fcn oldu\u011funca ka\u00e7\u0131narak, Molla Sadr\u00e2&#8217;n\u0131n me\u015fgul oldu\u011fu ba\u011flam\u0131 a\u00e7\u0131k ve anla\u015f\u0131l\u0131r bir bi\u00e7imde ortaya koyuyor. \u0130brahim Kal\u0131n, Molla Sadr\u00e2&#8217;y\u0131 epistemoloji konusunda ciddi bir \u015farih ve epistemolojiyi ise \u0130sl\u00e2m felsefesinde daimi bir ara\u015ft\u0131rma konusu olarak sunuyor ve bir b\u00fct\u00fcn olarak \u0130sl\u00e2m felsefesi alan\u0131nda Molla Sadr\u00e2&#8217;n\u0131n rol\u00fcne ili\u015fkin tam bir fikir elde edebilmemizi m\u00fcmk\u00fcn k\u0131l\u0131yor. Kitap, bu \u00f6nemli d\u00fc\u015f\u00fcn\u00fcre ili\u015fkin anlay\u0131\u015f\u0131m\u0131z\u0131 daha y\u00fcksek bir d\u00fczeye \u00e7\u0131kar\u0131yor. Bu \u00e7al\u0131\u015fman\u0131n k\u0131sa s\u00fcrede temel bir referans eser olaca\u011f\u0131nda ku\u015fku yok.<\/p>\n","protected":false},"excerpt":{"rendered":"<p>\u0130brahim Kal\u0131n&#8217;\u0131n Molla Sadr\u00e2 ve bilgi meselesine y\u00f6nelik enfes tahlili, bu son derece \u00f6nemli d\u00fc\u015f\u00fcn\u00fcr ve mesele bak\u0131m\u0131ndan ger\u00e7ekten \u00e7\u0131\u011f\u0131r a\u00e7\u0131c\u0131 nitelikte. Kal\u0131n, \u0130\u015fr\u00e2k\u00ee d\u00fc\u015f\u00fcnceyle alakal\u0131 a\u00e7\u0131klamalar\u0131n anla\u015f\u0131lmas\u0131n\u0131 g\u00fc\u00e7le\u015ftiren teknik jargondan m\u00fcmk\u00fcn oldu\u011funca ka\u00e7\u0131narak, Molla Sadr\u00e2&#8217;n\u0131n me\u015fgul oldu\u011fu ba\u011flam\u0131 a\u00e7\u0131k ve anla\u015f\u0131l\u0131r bir bi\u00e7imde ortaya koyuyor. \u0130brahim Kal\u0131n, Molla Sadr\u00e2&#8217;y\u0131 epistemoloji konusunda ciddi bir \u015farih ve epistemolojiyi ise \u0130sl\u00e2m felsefesinde daimi bir ara\u015ft\u0131rma konusu olarak sunuyor ve bir b\u00fct\u00fcn olarak \u0130sl\u00e2m felsefesi alan\u0131nda Molla Sadr\u00e2&#8217;n\u0131n rol\u00fcne ili\u015fkin tam bir fikir elde edebilmemizi m\u00fcmk\u00fcn k\u0131l\u0131yor. Kitap, bu \u00f6nemli d\u00fc\u015f\u00fcn\u00fcre ili\u015fkin anlay\u0131\u015f\u0131m\u0131z\u0131 daha y\u00fcksek bir d\u00fczeye \u00e7\u0131kar\u0131yor. Bu \u00e7al\u0131\u015fman\u0131n k\u0131sa s\u00fcrede temel bir referans eser olaca\u011f\u0131nda ku\u015fku yok.<\/p>\n","protected":false},"featured_media":7330,"comment_status":"open","ping_status":"closed","template":"","meta":[],"class_list":["post-7329","product","type-product","status-publish","has-post-thumbnail","hentry","product_cat-tasavvuf"],"_links":{"self":[{"href":"https:\/\/www.ttistanbulspor.org\/index.php\/wp-json\/wp\/v2\/product\/7329","targetHints":{"allow":["GET"]}}],"collection":[{"href":"https:\/\/www.ttistanbulspor.org\/index.php\/wp-json\/wp\/v2\/product"}],"about":[{"href":"https:\/\/www.ttistanbulspor.org\/index.php\/wp-json\/wp\/v2\/types\/product"}],"replies":[{"embeddable":true,"href":"https:\/\/www.ttistanbulspor.org\/index.php\/wp-json\/wp\/v2\/comments?post=7329"}],"wp:featuredmedia":[{"embeddable":true,"href":"https:\/\/www.ttistanbulspor.org\/index.php\/wp-json\/wp\/v2\/media\/7330"}],"wp:attachment":[{"href":"https:\/\/www.ttistanbulspor.org\/index.php\/wp-json\/wp\/v2\/media?parent=7329"}],"curies":[{"name":"wp","href":"https:\/\/api.w.org\/{rel}","templated":true}]}}

Varlık ve İdrak Molla Sadra&#8217;nın Bilgi Tasavvuru

<p>İbrahim Kalın&#8217;ın Molla Sadrâ ve bilgi meselesine yönelik enfes tahlili, bu son derece önemli düşünür ve mesele bakımından gerçekten çığır açıcı nitelikte. Kalın, İşrâkî düşünceyle alakalı açıklamaların anlaşılmasını güçleştiren teknik jargondan mümkün olduğunca kaçınarak, Molla Sadrâ&#8217;nın meşgul olduğu bağlamı açık ve anlaşılır bir biçimde ortaya koyuyor. İbrahim Kalın, Molla Sadrâ&#8217;yı epistemoloji konusunda ciddi bir şarih ve epistemolojiyi ise İslâm felsefesinde daimi bir araştırma konusu olarak sunuyor ve bir bütün olarak İslâm felsefesi alanında Molla Sadrâ&#8217;nın rolüne ilişkin tam bir fikir elde edebilmemizi mümkün kılıyor. Kitap, bu önemli düşünüre ilişkin anlayışımızı daha yüksek bir düzeye çıkarıyor. Bu çalışmanın kısa sürede temel bir referans eser olacağında kuşku yok.</p>
