{"id":7302,"date":"2019-09-30T08:13:17","date_gmt":"2019-09-30T05:13:17","guid":{"rendered":"http:\/\/www.ttistanbulspor.org\/?post_type=product&#038;p=7302"},"modified":"2019-09-30T08:13:40","modified_gmt":"2019-09-30T05:13:40","slug":"bir-dunyanin-esiginde","status":"publish","type":"product","link":"https:\/\/www.ttistanbulspor.org\/index.php\/urun\/bir-dunyanin-esiginde\/","title":{"rendered":"Bir D\u00fcnyan\u0131n E\u015fi\u011finde"},"content":{"rendered":"<p>\u0130lk telif eseri olan Bir D\u00fcnyan\u0131n E\u015fi\u011finde, o zamana kadar &#8220;co\u011frafyas\u0131nda tek k\u0131ta, kafas\u0131nda tek yar\u0131m k\u00fcre&#8221; olan Meri\u00e7&#8217;in Asya&#8217;y\u0131, \u00f6zellikle &#8220;Hint&#8221;i ke\u015ffidir. Olemp&#8217;i ararken Himalaya \u00e7\u0131km\u0131\u015ft\u0131r kar\u015f\u0131s\u0131na. 48 y\u0131l\u0131n\u0131 g\u00f6md\u00fc\u011f\u00fcn\u00fc s\u00f6yledi\u011fi bu kitapta, d\u00fc\u015f\u00fcncesi ve \u015fiiriyle, dini, felsefesi, masal\u0131yla Hint edebiyat\u0131n\u0131 ve uygarl\u0131\u011f\u0131n\u0131 inceleyen Meri\u00e7&#8217;e g\u00f6re, &#8220;\u00c7a\u011fda\u015f Avrupa, en ayd\u0131nl\u0131k taraflar\u0131yla Hint&#8217;in bir devam\u0131d\u0131r&#8221;. D\u00fc\u015f\u00fcnsel ser\u00fcveninin tamam\u0131nda oldu\u011fu gibi bu mihnetli \u00e7al\u0131\u015fmas\u0131 s\u0131ras\u0131nda da zaman zaman okuyucusunu bulamamaktan, anla\u015f\u0131lmamaktan \u015fikayet\u00e7idir. Ama herkesi davet etti\u011fi bu d\u00fcnya d\u00fc\u015f\u00fcnce h\u00fcrriyetinin vatan\u0131d\u0131r. &#8220;Hint&#8221;, der Meri\u00e7, &#8220;her inanca s\u00f6z hakk\u0131 tan\u0131yan bir \u00fclke oldu\u011fu i\u00e7in ikinci vatan\u0131m oldu. Bu kitapta r\u00fcyalar\u0131 ve realitesiyle b\u00fct\u00fcn Hint var&#8230; yani b\u00fct\u00fcn insan.&#8221;<\/p>\n","protected":false},"excerpt":{"rendered":"<p>\u0130lk telif eseri olan Bir D\u00fcnyan\u0131n E\u015fi\u011finde, o zamana kadar &#8220;co\u011frafyas\u0131nda tek k\u0131ta, kafas\u0131nda tek yar\u0131m k\u00fcre&#8221; olan Meri\u00e7&#8217;in Asya&#8217;y\u0131, \u00f6zellikle &#8220;Hint&#8221;i ke\u015ffidir. Olemp&#8217;i ararken Himalaya \u00e7\u0131km\u0131\u015ft\u0131r kar\u015f\u0131s\u0131na. 48 y\u0131l\u0131n\u0131 g\u00f6md\u00fc\u011f\u00fcn\u00fc s\u00f6yledi\u011fi bu kitapta, d\u00fc\u015f\u00fcncesi ve \u015fiiriyle, dini, felsefesi, masal\u0131yla Hint edebiyat\u0131n\u0131 ve uygarl\u0131\u011f\u0131n\u0131 inceleyen Meri\u00e7&#8217;e g\u00f6re, &#8220;\u00c7a\u011fda\u015f Avrupa, en ayd\u0131nl\u0131k taraflar\u0131yla Hint&#8217;in bir devam\u0131d\u0131r&#8221;. D\u00fc\u015f\u00fcnsel ser\u00fcveninin tamam\u0131nda oldu\u011fu gibi bu mihnetli \u00e7al\u0131\u015fmas\u0131 s\u0131ras\u0131nda da zaman zaman okuyucusunu bulamamaktan, anla\u015f\u0131lmamaktan \u015fikayet\u00e7idir. Ama herkesi davet etti\u011fi bu d\u00fcnya d\u00fc\u015f\u00fcnce h\u00fcrriyetinin vatan\u0131d\u0131r. &#8220;Hint&#8221;, der Meri\u00e7, &#8220;her inanca s\u00f6z hakk\u0131 tan\u0131yan bir \u00fclke oldu\u011fu i\u00e7in ikinci vatan\u0131m oldu. Bu kitapta r\u00fcyalar\u0131 ve realitesiyle b\u00fct\u00fcn Hint var&#8230; yani b\u00fct\u00fcn insan.&#8221;<\/p>\n","protected":false},"featured_media":7303,"comment_status":"open","ping_status":"closed","template":"","meta":[],"class_list":["post-7302","product","type-product","status-publish","has-post-thumbnail","hentry","product_cat-sosyoloji"],"_links":{"self":[{"href":"https:\/\/www.ttistanbulspor.org\/index.php\/wp-json\/wp\/v2\/product\/7302","targetHints":{"allow":["GET"]}}],"collection":[{"href":"https:\/\/www.ttistanbulspor.org\/index.php\/wp-json\/wp\/v2\/product"}],"about":[{"href":"https:\/\/www.ttistanbulspor.org\/index.php\/wp-json\/wp\/v2\/types\/product"}],"replies":[{"embeddable":true,"href":"https:\/\/www.ttistanbulspor.org\/index.php\/wp-json\/wp\/v2\/comments?post=7302"}],"wp:featuredmedia":[{"embeddable":true,"href":"https:\/\/www.ttistanbulspor.org\/index.php\/wp-json\/wp\/v2\/media\/7303"}],"wp:attachment":[{"href":"https:\/\/www.ttistanbulspor.org\/index.php\/wp-json\/wp\/v2\/media?parent=7302"}],"curies":[{"name":"wp","href":"https:\/\/api.w.org\/{rel}","templated":true}]}}

Bir Dünyanın Eşiğinde

<p>İlk telif eseri olan Bir Dünyanın Eşiğinde, o zamana kadar &#8220;coğrafyasında tek kıta, kafasında tek yarım küre&#8221; olan Meriç&#8217;in Asya&#8217;yı, özellikle &#8220;Hint&#8221;i keşfidir. Olemp&#8217;i ararken Himalaya çıkmıştır karşısına. 48 yılını gömdüğünü söylediği bu kitapta, düşüncesi ve şiiriyle, dini, felsefesi, masalıyla Hint edebiyatını ve uygarlığını inceleyen Meriç&#8217;e göre, &#8220;Çağdaş Avrupa, en aydınlık taraflarıyla Hint&#8217;in bir devamıdır&#8221;. Düşünsel serüveninin tamamında olduğu gibi bu mihnetli çalışması sırasında da zaman zaman okuyucusunu bulamamaktan, anlaşılmamaktan şikayetçidir. Ama herkesi davet ettiği bu dünya düşünce hürriyetinin vatanıdır. &#8220;Hint&#8221;, der Meriç, &#8220;her inanca söz hakkı tanıyan bir ülke olduğu için ikinci vatanım oldu. Bu kitapta rüyaları ve realitesiyle bütün Hint var&#8230; yani bütün insan.&#8221;</p>
