{"id":7294,"date":"2019-09-25T15:30:54","date_gmt":"2019-09-25T12:30:54","guid":{"rendered":"http:\/\/www.ttistanbulspor.org\/?post_type=product&#038;p=7294"},"modified":"2019-09-25T15:30:57","modified_gmt":"2019-09-25T12:30:57","slug":"ermis","status":"publish","type":"product","link":"https:\/\/www.ttistanbulspor.org\/index.php\/urun\/ermis\/","title":{"rendered":"ERM\u0130\u015e"},"content":{"rendered":"<p>Ama e\u011fer a\u015f\u0131k olursan\u0131z ve arzulara sahip olman\u0131z gerekirse, arzular\u0131n\u0131z \u015funlar olsun:<br \/>\nErimek ve \u00e7a\u011flayan bir \u0131rmak gibi olmak, na\u011fmelerini geceye s\u00f6yleyen.<br \/>\nA\u015f\u0131r\u0131 hassasl\u0131\u011f\u0131n ac\u0131s\u0131n\u0131 \u00e7ekmek.<br \/>\nKendi a\u015fk\u0131n\u0131z taraf\u0131ndan yaralanmak.<br \/>\nVe kanamak, isteyerek ve ne\u015feyle.<br \/>\n\u015eafakta kanatlanm\u0131\u015f bir kalple uyanmak ve \u015f\u00fckretmek bir ba\u015fka a\u015fk g\u00fcn\u00fcne.<br \/>\nDinlenmek \u00f6\u011fle vakti ve kendinden ge\u00e7mek a\u015fk\u0131n co\u015fkusuyla.<br \/>\nVe eve d\u00f6nmek ak\u015fam minnettarl\u0131kla.<br \/>\nVe sonra uyumak g\u00f6nl\u00fcn\u00fczdeki sevgiliye bir duayla ve dudaklar\u0131n\u0131zda bir \u015f\u00fck\u00fcr \u015fark\u0131s\u0131yla.<\/p>\n","protected":false},"excerpt":{"rendered":"<p>Ama e\u011fer a\u015f\u0131k olursan\u0131z ve arzulara sahip olman\u0131z gerekirse, arzular\u0131n\u0131z \u015funlar olsun:<br \/>\nErimek ve \u00e7a\u011flayan bir \u0131rmak gibi olmak, na\u011fmelerini geceye s\u00f6yleyen.<br \/>\nA\u015f\u0131r\u0131 hassasl\u0131\u011f\u0131n ac\u0131s\u0131n\u0131 \u00e7ekmek.<br \/>\nKendi a\u015fk\u0131n\u0131z taraf\u0131ndan yaralanmak.<br \/>\nVe kanamak, isteyerek ve ne\u015feyle.<br \/>\n\u015eafakta kanatlanm\u0131\u015f bir kalple uyanmak ve \u015f\u00fckretmek bir ba\u015fka a\u015fk g\u00fcn\u00fcne.<br \/>\nDinlenmek \u00f6\u011fle vakti ve kendinden ge\u00e7mek a\u015fk\u0131n co\u015fkusuyla.<br \/>\nVe eve d\u00f6nmek ak\u015fam minnettarl\u0131kla.<br \/>\nVe sonra uyumak g\u00f6nl\u00fcn\u00fczdeki sevgiliye bir duayla ve dudaklar\u0131n\u0131zda bir \u015f\u00fck\u00fcr \u015fark\u0131s\u0131yla.<\/p>\n","protected":false},"featured_media":7295,"comment_status":"open","ping_status":"closed","template":"","meta":[],"class_list":["post-7294","product","type-product","status-publish","has-post-thumbnail","hentry","product_cat-felsefe-bilimi"],"_links":{"self":[{"href":"https:\/\/www.ttistanbulspor.org\/index.php\/wp-json\/wp\/v2\/product\/7294","targetHints":{"allow":["GET"]}}],"collection":[{"href":"https:\/\/www.ttistanbulspor.org\/index.php\/wp-json\/wp\/v2\/product"}],"about":[{"href":"https:\/\/www.ttistanbulspor.org\/index.php\/wp-json\/wp\/v2\/types\/product"}],"replies":[{"embeddable":true,"href":"https:\/\/www.ttistanbulspor.org\/index.php\/wp-json\/wp\/v2\/comments?post=7294"}],"wp:featuredmedia":[{"embeddable":true,"href":"https:\/\/www.ttistanbulspor.org\/index.php\/wp-json\/wp\/v2\/media\/7295"}],"wp:attachment":[{"href":"https:\/\/www.ttistanbulspor.org\/index.php\/wp-json\/wp\/v2\/media?parent=7294"}],"curies":[{"name":"wp","href":"https:\/\/api.w.org\/{rel}","templated":true}]}}