{"id":7290,"date":"2019-09-25T15:24:06","date_gmt":"2019-09-25T12:24:06","guid":{"rendered":"http:\/\/www.ttistanbulspor.org\/?post_type=product&#038;p=7290"},"modified":"2019-09-25T15:24:13","modified_gmt":"2019-09-25T12:24:13","slug":"artik-telgrafin-tellerine-kuslar-konmuyor","status":"publish","type":"product","link":"https:\/\/www.ttistanbulspor.org\/index.php\/urun\/artik-telgrafin-tellerine-kuslar-konmuyor\/","title":{"rendered":"Art\u0131k Telgraf\u0131n Tellerine Ku\u015flar Konmuyor"},"content":{"rendered":"<p>Art\u0131k Telgraf\u0131n Tellerine Ku\u015flar Konmuyor.<br \/>\nNe telgraf\u0131n teli kald\u0131\u2026 Ne de posta g\u00fcvercini\u2026<br \/>\nPTT&#8217;nin T&#8217;si ayr\u0131ld\u0131 \u00f6nce\u2026 &#8220;T&#8221; T\u00fcrk Telekom oldu\u2026 Sonra, logosunda dursa da T\u00fcrk Telekom&#8217;un &#8220;T\u00fcrk&#8221;l\u00fc\u011f\u00fc yok oldu\u2026<br \/>\nT\u00fcrk Telekom \u00f6zelle\u015fince, telgraf\u0131n tellerine konamayan ku\u015flar gibi, T\u00fcrk Telekom \u00e7al\u0131\u015fanlar\u0131n\u0131n b\u00fcy\u00fck b\u00f6l\u00fcm\u00fc de yuvalar\u0131ndan ayr\u0131lmak zorunda kald\u0131lar\u2026<br \/>\nK\u0131sacas\u0131 O b\u00fcy\u00fck PTT ailesi parampar\u00e7a oldu&#8230;<br \/>\nGeride; T\u00fcrkiye&#8217;ye haberle\u015fmede \u00e7a\u011f atlatan &#8220;Vefakar, cefakar, fedakar&#8221; PTT\/T\u00fcrk Telekom \u00e7al\u0131\u015fanlar\u0131n\u0131n an\u0131lar\u0131 kald\u0131\u2026<br \/>\nBiz, bu an\u0131lar\u0131n bir b\u00f6l\u00fcm\u00fc k\u00e2\u011f\u0131da d\u00f6k\u00fcls\u00fcn, gelecek nesillere intikal etsin istedik..<br \/>\nBu kitapta; Her unvandan, her meslek grubundan PTT\/T\u00fcrk Telekom \u00e7al\u0131\u015fan\u0131n\u0131n bazen d\u00fc\u015f\u00fcnd\u00fcren, bazen h\u00fcz\u00fcnlendiren, bazen g\u00fcld\u00fcren an\u0131lar\u0131n\u0131 okuyacaks\u0131n\u0131z\u2026<br \/>\nPTT\/T\u00fcrk Telekom ailesinin ne zor \u015fartlarda, fedak\u00e2rca \u00e7al\u0131\u015ft\u0131\u011f\u0131na tan\u0131kl\u0131k edeceksiniz\u2026<br \/>\nTelgraftan \u0130nternete ula\u015fan ileti\u015fim teknolojisindeki de\u011fi\u015fimi; \u00e7al\u0131\u015fanlar\u0131n ve de\u011fi\u015fimin tan\u0131\u011f\u0131 m\u00fc\u015fterilerinin kaleminden okuyacaks\u0131n\u0131z\u2026<br \/>\nVe san\u0131r\u0131z be\u011feneceksiniz\u2026 Telekomcular Derne\u011fi<\/p>\n","protected":false},"excerpt":{"rendered":"<p>Art\u0131k Telgraf\u0131n Tellerine Ku\u015flar Konmuyor.<br \/>\nNe telgraf\u0131n teli kald\u0131\u2026 Ne de posta g\u00fcvercini\u2026<br \/>\nPTT&#8217;nin T&#8217;si ayr\u0131ld\u0131 \u00f6nce\u2026 &#8220;T&#8221; T\u00fcrk Telekom oldu\u2026 Sonra, logosunda dursa da T\u00fcrk Telekom&#8217;un &#8220;T\u00fcrk&#8221;l\u00fc\u011f\u00fc yok oldu\u2026<br \/>\nT\u00fcrk Telekom \u00f6zelle\u015fince, telgraf\u0131n tellerine konamayan ku\u015flar gibi, T\u00fcrk Telekom \u00e7al\u0131\u015fanlar\u0131n\u0131n b\u00fcy\u00fck b\u00f6l\u00fcm\u00fc de yuvalar\u0131ndan ayr\u0131lmak zorunda kald\u0131lar\u2026<br \/>\nK\u0131sacas\u0131 O b\u00fcy\u00fck PTT ailesi parampar\u00e7a oldu&#8230;<br \/>\nGeride; T\u00fcrkiye&#8217;ye haberle\u015fmede \u00e7a\u011f atlatan &#8220;Vefakar, cefakar, fedakar&#8221; PTT\/T\u00fcrk Telekom \u00e7al\u0131\u015fanlar\u0131n\u0131n an\u0131lar\u0131 kald\u0131\u2026<br \/>\nBiz, bu an\u0131lar\u0131n bir b\u00f6l\u00fcm\u00fc k\u00e2\u011f\u0131da d\u00f6k\u00fcls\u00fcn, gelecek nesillere intikal etsin istedik..<br \/>\nBu kitapta; Her unvandan, her meslek grubundan PTT\/T\u00fcrk Telekom \u00e7al\u0131\u015fan\u0131n\u0131n bazen d\u00fc\u015f\u00fcnd\u00fcren, bazen h\u00fcz\u00fcnlendiren, bazen g\u00fcld\u00fcren an\u0131lar\u0131n\u0131 okuyacaks\u0131n\u0131z\u2026<br \/>\nPTT\/T\u00fcrk Telekom ailesinin ne zor \u015fartlarda, fedak\u00e2rca \u00e7al\u0131\u015ft\u0131\u011f\u0131na tan\u0131kl\u0131k edeceksiniz\u2026<br \/>\nTelgraftan \u0130nternete ula\u015fan ileti\u015fim teknolojisindeki de\u011fi\u015fimi; \u00e7al\u0131\u015fanlar\u0131n ve de\u011fi\u015fimin tan\u0131\u011f\u0131 m\u00fc\u015fterilerinin kaleminden okuyacaks\u0131n\u0131z\u2026<br \/>\nVe san\u0131r\u0131z be\u011feneceksiniz\u2026 Telekomcular Derne\u011fi<\/p>\n","protected":false},"featured_media":7291,"comment_status":"open","ping_status":"closed","template":"","meta":[],"class_list":["post-7290","product","type-product","status-publish","has-post-thumbnail","hentry","product_cat-turk-gunluk-ani"],"_links":{"self":[{"href":"https:\/\/www.ttistanbulspor.org\/index.php\/wp-json\/wp\/v2\/product\/7290","targetHints":{"allow":["GET"]}}],"collection":[{"href":"https:\/\/www.ttistanbulspor.org\/index.php\/wp-json\/wp\/v2\/product"}],"about":[{"href":"https:\/\/www.ttistanbulspor.org\/index.php\/wp-json\/wp\/v2\/types\/product"}],"replies":[{"embeddable":true,"href":"https:\/\/www.ttistanbulspor.org\/index.php\/wp-json\/wp\/v2\/comments?post=7290"}],"wp:featuredmedia":[{"embeddable":true,"href":"https:\/\/www.ttistanbulspor.org\/index.php\/wp-json\/wp\/v2\/media\/7291"}],"wp:attachment":[{"href":"https:\/\/www.ttistanbulspor.org\/index.php\/wp-json\/wp\/v2\/media?parent=7290"}],"curies":[{"name":"wp","href":"https:\/\/api.w.org\/{rel}","templated":true}]}}

Artık Telgrafın Tellerine Kuşlar Konmuyor

<p>Artık Telgrafın Tellerine Kuşlar Konmuyor.<br />
Ne telgrafın teli kaldı… Ne de posta güvercini…<br />
PTT&#8217;nin T&#8217;si ayrıldı önce… &#8220;T&#8221; Türk Telekom oldu… Sonra, logosunda dursa da Türk Telekom&#8217;un &#8220;Türk&#8221;lüğü yok oldu…<br />
Türk Telekom özelleşince, telgrafın tellerine konamayan kuşlar gibi, Türk Telekom çalışanlarının büyük bölümü de yuvalarından ayrılmak zorunda kaldılar…<br />
Kısacası O büyük PTT ailesi paramparça oldu&#8230;<br />
Geride; Türkiye&#8217;ye haberleşmede çağ atlatan &#8220;Vefakar, cefakar, fedakar&#8221; PTT/Türk Telekom çalışanlarının anıları kaldı…<br />
Biz, bu anıların bir bölümü kâğıda dökülsün, gelecek nesillere intikal etsin istedik..<br />
Bu kitapta; Her unvandan, her meslek grubundan PTT/Türk Telekom çalışanının bazen düşündüren, bazen hüzünlendiren, bazen güldüren anılarını okuyacaksınız…<br />
PTT/Türk Telekom ailesinin ne zor şartlarda, fedakârca çalıştığına tanıklık edeceksiniz…<br />
Telgraftan İnternete ulaşan iletişim teknolojisindeki değişimi; çalışanların ve değişimin tanığı müşterilerinin kaleminden okuyacaksınız…<br />
Ve sanırız beğeneceksiniz… Telekomcular Derneği</p>
