{"id":7282,"date":"2019-09-25T14:22:39","date_gmt":"2019-09-25T11:22:39","guid":{"rendered":"http:\/\/www.ttistanbulspor.org\/?post_type=product&#038;p=7282"},"modified":"2019-09-25T14:22:51","modified_gmt":"2019-09-25T11:22:51","slug":"ikinci-dunya-savasi","status":"publish","type":"product","link":"https:\/\/www.ttistanbulspor.org\/index.php\/urun\/ikinci-dunya-savasi\/","title":{"rendered":"\u0130K\u0130NC\u0130 D\u00dcNYA SAVA\u015eI"},"content":{"rendered":"<p>Bu kapsaml\u0131 \u00e7al\u0131\u015fmas\u0131nda John Keegan t\u00fcm zamanlar\u0131n en b\u00fcy\u00fck sava\u015f\u0131n\u0131 bir karma\u015f\u0131k ve trajik olaylar y\u0131\u011f\u0131n\u0131 olarak de\u011fil, belli bir mant\u0131kla ele al\u0131nm\u0131\u015f olaylar silsilesi halinde aktar\u0131yor. \u0130kinci D\u00fcnya Sava\u015f\u0131&#8217;na sava\u015f tipleri, sava\u015f temalar\u0131 ve liderlerin siyasal hedefleri ile kararlar\u0131 a\u00e7\u0131s\u0131ndan bakmam\u0131z\u0131 ve b\u00f6ylece y\u00f6ntemli bir okuma yapmam\u0131z\u0131 sa\u011fl\u0131yor. Her biri belli bir muharebe tipini temsil eden alt\u0131 \u00f6nemli sava\u015fa odaklan\u0131yor: Britanya hava muharebesi, Girit hava indirme muharebesi, Midway u\u00e7ak gemisi muharebesi, Falaise tank muharebesi, Berlin \u015fehir muharebesi ve Okinawa amfibi muharebesi. \u00d6ne \u00e7ekti\u011fi sava\u015f temalar\u0131 ise ikmal, \u00fcretim, i\u015fgal, stratejik bombard\u0131man, direni\u015f ve gizli silahlar. Keegan daha sonra merce\u011fi liderlerin kar\u015f\u0131 kar\u015f\u0131ya kald\u0131klar\u0131 stratejik ikilemlere tutuyor, ald\u0131klar\u0131 kararlar\u0131n sava\u015fan insanlar\u0131n hayatlar\u0131n\u0131 ve sava\u015f\u0131n gidi\u015fat\u0131n\u0131 nas\u0131l etkiledi\u011fini ba\u015far\u0131yla ayd\u0131nlat\u0131yor.<\/p>\n<p>&#8220;[John Keegan] bir askeri tarih\u00e7i olarak, sava\u015f\u0131n hem siyasal y\u00f6n\u00fcn\u00fc hem de askeri y\u00f6n\u00fcn\u00fc \u00e7ok ba\u015far\u0131l\u0131 bir \u015fekilde de\u011ferlendiriyor. Sava\u015f\u0131 iki zaman diliminde (onu haz\u0131rlayan ko\u015fullar\u0131n olu\u015fmas\u0131ndan 1943&#8217;e dek ve 1943-45 aras\u0131nda) ve \u00fc\u00e7 sahnede (Bat\u0131 Avrupa, Orta Avrupa ve Pasifik&#8217;te) inceliyor.&#8221;<\/p>\n","protected":false},"excerpt":{"rendered":"<p>Bu kapsaml\u0131 \u00e7al\u0131\u015fmas\u0131nda John Keegan t\u00fcm zamanlar\u0131n en b\u00fcy\u00fck sava\u015f\u0131n\u0131 bir karma\u015f\u0131k ve trajik olaylar y\u0131\u011f\u0131n\u0131 olarak de\u011fil, belli bir mant\u0131kla ele al\u0131nm\u0131\u015f olaylar silsilesi halinde aktar\u0131yor. \u0130kinci D\u00fcnya Sava\u015f\u0131&#8217;na sava\u015f tipleri, sava\u015f temalar\u0131 ve liderlerin siyasal hedefleri ile kararlar\u0131 a\u00e7\u0131s\u0131ndan bakmam\u0131z\u0131 ve b\u00f6ylece y\u00f6ntemli bir okuma yapmam\u0131z\u0131 sa\u011fl\u0131yor. Her biri belli bir muharebe tipini temsil eden alt\u0131 \u00f6nemli sava\u015fa odaklan\u0131yor: Britanya hava muharebesi, Girit hava indirme muharebesi, Midway u\u00e7ak gemisi muharebesi, Falaise tank muharebesi, Berlin \u015fehir muharebesi ve Okinawa amfibi muharebesi. \u00d6ne \u00e7ekti\u011fi sava\u015f temalar\u0131 ise ikmal, \u00fcretim, i\u015fgal, stratejik bombard\u0131man, direni\u015f ve gizli silahlar. Keegan daha sonra merce\u011fi liderlerin kar\u015f\u0131 kar\u015f\u0131ya kald\u0131klar\u0131 stratejik ikilemlere tutuyor, ald\u0131klar\u0131 kararlar\u0131n sava\u015fan insanlar\u0131n hayatlar\u0131n\u0131 ve sava\u015f\u0131n gidi\u015fat\u0131n\u0131 nas\u0131l etkiledi\u011fini ba\u015far\u0131yla ayd\u0131nlat\u0131yor.<\/p>\n<p>&#8220;[John Keegan] bir askeri tarih\u00e7i olarak, sava\u015f\u0131n hem siyasal y\u00f6n\u00fcn\u00fc hem de askeri y\u00f6n\u00fcn\u00fc \u00e7ok ba\u015far\u0131l\u0131 bir \u015fekilde de\u011ferlendiriyor. Sava\u015f\u0131 iki zaman diliminde (onu haz\u0131rlayan ko\u015fullar\u0131n olu\u015fmas\u0131ndan 1943&#8217;e dek ve 1943-45 aras\u0131nda) ve \u00fc\u00e7 sahnede (Bat\u0131 Avrupa, Orta Avrupa ve Pasifik&#8217;te) inceliyor.&#8221;<\/p>\n","protected":false},"featured_media":7283,"comment_status":"open","ping_status":"closed","template":"","meta":[],"class_list":["post-7282","product","type-product","status-publish","has-post-thumbnail","hentry","product_cat-tarih"],"_links":{"self":[{"href":"https:\/\/www.ttistanbulspor.org\/index.php\/wp-json\/wp\/v2\/product\/7282","targetHints":{"allow":["GET"]}}],"collection":[{"href":"https:\/\/www.ttistanbulspor.org\/index.php\/wp-json\/wp\/v2\/product"}],"about":[{"href":"https:\/\/www.ttistanbulspor.org\/index.php\/wp-json\/wp\/v2\/types\/product"}],"replies":[{"embeddable":true,"href":"https:\/\/www.ttistanbulspor.org\/index.php\/wp-json\/wp\/v2\/comments?post=7282"}],"wp:featuredmedia":[{"embeddable":true,"href":"https:\/\/www.ttistanbulspor.org\/index.php\/wp-json\/wp\/v2\/media\/7283"}],"wp:attachment":[{"href":"https:\/\/www.ttistanbulspor.org\/index.php\/wp-json\/wp\/v2\/media?parent=7282"}],"curies":[{"name":"wp","href":"https:\/\/api.w.org\/{rel}","templated":true}]}}