{"id":7242,"date":"2019-09-25T09:12:15","date_gmt":"2019-09-25T06:12:15","guid":{"rendered":"http:\/\/www.ttistanbulspor.org\/?post_type=product&#038;p=7242"},"modified":"2019-09-25T09:12:19","modified_gmt":"2019-09-25T06:12:19","slug":"siddhartha","status":"publish","type":"product","link":"https:\/\/www.ttistanbulspor.org\/index.php\/urun\/siddhartha\/","title":{"rendered":"S\u0130DDHARTHA"},"content":{"rendered":"<p>&#8220;Genel olarak herkes\u00e7e kabullenilmi\u015f Buddha imgesini a\u015fan bir Buddha yaratmak, daha \u00f6nce e\u015fine rastlanmam\u0131\u015f, b\u00fcy\u00fck bir ba\u015far\u0131d\u0131r. Siddhartha, benim g\u00f6z\u00fcmde, Kutsal Kitap&#8217;tan kat kat \u00fcst\u00fcn bir ila\u00e7t\u0131r&#8230;&#8221; 20. y\u00fczy\u0131l\u0131n en b\u00fcy\u00fck romanc\u0131lar\u0131ndan Henry Miller&#8217;a bu s\u00f6zleri s\u00f6yleten Siddhartha, 1946 Nobel Edebiyat \u00d6d\u00fcl\u00fc sahibi Alman yazar Hermann Hesse&#8217;nin ba\u015f\u00adyap\u0131t\u0131d\u0131r. I. D\u00fcnya Sava\u015f\u0131&#8217;n\u0131 izleyen y\u0131llarda insanlar\u0131 ya\u015famlar\u0131n\u0131 yeniden kurmaya \u00e7a\u011f\u0131ran, Do\u011fu gizemcili\u011fini y\u00fccelten Siddhartha, ku\u015faklar boyunca nerdeyse bir &#8220;kutsal kitap&#8221; gibi okunmu\u015ftur. Siddhartha&#8217;da Buddha&#8217;n\u0131n ya\u015fam\u0131n\u0131n ilk y\u0131llar\u0131n\u0131 \u015fiirsel bir \u00fcslupla anlatan Hesse, insan\u0131n \u00f6z benli\u011fini bularak uygarl\u0131\u011f\u0131n yerle\u015fik bi\u00e7imlerinden kurtulmaya \u00e7al\u0131\u015fmas\u0131n\u0131 i\u015fler. &#8220;Bu kitapta,&#8221; der, &#8220;t\u00fcm dinlerde, insanlar\u0131n benimsedi\u011fi t\u00fcm inan\u0131\u015f bi\u00e7imlerinde ortak olan yan\u0131, t\u00fcm ulusal ayr\u0131mlar\u0131 a\u015fan, t\u00fcm \u0131rklar\u0131n, t\u00fcm bireylerin benimseyebilece\u011fi \u015feyi yakalamaya \u00e7al\u0131\u015ft\u0131m.&#8221;<\/p>\n","protected":false},"excerpt":{"rendered":"<p>&#8220;Genel olarak herkes\u00e7e kabullenilmi\u015f Buddha imgesini a\u015fan bir Buddha yaratmak, daha \u00f6nce e\u015fine rastlanmam\u0131\u015f, b\u00fcy\u00fck bir ba\u015far\u0131d\u0131r. Siddhartha, benim g\u00f6z\u00fcmde, Kutsal Kitap&#8217;tan kat kat \u00fcst\u00fcn bir ila\u00e7t\u0131r&#8230;&#8221; 20. y\u00fczy\u0131l\u0131n en b\u00fcy\u00fck romanc\u0131lar\u0131ndan Henry Miller&#8217;a bu s\u00f6zleri s\u00f6yleten Siddhartha, 1946 Nobel Edebiyat \u00d6d\u00fcl\u00fc sahibi Alman yazar Hermann Hesse&#8217;nin ba\u015f\u00adyap\u0131t\u0131d\u0131r. I. D\u00fcnya Sava\u015f\u0131&#8217;n\u0131 izleyen y\u0131llarda insanlar\u0131 ya\u015famlar\u0131n\u0131 yeniden kurmaya \u00e7a\u011f\u0131ran, Do\u011fu gizemcili\u011fini y\u00fccelten Siddhartha, ku\u015faklar boyunca nerdeyse bir &#8220;kutsal kitap&#8221; gibi okunmu\u015ftur. Siddhartha&#8217;da Buddha&#8217;n\u0131n ya\u015fam\u0131n\u0131n ilk y\u0131llar\u0131n\u0131 \u015fiirsel bir \u00fcslupla anlatan Hesse, insan\u0131n \u00f6z benli\u011fini bularak uygarl\u0131\u011f\u0131n yerle\u015fik bi\u00e7imlerinden kurtulmaya \u00e7al\u0131\u015fmas\u0131n\u0131 i\u015fler. &#8220;Bu kitapta,&#8221; der, &#8220;t\u00fcm dinlerde, insanlar\u0131n benimsedi\u011fi t\u00fcm inan\u0131\u015f bi\u00e7imlerinde ortak olan yan\u0131, t\u00fcm ulusal ayr\u0131mlar\u0131 a\u015fan, t\u00fcm \u0131rklar\u0131n, t\u00fcm bireylerin benimseyebilece\u011fi \u015feyi yakalamaya \u00e7al\u0131\u015ft\u0131m.&#8221;<\/p>\n","protected":false},"featured_media":7243,"comment_status":"open","ping_status":"closed","template":"","meta":[],"class_list":["post-7242","product","type-product","status-publish","has-post-thumbnail","hentry","product_cat-dunya-roman"],"_links":{"self":[{"href":"https:\/\/www.ttistanbulspor.org\/index.php\/wp-json\/wp\/v2\/product\/7242","targetHints":{"allow":["GET"]}}],"collection":[{"href":"https:\/\/www.ttistanbulspor.org\/index.php\/wp-json\/wp\/v2\/product"}],"about":[{"href":"https:\/\/www.ttistanbulspor.org\/index.php\/wp-json\/wp\/v2\/types\/product"}],"replies":[{"embeddable":true,"href":"https:\/\/www.ttistanbulspor.org\/index.php\/wp-json\/wp\/v2\/comments?post=7242"}],"wp:featuredmedia":[{"embeddable":true,"href":"https:\/\/www.ttistanbulspor.org\/index.php\/wp-json\/wp\/v2\/media\/7243"}],"wp:attachment":[{"href":"https:\/\/www.ttistanbulspor.org\/index.php\/wp-json\/wp\/v2\/media?parent=7242"}],"curies":[{"name":"wp","href":"https:\/\/api.w.org\/{rel}","templated":true}]}}