{"id":7240,"date":"2019-09-25T09:10:19","date_gmt":"2019-09-25T06:10:19","guid":{"rendered":"http:\/\/www.ttistanbulspor.org\/?post_type=product&#038;p=7240"},"modified":"2019-09-25T09:10:21","modified_gmt":"2019-09-25T06:10:21","slug":"siir-ve-cinayet","status":"publish","type":"product","link":"https:\/\/www.ttistanbulspor.org\/index.php\/urun\/siir-ve-cinayet\/","title":{"rendered":"\u015e\u0130\u0130R VE C\u0130NAYET"},"content":{"rendered":"<p>Sal\u00e2h Birsel, \u00fcslubu, \u00f6zg\u00fcn dili ve anlat\u0131m\u0131yla \u00f6ne \u00e7\u0131kan ara\u015ft\u0131rmac\u0131 bir d\u00fc\u015f\u00fcn ve yaz\u0131n adam\u0131d\u0131r. Denemelerinde, var olanla yetinmeyip s\u00f6zc\u00fck \u00fcreticisi de olan Birsel, bizlere ince elenip s\u0131k dokunmu\u015f ilgin\u00e7 bilgiler sunar.<br \/>\nBetimlemelerinde o kadar ba\u015far\u0131l\u0131d\u0131r ki, anlatt\u0131\u011f\u0131 ki\u015fi ya da d\u00f6nemi haf\u0131zan\u0131zda tam olarak canland\u0131r\u0131rs\u0131n\u0131z.<br \/>\nT\u00fcrk\u00e7enin b\u00fcy\u00fck ustas\u0131 &#8220;Denemelerimin kahve s\u00f6yle\u015fileri gibi daldan dala konmas\u0131n\u0131 ve ba\u015flad\u0131\u011f\u0131 yerde de\u011fil ba\u015flamad\u0131\u011f\u0131 yerde bitmesini severim. Bunu her zaman ba\u015fard\u0131m da diyemem,&#8221; s\u00f6zleriyle ne kadar y\u00fcceg\u00f6n\u00fcll\u00fc oldu\u011funu da g\u00f6sterir.<\/p>\n","protected":false},"excerpt":{"rendered":"<p>Sal\u00e2h Birsel, \u00fcslubu, \u00f6zg\u00fcn dili ve anlat\u0131m\u0131yla \u00f6ne \u00e7\u0131kan ara\u015ft\u0131rmac\u0131 bir d\u00fc\u015f\u00fcn ve yaz\u0131n adam\u0131d\u0131r. Denemelerinde, var olanla yetinmeyip s\u00f6zc\u00fck \u00fcreticisi de olan Birsel, bizlere ince elenip s\u0131k dokunmu\u015f ilgin\u00e7 bilgiler sunar.<br \/>\nBetimlemelerinde o kadar ba\u015far\u0131l\u0131d\u0131r ki, anlatt\u0131\u011f\u0131 ki\u015fi ya da d\u00f6nemi haf\u0131zan\u0131zda tam olarak canland\u0131r\u0131rs\u0131n\u0131z.<br \/>\nT\u00fcrk\u00e7enin b\u00fcy\u00fck ustas\u0131 &#8220;Denemelerimin kahve s\u00f6yle\u015fileri gibi daldan dala konmas\u0131n\u0131 ve ba\u015flad\u0131\u011f\u0131 yerde de\u011fil ba\u015flamad\u0131\u011f\u0131 yerde bitmesini severim. Bunu her zaman ba\u015fard\u0131m da diyemem,&#8221; s\u00f6zleriyle ne kadar y\u00fcceg\u00f6n\u00fcll\u00fc oldu\u011funu da g\u00f6sterir.<\/p>\n","protected":false},"featured_media":7241,"comment_status":"open","ping_status":"closed","template":"","meta":[],"class_list":["post-7240","product","type-product","status-publish","has-post-thumbnail","hentry","product_cat-deneme-yazin"],"_links":{"self":[{"href":"https:\/\/www.ttistanbulspor.org\/index.php\/wp-json\/wp\/v2\/product\/7240","targetHints":{"allow":["GET"]}}],"collection":[{"href":"https:\/\/www.ttistanbulspor.org\/index.php\/wp-json\/wp\/v2\/product"}],"about":[{"href":"https:\/\/www.ttistanbulspor.org\/index.php\/wp-json\/wp\/v2\/types\/product"}],"replies":[{"embeddable":true,"href":"https:\/\/www.ttistanbulspor.org\/index.php\/wp-json\/wp\/v2\/comments?post=7240"}],"wp:featuredmedia":[{"embeddable":true,"href":"https:\/\/www.ttistanbulspor.org\/index.php\/wp-json\/wp\/v2\/media\/7241"}],"wp:attachment":[{"href":"https:\/\/www.ttistanbulspor.org\/index.php\/wp-json\/wp\/v2\/media?parent=7240"}],"curies":[{"name":"wp","href":"https:\/\/api.w.org\/{rel}","templated":true}]}}