{"id":7236,"date":"2019-09-25T08:46:02","date_gmt":"2019-09-25T05:46:02","guid":{"rendered":"http:\/\/www.ttistanbulspor.org\/?post_type=product&#038;p=7236"},"modified":"2019-09-25T08:46:04","modified_gmt":"2019-09-25T05:46:04","slug":"umrandan-uygarliga","status":"publish","type":"product","link":"https:\/\/www.ttistanbulspor.org\/index.php\/urun\/umrandan-uygarliga\/","title":{"rendered":"UMRANDAN UYGARLI\u011eA"},"content":{"rendered":"<p>&#8220;Bu \u00dclke&#8221;yle ayn\u0131 y\u0131l yay\u0131mlanan ve zengin bir birikimin \u00fcr\u00fcn\u00fc olan denemelerden olu\u015fan elinizdeki kitap, \u00f6ncelikle &#8220;uygarl\u0131k&#8221; kavram\u0131na \u0131\u015f\u0131k tutuyor. Cemil Meri\u00e7, 2000&#8217;li y\u0131llar\u0131n e\u015fi\u011finde h\u00e2l\u00e2 g\u00fcncelli\u011fini koruyan &#8216;bat\u0131l\u0131la\u015fma-\u00e7a\u011fda\u015fla\u015fma-uygarl\u0131k&#8221; tart\u0131\u015fmalar\u0131na, &#8217;70&#8217;li y\u0131llarda kaleme ald\u0131\u011f\u0131 \u015fu sat\u0131rlarla kat\u0131l\u0131yor: &#8220;Kaynaklar\u0131ndan kopan bir intelijansiyan\u0131n kaderi, bir mefhum herc\u00fcmerci i\u00e7inde bo\u011fulmak. Umrandan habersizdik, medeniyete \u0131s\u0131namad\u0131k. \u0130nsanl\u0131\u011f\u0131n tek\u00e2m\u00fcl vetiresini ifade i\u00e7in kendimize l\u00e2y\u0131k bir kelime bulduk: Uygarl\u0131k. M\u00e2zisiz, musikisiz bir hilkat garibesi.&#8221; &#8220;Umrandan Uygarl\u0131\u011fa&#8221;, \u00e7a\u011fda\u015f uygarl\u0131k d\u00fczeyinden medeniyetlerin \u00f6l\u00fcm\u00fcne, Osmanl\u0131 devlet adamlar\u0131ndan b\u00fcy\u00fck siyas\u00ee eserlere kanat a\u00e7an geni\u015f soluklu ve g\u00fcncel bir yap\u0131t: &#8220;Zirvelerle u\u00e7urumlar aras\u0131nda bir diyalog, ac\u0131lar\u0131n ve \u00fcmitlerin kitab\u0131, bir devrin, daha do\u011frusu bir medeniyetin muhakemesi&#8230;g\u00f6z karart\u0131c\u0131 bir d\u00fc\u015f\u00fc\u015f\u00fcn grafi\u011fi.&#8221;<\/p>\n","protected":false},"excerpt":{"rendered":"<p>&#8220;Bu \u00dclke&#8221;yle ayn\u0131 y\u0131l yay\u0131mlanan ve zengin bir birikimin \u00fcr\u00fcn\u00fc olan denemelerden olu\u015fan elinizdeki kitap, \u00f6ncelikle &#8220;uygarl\u0131k&#8221; kavram\u0131na \u0131\u015f\u0131k tutuyor. Cemil Meri\u00e7, 2000&#8217;li y\u0131llar\u0131n e\u015fi\u011finde h\u00e2l\u00e2 g\u00fcncelli\u011fini koruyan &#8216;bat\u0131l\u0131la\u015fma-\u00e7a\u011fda\u015fla\u015fma-uygarl\u0131k&#8221; tart\u0131\u015fmalar\u0131na, &#8217;70&#8217;li y\u0131llarda kaleme ald\u0131\u011f\u0131 \u015fu sat\u0131rlarla kat\u0131l\u0131yor: &#8220;Kaynaklar\u0131ndan kopan bir intelijansiyan\u0131n kaderi, bir mefhum herc\u00fcmerci i\u00e7inde bo\u011fulmak. Umrandan habersizdik, medeniyete \u0131s\u0131namad\u0131k. \u0130nsanl\u0131\u011f\u0131n tek\u00e2m\u00fcl vetiresini ifade i\u00e7in kendimize l\u00e2y\u0131k bir kelime bulduk: Uygarl\u0131k. M\u00e2zisiz, musikisiz bir hilkat garibesi.&#8221; &#8220;Umrandan Uygarl\u0131\u011fa&#8221;, \u00e7a\u011fda\u015f uygarl\u0131k d\u00fczeyinden medeniyetlerin \u00f6l\u00fcm\u00fcne, Osmanl\u0131 devlet adamlar\u0131ndan b\u00fcy\u00fck siyas\u00ee eserlere kanat a\u00e7an geni\u015f soluklu ve g\u00fcncel bir yap\u0131t: &#8220;Zirvelerle u\u00e7urumlar aras\u0131nda bir diyalog, ac\u0131lar\u0131n ve \u00fcmitlerin kitab\u0131, bir devrin, daha do\u011frusu bir medeniyetin muhakemesi&#8230;g\u00f6z karart\u0131c\u0131 bir d\u00fc\u015f\u00fc\u015f\u00fcn grafi\u011fi.&#8221;<\/p>\n","protected":false},"featured_media":7237,"comment_status":"open","ping_status":"closed","template":"","meta":[],"class_list":["post-7236","product","type-product","status-publish","has-post-thumbnail","hentry","product_cat-sosyoloji"],"_links":{"self":[{"href":"https:\/\/www.ttistanbulspor.org\/index.php\/wp-json\/wp\/v2\/product\/7236","targetHints":{"allow":["GET"]}}],"collection":[{"href":"https:\/\/www.ttistanbulspor.org\/index.php\/wp-json\/wp\/v2\/product"}],"about":[{"href":"https:\/\/www.ttistanbulspor.org\/index.php\/wp-json\/wp\/v2\/types\/product"}],"replies":[{"embeddable":true,"href":"https:\/\/www.ttistanbulspor.org\/index.php\/wp-json\/wp\/v2\/comments?post=7236"}],"wp:featuredmedia":[{"embeddable":true,"href":"https:\/\/www.ttistanbulspor.org\/index.php\/wp-json\/wp\/v2\/media\/7237"}],"wp:attachment":[{"href":"https:\/\/www.ttistanbulspor.org\/index.php\/wp-json\/wp\/v2\/media?parent=7236"}],"curies":[{"name":"wp","href":"https:\/\/api.w.org\/{rel}","templated":true}]}}

UMRANDAN UYGARLIĞA

<p>&#8220;Bu Ülke&#8221;yle aynı yıl yayımlanan ve zengin bir birikimin ürünü olan denemelerden oluşan elinizdeki kitap, öncelikle &#8220;uygarlık&#8221; kavramına ışık tutuyor. Cemil Meriç, 2000&#8217;li yılların eşiğinde hâlâ güncelliğini koruyan &#8216;batılılaşma-çağdaşlaşma-uygarlık&#8221; tartışmalarına, &#8217;70&#8217;li yıllarda kaleme aldığı şu satırlarla katılıyor: &#8220;Kaynaklarından kopan bir intelijansiyanın kaderi, bir mefhum hercümerci içinde boğulmak. Umrandan habersizdik, medeniyete ısınamadık. İnsanlığın tekâmül vetiresini ifade için kendimize lâyık bir kelime bulduk: Uygarlık. Mâzisiz, musikisiz bir hilkat garibesi.&#8221; &#8220;Umrandan Uygarlığa&#8221;, çağdaş uygarlık düzeyinden medeniyetlerin ölümüne, Osmanlı devlet adamlarından büyük siyasî eserlere kanat açan geniş soluklu ve güncel bir yapıt: &#8220;Zirvelerle uçurumlar arasında bir diyalog, acıların ve ümitlerin kitabı, bir devrin, daha doğrusu bir medeniyetin muhakemesi&#8230;göz karartıcı bir düşüşün grafiği.&#8221;</p>
