{"id":7213,"date":"2019-09-25T08:07:45","date_gmt":"2019-09-25T05:07:45","guid":{"rendered":"http:\/\/www.ttistanbulspor.org\/?post_type=product&#038;p=7213"},"modified":"2019-09-25T08:08:35","modified_gmt":"2019-09-25T05:08:35","slug":"araba-sevdasi","status":"publish","type":"product","link":"https:\/\/www.ttistanbulspor.org\/index.php\/urun\/araba-sevdasi\/","title":{"rendered":"ARABA SEVDASI"},"content":{"rendered":"<p>Klasikler, \u00f6l\u00fcms\u00fcz olduklar\u0131 i\u00e7in de\u011fil s\u00fcrekli okunduklar\u0131 i\u00e7in de de\u011ferlidirler. Bizim klasiklerimiz ba\u015flang\u0131\u00e7ta baz\u0131 eksiklik ve acemilikler ta\u015f\u0131salar bile bu onlar\u0131n kurucu olma \u00f6zelliklerini de\u011fi\u015ftirmez. Dil kadar hayat da yeniden kurulur onlarda. D\u00fcnk\u00fc nesiller taraf\u0131ndan a\u011f\u0131r aksak da olsa okunan, sevilen, hayat\u0131m\u0131z\u0131n bir par\u00e7as\u0131na d\u00f6n\u00fc\u015fen bu eserler bir kez daha ve g\u00fcn\u00fcn zevkleri ve tercihleri g\u00f6zetilerek \u00e7\u0131k\u0131yor g\u00fcn y\u00fcz\u00fcne. Okunduk\u00e7a sevilecek bu eserler d\u00fcn\u00fc selamlad\u0131\u011f\u0131 kadar gelece\u011fi kurmaya da aday. A\u015fk, dil, kurgu b\u00fct\u00fcn safl\u0131\u011f\u0131yla g\u00f6z k\u0131rp\u0131yor. Sayfalar\u0131n\u0131 a\u00e7\u0131yor. Yeniden&#8230; Onun kadar dillere d\u00fc\u015fm\u00fc\u015f ve onun kadar sevilip okunmu\u015f roman azd\u0131r. Bir o kadar da tart\u0131\u015f\u0131lm\u0131\u015ft\u0131r tipleri ve elbette konusu itibariyle. Yerel ya\u015fam, \u0130stanbul&#8217;un art\u0131k peyzaj olmaktan \u00e7\u0131k\u0131\u015f\u0131, Beyo\u011flu, Bo\u011faz ve \u00c7aml\u0131ca Bihruz Bey&#8217;in maharetleri e\u015fli\u011finde elmas gibi parlar.<\/p>\n","protected":false},"excerpt":{"rendered":"<p>Klasikler, \u00f6l\u00fcms\u00fcz olduklar\u0131 i\u00e7in de\u011fil s\u00fcrekli okunduklar\u0131 i\u00e7in de de\u011ferlidirler. Bizim klasiklerimiz ba\u015flang\u0131\u00e7ta baz\u0131 eksiklik ve acemilikler ta\u015f\u0131salar bile bu onlar\u0131n kurucu olma \u00f6zelliklerini de\u011fi\u015ftirmez. Dil kadar hayat da yeniden kurulur onlarda. D\u00fcnk\u00fc nesiller taraf\u0131ndan a\u011f\u0131r aksak da olsa okunan, sevilen, hayat\u0131m\u0131z\u0131n bir par\u00e7as\u0131na d\u00f6n\u00fc\u015fen bu eserler bir kez daha ve g\u00fcn\u00fcn zevkleri ve tercihleri g\u00f6zetilerek \u00e7\u0131k\u0131yor g\u00fcn y\u00fcz\u00fcne. Okunduk\u00e7a sevilecek bu eserler d\u00fcn\u00fc selamlad\u0131\u011f\u0131 kadar gelece\u011fi kurmaya da aday. A\u015fk, dil, kurgu b\u00fct\u00fcn safl\u0131\u011f\u0131yla g\u00f6z k\u0131rp\u0131yor. Sayfalar\u0131n\u0131 a\u00e7\u0131yor. Yeniden&#8230; Onun kadar dillere d\u00fc\u015fm\u00fc\u015f ve onun kadar sevilip okunmu\u015f roman azd\u0131r. Bir o kadar da tart\u0131\u015f\u0131lm\u0131\u015ft\u0131r tipleri ve elbette konusu itibariyle. Yerel ya\u015fam, \u0130stanbul&#8217;un art\u0131k peyzaj olmaktan \u00e7\u0131k\u0131\u015f\u0131, Beyo\u011flu, Bo\u011faz ve \u00c7aml\u0131ca Bihruz Bey&#8217;in maharetleri e\u015fli\u011finde elmas gibi parlar.<\/p>\n","protected":false},"featured_media":7214,"comment_status":"open","ping_status":"closed","template":"","meta":[],"class_list":["post-7213","product","type-product","status-publish","has-post-thumbnail","hentry","product_cat-turk-klasik"],"_links":{"self":[{"href":"https:\/\/www.ttistanbulspor.org\/index.php\/wp-json\/wp\/v2\/product\/7213","targetHints":{"allow":["GET"]}}],"collection":[{"href":"https:\/\/www.ttistanbulspor.org\/index.php\/wp-json\/wp\/v2\/product"}],"about":[{"href":"https:\/\/www.ttistanbulspor.org\/index.php\/wp-json\/wp\/v2\/types\/product"}],"replies":[{"embeddable":true,"href":"https:\/\/www.ttistanbulspor.org\/index.php\/wp-json\/wp\/v2\/comments?post=7213"}],"wp:featuredmedia":[{"embeddable":true,"href":"https:\/\/www.ttistanbulspor.org\/index.php\/wp-json\/wp\/v2\/media\/7214"}],"wp:attachment":[{"href":"https:\/\/www.ttistanbulspor.org\/index.php\/wp-json\/wp\/v2\/media?parent=7213"}],"curies":[{"name":"wp","href":"https:\/\/api.w.org\/{rel}","templated":true}]}}