{"id":7187,"date":"2019-09-24T14:02:22","date_gmt":"2019-09-24T11:02:22","guid":{"rendered":"http:\/\/www.ttistanbulspor.org\/?post_type=product&#038;p=7187"},"modified":"2019-09-24T14:02:24","modified_gmt":"2019-09-24T11:02:24","slug":"butun-siirleri","status":"publish","type":"product","link":"https:\/\/www.ttistanbulspor.org\/index.php\/urun\/butun-siirleri\/","title":{"rendered":"B\u00dcT\u00dcN \u015e\u0130\u0130RLER\u0130"},"content":{"rendered":"<p>Orhan Veli: T\u00fcrk \u015fiirinin &#8220;zincirk\u0131ran&#8221;\u0131, &#8220;kasketgiydiren&#8221;i, &#8220;siville\u015ftiren&#8221;i, &#8220;a\u00e7\u0131khavaozan\u0131&#8221; &#8230;<\/p>\n<p>&#8220;Orhan Veli \u00e7ok daha ileriye bir ad\u0131m att\u0131: \u015eiirin kendi \u00f6z bir dili, bir vezni olmad\u0131\u011f\u0131 gibi kendine \u00f6z konular\u0131 da olmayaca\u011f\u0131n\u0131 g\u00f6sterdi, ahengin, musikinin de \u015fiirden kald\u0131r\u0131labilece\u011fini anlatt\u0131.&#8221;<br \/>\n-Nurullah Ata\u00e7<\/p>\n<p>&#8220;Orhan Veli&#8217;nin kavgas\u0131, edebiyat\u0131m\u0131z\u0131n en b\u00fcy\u00fck kavgas\u0131d\u0131r, buna inan\u0131yorum. Irma\u011f\u0131n yata\u011f\u0131n\u0131 daha do\u011fal bir vadiye indirdi. \u015eiire kasket giydirdi, siville\u015ftirdi onu. Bug\u00fcnk\u00fc \u015fiir verimleri onun daha verimleridir biraz.&#8221;<br \/>\n-Cemal S\u00fcreyya<\/p>\n<p>&#8220;Her t\u00fcmce bir yana, a\u00e7\u0131k havan\u0131n ozan\u0131d\u0131r Orhan Veli her anlamda. Caddeler geni\u015fledi, kitaplar inceldiyse \u00c7alap&#8217;\u0131n i\u015fi de\u011fildir bu. Gelece\u011fe do\u011fru s\u00fcren bir \u015fimdinin \u015fiir etkisi! Yaln\u0131zca gam de\u011fi\u015fikli\u011fi de de\u011fil, hepten Atonal. Orhan Veli olay\u0131 da, olayl\u0131\u011f\u0131n\u0131 yitirmi\u015ftir art\u0131k. \u015eiiri ise kalm\u0131\u015ft\u0131r g\u00f6r\u00fcn\u00fcyor, geni\u015f a\u00e7\u0131dan bir deyi\u015fle.&#8221;<br \/>\n-Ece Ayhan<\/p>\n","protected":false},"excerpt":{"rendered":"<p>Orhan Veli: T\u00fcrk \u015fiirinin &#8220;zincirk\u0131ran&#8221;\u0131, &#8220;kasketgiydiren&#8221;i, &#8220;siville\u015ftiren&#8221;i, &#8220;a\u00e7\u0131khavaozan\u0131&#8221; &#8230;<\/p>\n<p>&#8220;Orhan Veli \u00e7ok daha ileriye bir ad\u0131m att\u0131: \u015eiirin kendi \u00f6z bir dili, bir vezni olmad\u0131\u011f\u0131 gibi kendine \u00f6z konular\u0131 da olmayaca\u011f\u0131n\u0131 g\u00f6sterdi, ahengin, musikinin de \u015fiirden kald\u0131r\u0131labilece\u011fini anlatt\u0131.&#8221;<br \/>\n-Nurullah Ata\u00e7<\/p>\n<p>&#8220;Orhan Veli&#8217;nin kavgas\u0131, edebiyat\u0131m\u0131z\u0131n en b\u00fcy\u00fck kavgas\u0131d\u0131r, buna inan\u0131yorum. Irma\u011f\u0131n yata\u011f\u0131n\u0131 daha do\u011fal bir vadiye indirdi. \u015eiire kasket giydirdi, siville\u015ftirdi onu. Bug\u00fcnk\u00fc \u015fiir verimleri onun daha verimleridir biraz.&#8221;<br \/>\n-Cemal S\u00fcreyya<\/p>\n<p>&#8220;Her t\u00fcmce bir yana, a\u00e7\u0131k havan\u0131n ozan\u0131d\u0131r Orhan Veli her anlamda. Caddeler geni\u015fledi, kitaplar inceldiyse \u00c7alap&#8217;\u0131n i\u015fi de\u011fildir bu. Gelece\u011fe do\u011fru s\u00fcren bir \u015fimdinin \u015fiir etkisi! Yaln\u0131zca gam de\u011fi\u015fikli\u011fi de de\u011fil, hepten Atonal. Orhan Veli olay\u0131 da, olayl\u0131\u011f\u0131n\u0131 yitirmi\u015ftir art\u0131k. \u015eiiri ise kalm\u0131\u015ft\u0131r g\u00f6r\u00fcn\u00fcyor, geni\u015f a\u00e7\u0131dan bir deyi\u015fle.&#8221;<br \/>\n-Ece Ayhan<\/p>\n","protected":false},"featured_media":7188,"comment_status":"open","ping_status":"closed","template":"","meta":[],"class_list":["post-7187","product","type-product","status-publish","has-post-thumbnail","hentry","product_cat-turk-siiri"],"_links":{"self":[{"href":"https:\/\/www.ttistanbulspor.org\/index.php\/wp-json\/wp\/v2\/product\/7187","targetHints":{"allow":["GET"]}}],"collection":[{"href":"https:\/\/www.ttistanbulspor.org\/index.php\/wp-json\/wp\/v2\/product"}],"about":[{"href":"https:\/\/www.ttistanbulspor.org\/index.php\/wp-json\/wp\/v2\/types\/product"}],"replies":[{"embeddable":true,"href":"https:\/\/www.ttistanbulspor.org\/index.php\/wp-json\/wp\/v2\/comments?post=7187"}],"wp:featuredmedia":[{"embeddable":true,"href":"https:\/\/www.ttistanbulspor.org\/index.php\/wp-json\/wp\/v2\/media\/7188"}],"wp:attachment":[{"href":"https:\/\/www.ttistanbulspor.org\/index.php\/wp-json\/wp\/v2\/media?parent=7187"}],"curies":[{"name":"wp","href":"https:\/\/api.w.org\/{rel}","templated":true}]}}

BÜTÜN ŞİİRLERİ

<p>Orhan Veli: Türk şiirinin &#8220;zincirkıran&#8221;ı, &#8220;kasketgiydiren&#8221;i, &#8220;sivilleştiren&#8221;i, &#8220;açıkhavaozanı&#8221; &#8230;</p>
<p>&#8220;Orhan Veli çok daha ileriye bir adım attı: Şiirin kendi öz bir dili, bir vezni olmadığı gibi kendine öz konuları da olmayacağını gösterdi, ahengin, musikinin de şiirden kaldırılabileceğini anlattı.&#8221;<br />
-Nurullah Ataç</p>
<p>&#8220;Orhan Veli&#8217;nin kavgası, edebiyatımızın en büyük kavgasıdır, buna inanıyorum. Irmağın yatağını daha doğal bir vadiye indirdi. Şiire kasket giydirdi, sivilleştirdi onu. Bugünkü şiir verimleri onun daha verimleridir biraz.&#8221;<br />
-Cemal Süreyya</p>
<p>&#8220;Her tümce bir yana, açık havanın ozanıdır Orhan Veli her anlamda. Caddeler genişledi, kitaplar inceldiyse Çalap&#8217;ın işi değildir bu. Geleceğe doğru süren bir şimdinin şiir etkisi! Yalnızca gam değişikliği de değil, hepten Atonal. Orhan Veli olayı da, olaylığını yitirmiştir artık. Şiiri ise kalmıştır görünüyor, geniş açıdan bir deyişle.&#8221;<br />
-Ece Ayhan</p>
