{"id":7133,"date":"2019-09-24T07:49:42","date_gmt":"2019-09-24T04:49:42","guid":{"rendered":"http:\/\/www.ttistanbulspor.org\/?post_type=product&#038;p=7133"},"modified":"2019-09-24T07:50:18","modified_gmt":"2019-09-24T04:50:18","slug":"benmalala","status":"publish","type":"product","link":"https:\/\/www.ttistanbulspor.org\/index.php\/urun\/benmalala\/","title":{"rendered":"BEN,MALALA"},"content":{"rendered":"<p>&#8220;Sesimizin de\u011ferini ancak susturuldu\u011fumuzda anlar\u0131z.&#8221;<\/p>\n<p>2014 Nobel Bar\u0131\u015f \u00d6d\u00fcl\u00fc&#8217;n\u00fcn sahibi Malala Yusufzay&#8217;\u0131n otobiyografisi BEN, MALALA tek bir insan\u0131n sesinin bile d\u00fcnyaya de\u011fi\u015fim y\u00f6n\u00fcnde ne kadar b\u00fcy\u00fck bir ilham verebilece\u011fini kan\u0131tl\u0131yor\u2026<\/p>\n<p>Taliban kuvvetleri Pakistan&#8217;\u0131n Svat Vadisi&#8217;ni kontrol alt\u0131na ald\u0131\u011f\u0131nda, k\u00fc\u00e7\u00fck bir k\u0131z hi\u00e7 korkmadan d\u00fc\u015f\u00fcncelerini dile getirdi. Malala Yusafzay susturulmay\u0131 reddederek e\u011fitim hakk\u0131 i\u00e7in m\u00fccadeleye giri\u015fti.<\/p>\n<p>9 Ekim 2012 Sal\u0131 g\u00fcn\u00fc, 15 ya\u015f\u0131ndayken, neredeyse bunu can\u0131yla \u00f6d\u00fcyordu. Okul servisiyle eve d\u00f6nerken, yak\u0131n mesafeden a\u00e7\u0131lan bir ate\u015fle ba\u015f\u0131ndan vurulmu\u015ftu.<\/p>\n<p>Malala&#8217;n\u0131n mucizevi \u015fekilde hayatta kal\u0131p iyile\u015fmesi, onu Kuzey Pakistan&#8217;daki \u00fccra bir vadiden New York&#8217;taki Birle\u015fmi\u015f Milletler binas\u0131n\u0131n koridorlar\u0131na uzanan ola\u011fan\u00fcst\u00fc bir yolculu\u011fa \u00e7\u0131kard\u0131. Malala 16 ya\u015f\u0131nda, bar\u0131\u015f\u00e7\u0131l protesto eylemlerinin d\u00fcnya \u00e7ap\u0131nda sembol\u00fc ve Nobel Bar\u0131\u015f \u00d6d\u00fcl\u00fc&#8217;n\u00fc kazanan en gen\u00e7 isim oldu.<\/p>\n","protected":false},"excerpt":{"rendered":"<p>&#8220;Sesimizin de\u011ferini ancak susturuldu\u011fumuzda anlar\u0131z.&#8221;<\/p>\n<p>2014 Nobel Bar\u0131\u015f \u00d6d\u00fcl\u00fc&#8217;n\u00fcn sahibi Malala Yusufzay&#8217;\u0131n otobiyografisi BEN, MALALA tek bir insan\u0131n sesinin bile d\u00fcnyaya de\u011fi\u015fim y\u00f6n\u00fcnde ne kadar b\u00fcy\u00fck bir ilham verebilece\u011fini kan\u0131tl\u0131yor\u2026<\/p>\n<p>Taliban kuvvetleri Pakistan&#8217;\u0131n Svat Vadisi&#8217;ni kontrol alt\u0131na ald\u0131\u011f\u0131nda, k\u00fc\u00e7\u00fck bir k\u0131z hi\u00e7 korkmadan d\u00fc\u015f\u00fcncelerini dile getirdi. Malala Yusafzay susturulmay\u0131 reddederek e\u011fitim hakk\u0131 i\u00e7in m\u00fccadeleye giri\u015fti.<\/p>\n<p>9 Ekim 2012 Sal\u0131 g\u00fcn\u00fc, 15 ya\u015f\u0131ndayken, neredeyse bunu can\u0131yla \u00f6d\u00fcyordu. Okul servisiyle eve d\u00f6nerken, yak\u0131n mesafeden a\u00e7\u0131lan bir ate\u015fle ba\u015f\u0131ndan vurulmu\u015ftu.<\/p>\n<p>Malala&#8217;n\u0131n mucizevi \u015fekilde hayatta kal\u0131p iyile\u015fmesi, onu Kuzey Pakistan&#8217;daki \u00fccra bir vadiden New York&#8217;taki Birle\u015fmi\u015f Milletler binas\u0131n\u0131n koridorlar\u0131na uzanan ola\u011fan\u00fcst\u00fc bir yolculu\u011fa \u00e7\u0131kard\u0131. Malala 16 ya\u015f\u0131nda, bar\u0131\u015f\u00e7\u0131l protesto eylemlerinin d\u00fcnya \u00e7ap\u0131nda sembol\u00fc ve Nobel Bar\u0131\u015f \u00d6d\u00fcl\u00fc&#8217;n\u00fc kazanan en gen\u00e7 isim oldu.<\/p>\n","protected":false},"featured_media":7134,"comment_status":"open","ping_status":"closed","template":"","meta":[],"class_list":["post-7133","product","type-product","status-publish","has-post-thumbnail","hentry","product_cat-dunya-gunluk-ani"],"_links":{"self":[{"href":"https:\/\/www.ttistanbulspor.org\/index.php\/wp-json\/wp\/v2\/product\/7133","targetHints":{"allow":["GET"]}}],"collection":[{"href":"https:\/\/www.ttistanbulspor.org\/index.php\/wp-json\/wp\/v2\/product"}],"about":[{"href":"https:\/\/www.ttistanbulspor.org\/index.php\/wp-json\/wp\/v2\/types\/product"}],"replies":[{"embeddable":true,"href":"https:\/\/www.ttistanbulspor.org\/index.php\/wp-json\/wp\/v2\/comments?post=7133"}],"wp:featuredmedia":[{"embeddable":true,"href":"https:\/\/www.ttistanbulspor.org\/index.php\/wp-json\/wp\/v2\/media\/7134"}],"wp:attachment":[{"href":"https:\/\/www.ttistanbulspor.org\/index.php\/wp-json\/wp\/v2\/media?parent=7133"}],"curies":[{"name":"wp","href":"https:\/\/api.w.org\/{rel}","templated":true}]}}

<p>&#8220;Sesimizin değerini ancak susturulduğumuzda anlarız.&#8221;</p>
<p>2014 Nobel Barış Ödülü&#8217;nün sahibi Malala Yusufzay&#8217;ın otobiyografisi BEN, MALALA tek bir insanın sesinin bile dünyaya değişim yönünde ne kadar büyük bir ilham verebileceğini kanıtlıyor…</p>
<p>Taliban kuvvetleri Pakistan&#8217;ın Svat Vadisi&#8217;ni kontrol altına aldığında, küçük bir kız hiç korkmadan düşüncelerini dile getirdi. Malala Yusafzay susturulmayı reddederek eğitim hakkı için mücadeleye girişti.</p>
<p>9 Ekim 2012 Salı günü, 15 yaşındayken, neredeyse bunu canıyla ödüyordu. Okul servisiyle eve dönerken, yakın mesafeden açılan bir ateşle başından vurulmuştu.</p>
<p>Malala&#8217;nın mucizevi şekilde hayatta kalıp iyileşmesi, onu Kuzey Pakistan&#8217;daki ücra bir vadiden New York&#8217;taki Birleşmiş Milletler binasının koridorlarına uzanan olağanüstü bir yolculuğa çıkardı. Malala 16 yaşında, barışçıl protesto eylemlerinin dünya çapında sembolü ve Nobel Barış Ödülü&#8217;nü kazanan en genç isim oldu.</p>
