{"id":7125,"date":"2019-09-23T15:31:30","date_gmt":"2019-09-23T12:31:30","guid":{"rendered":"http:\/\/www.ttistanbulspor.org\/?post_type=product&#038;p=7125"},"modified":"2019-09-23T15:31:37","modified_gmt":"2019-09-23T12:31:37","slug":"daktiloya-cekilmis-siirler","status":"publish","type":"product","link":"https:\/\/www.ttistanbulspor.org\/index.php\/urun\/daktiloya-cekilmis-siirler\/","title":{"rendered":"Daktiloya \u00c7ekilmi\u015f \u015eiirler"},"content":{"rendered":"<p>Yerle\u015fik yabanc\u0131l\u0131\u011f\u0131n ac\u0131s\u0131<br \/>\n\u00d6z d\u00fc\u015fmanlar\u0131 kendilerinin sevgisiz bilisiz ve ac\u0131mas\u0131z kabuklular\u0131n zincirledi\u011fi kara tamlama.<br \/>\nBir neden yabanc\u0131ya? Bir neden yerle\u015fi\u011fe?<br \/>\nBir neden yerle\u015fik yabanc\u0131ya? Susturduklar\u0131ndan sonsuzun dilini, D\u0131\u015f\u0131yla ger\u00e7e\u011fin \u00e7izgisini kal\u0131n koca le\u015f do\u011frusuyla belirleme.<br \/>\nBak\u0131ld\u0131\u011f\u0131nda g\u00f6z de\u011firmisinden bir \u00e7i\u00e7ek d\u00fcrb\u00fcn\u00fcn de\u011fil midir renklenme olas\u0131l\u0131klar\u0131 taban\u0131nda g\u00f6r\u00fclen par\u00e7ac\u0131klar\u0131n yoksamak kurutan k\u0131s\u0131r umutlar\u0131, geleneksel tanr\u0131lar\u0131, s\u00fcr\u00fclerin \u00e7orak ger\u00e7ekli\u011fini ve kanatlanarak ya\u015famak kendi da\u011f\u0131l\u0131m\u0131nda&#8230;<\/p>\n","protected":false},"excerpt":{"rendered":"<p>Yerle\u015fik yabanc\u0131l\u0131\u011f\u0131n ac\u0131s\u0131<br \/>\n\u00d6z d\u00fc\u015fmanlar\u0131 kendilerinin sevgisiz bilisiz ve ac\u0131mas\u0131z kabuklular\u0131n zincirledi\u011fi kara tamlama.<br \/>\nBir neden yabanc\u0131ya? Bir neden yerle\u015fi\u011fe?<br \/>\nBir neden yerle\u015fik yabanc\u0131ya? Susturduklar\u0131ndan sonsuzun dilini, D\u0131\u015f\u0131yla ger\u00e7e\u011fin \u00e7izgisini kal\u0131n koca le\u015f do\u011frusuyla belirleme.<br \/>\nBak\u0131ld\u0131\u011f\u0131nda g\u00f6z de\u011firmisinden bir \u00e7i\u00e7ek d\u00fcrb\u00fcn\u00fcn de\u011fil midir renklenme olas\u0131l\u0131klar\u0131 taban\u0131nda g\u00f6r\u00fclen par\u00e7ac\u0131klar\u0131n yoksamak kurutan k\u0131s\u0131r umutlar\u0131, geleneksel tanr\u0131lar\u0131, s\u00fcr\u00fclerin \u00e7orak ger\u00e7ekli\u011fini ve kanatlanarak ya\u015famak kendi da\u011f\u0131l\u0131m\u0131nda&#8230;<\/p>\n","protected":false},"featured_media":7126,"comment_status":"open","ping_status":"closed","template":"","meta":[],"class_list":["post-7125","product","type-product","status-publish","has-post-thumbnail","hentry","product_cat-turk-siiri"],"_links":{"self":[{"href":"https:\/\/www.ttistanbulspor.org\/index.php\/wp-json\/wp\/v2\/product\/7125","targetHints":{"allow":["GET"]}}],"collection":[{"href":"https:\/\/www.ttistanbulspor.org\/index.php\/wp-json\/wp\/v2\/product"}],"about":[{"href":"https:\/\/www.ttistanbulspor.org\/index.php\/wp-json\/wp\/v2\/types\/product"}],"replies":[{"embeddable":true,"href":"https:\/\/www.ttistanbulspor.org\/index.php\/wp-json\/wp\/v2\/comments?post=7125"}],"wp:featuredmedia":[{"embeddable":true,"href":"https:\/\/www.ttistanbulspor.org\/index.php\/wp-json\/wp\/v2\/media\/7126"}],"wp:attachment":[{"href":"https:\/\/www.ttistanbulspor.org\/index.php\/wp-json\/wp\/v2\/media?parent=7125"}],"curies":[{"name":"wp","href":"https:\/\/api.w.org\/{rel}","templated":true}]}}

Daktiloya Çekilmiş Şiirler

<p>Yerleşik yabancılığın acısı<br />
Öz düşmanları kendilerinin sevgisiz bilisiz ve acımasız kabukluların zincirlediği kara tamlama.<br />
Bir neden yabancıya? Bir neden yerleşiğe?<br />
Bir neden yerleşik yabancıya? Susturduklarından sonsuzun dilini, Dışıyla gerçeğin çizgisini kalın koca leş doğrusuyla belirleme.<br />
Bakıldığında göz değirmisinden bir çiçek dürbünün değil midir renklenme olasılıkları tabanında görülen parçacıkların yoksamak kurutan kısır umutları, geleneksel tanrıları, sürülerin çorak gerçekliğini ve kanatlanarak yaşamak kendi dağılımında&#8230;</p>
