{"id":7123,"date":"2019-09-23T14:56:32","date_gmt":"2019-09-23T11:56:32","guid":{"rendered":"http:\/\/www.ttistanbulspor.org\/?post_type=product&#038;p=7123"},"modified":"2019-09-23T14:56:39","modified_gmt":"2019-09-23T11:56:39","slug":"kalbin-karari","status":"publish","type":"product","link":"https:\/\/www.ttistanbulspor.org\/index.php\/urun\/kalbin-karari\/","title":{"rendered":"KALB\u0130N KARARI"},"content":{"rendered":"<p>\u00d6nce sola , Sonra sa\u011fa , yine sola<br \/>\nBakan ak\u0131ld\u0131r , kalp uzatmaz<br \/>\nAk\u0131l iki kere ikiyi iyice bilir<br \/>\nKalp ikiyi inkar edecektir.<br \/>\ninsan uykudad\u0131r \u00f6l\u00fcnce uyan\u0131r,<br \/>\ng\u00fcn\u00fcn adam\u0131d\u0131r ve kar\u015f\u0131lan\u0131r.<br \/>\nCan uyan\u0131r ve karar an\u0131d\u0131r kalp i\u00e7in ;<br \/>\nAllah s\u00fcrprizdir , rabb\u00fcl alemin.<br \/>\nKalbin karar\u0131n\u0131 ak\u0131l tartar<br \/>\nBu \u015funa benzer ak\u0131l esnaft\u0131r<br \/>\n\u015euna da ak\u0131l ; yaralan\u0131r<br \/>\nKalp yaralanmaz \u00e7\u00fcnk\u00fc yarad\u0131r.<\/p>\n","protected":false},"excerpt":{"rendered":"<p>\u00d6nce sola , Sonra sa\u011fa , yine sola<br \/>\nBakan ak\u0131ld\u0131r , kalp uzatmaz<br \/>\nAk\u0131l iki kere ikiyi iyice bilir<br \/>\nKalp ikiyi inkar edecektir.<br \/>\ninsan uykudad\u0131r \u00f6l\u00fcnce uyan\u0131r,<br \/>\ng\u00fcn\u00fcn adam\u0131d\u0131r ve kar\u015f\u0131lan\u0131r.<br \/>\nCan uyan\u0131r ve karar an\u0131d\u0131r kalp i\u00e7in ;<br \/>\nAllah s\u00fcrprizdir , rabb\u00fcl alemin.<br \/>\nKalbin karar\u0131n\u0131 ak\u0131l tartar<br \/>\nBu \u015funa benzer ak\u0131l esnaft\u0131r<br \/>\n\u015euna da ak\u0131l ; yaralan\u0131r<br \/>\nKalp yaralanmaz \u00e7\u00fcnk\u00fc yarad\u0131r.<\/p>\n","protected":false},"featured_media":7124,"comment_status":"open","ping_status":"closed","template":"","meta":[],"class_list":["post-7123","product","type-product","status-publish","has-post-thumbnail","hentry","product_cat-islamiyet"],"_links":{"self":[{"href":"https:\/\/www.ttistanbulspor.org\/index.php\/wp-json\/wp\/v2\/product\/7123","targetHints":{"allow":["GET"]}}],"collection":[{"href":"https:\/\/www.ttistanbulspor.org\/index.php\/wp-json\/wp\/v2\/product"}],"about":[{"href":"https:\/\/www.ttistanbulspor.org\/index.php\/wp-json\/wp\/v2\/types\/product"}],"replies":[{"embeddable":true,"href":"https:\/\/www.ttistanbulspor.org\/index.php\/wp-json\/wp\/v2\/comments?post=7123"}],"wp:featuredmedia":[{"embeddable":true,"href":"https:\/\/www.ttistanbulspor.org\/index.php\/wp-json\/wp\/v2\/media\/7124"}],"wp:attachment":[{"href":"https:\/\/www.ttistanbulspor.org\/index.php\/wp-json\/wp\/v2\/media?parent=7123"}],"curies":[{"name":"wp","href":"https:\/\/api.w.org\/{rel}","templated":true}]}}