{"id":7093,"date":"2019-09-23T10:52:44","date_gmt":"2019-09-23T07:52:44","guid":{"rendered":"http:\/\/www.ttistanbulspor.org\/?post_type=product&#038;p=7093"},"modified":"2019-09-23T10:53:10","modified_gmt":"2019-09-23T07:53:10","slug":"surgunde-gunbatimi","status":"publish","type":"product","link":"https:\/\/www.ttistanbulspor.org\/index.php\/urun\/surgunde-gunbatimi\/","title":{"rendered":"S\u00dcRG\u00dcNDE G\u00dcNBATIMI"},"content":{"rendered":"<p>&#8220;Baha Tahir, Arap d\u00fcnyas\u0131n\u0131n ya\u015fayan en sayg\u0131n yazarlar\u0131ndan biri.<br \/>\nSiyasi tasfiyeye u\u011fray\u0131p \u00fclkesi M\u0131s\u0131r&#8217;dan s\u00fcr\u00fcld\u00fckten sonra, 73 ya\u015f\u0131nda, Arap edebiyat\u0131n\u0131n Booker \u00d6d\u00fcl\u00fc&#8217;n\u00fc ald\u0131. Bu ge\u00e7 kalm\u0131\u015f bir taltif.&#8221;<br \/>\n<i>The Guardian<\/i><\/p>\n<p>&#8220;M\u0131s\u0131r&#8217;\u0131n trajik tarihini cesaretle ve hayal g\u00fcc\u00fcyle ke\u015ffe \u00e7\u0131k\u0131p bizi B\u00fcy\u00fck \u0130skender&#8217;in imparatorluk d\u00fc\u015flerine g\u00f6t\u00fcr\u00fcyor. Tahir&#8217;in sesi h\u00fcz\u00fcnl\u00fc, bilgece ve lirik.&#8221;<br \/>\n<i>Times Literary Supplement<\/i><\/p>\n<p>XIX. y\u00fczy\u0131l, \u0130ngiliz i\u015fgali alt\u0131ndaki M\u0131s\u0131r\u2026 Gen\u00e7 komiser Mahmud Abd\u00fczzahir, idari ve askeri yetkili olarak Siva Vahas\u0131&#8217;na tayin olur. Terfi gibi g\u00f6sterilen bu atama, i\u015fgalci \u0130ngilizlere tepkisi bilinen Mahmud&#8217;un s\u00fcrg\u00fcn emridir. Kendinden \u00f6nceki komiserin asi kabilelerce \u00f6ld\u00fcr\u00fcld\u00fc\u011f\u00fcn\u00fc bile bile, e\u015fi \u0130rlandal\u0131 Catherine&#8217;le vahaya giden komiseri derin bir yaln\u0131zl\u0131k ve i\u00e7 hesapla\u015fma beklemektedir.<\/p>\n<p>\u00c7a\u011fda\u015f M\u0131s\u0131rl\u0131 yazar Baha Tahir&#8217;in, 19. y\u00fczy\u0131l M\u0131s\u0131r tarihi \u00fczerinden g\u00fcn\u00fcm\u00fcz s\u00f6m\u00fcrgecili\u011fini ele\u015ftirdi\u011fi S\u00fcrg\u00fcnde G\u00fcnbat\u0131m\u0131, \u00e7\u00f6l uygarl\u0131\u011f\u0131na, s\u00f6m\u00fcrge olma haline, Do\u011fu-Bat\u0131 ikilemlerine, i\u00e7 bar\u0131\u015f aray\u0131\u015f\u0131na dair \u00e7arp\u0131c\u0131 bir roman\u2026<\/p>\n","protected":false},"excerpt":{"rendered":"<p>&#8220;Baha Tahir, Arap d\u00fcnyas\u0131n\u0131n ya\u015fayan en sayg\u0131n yazarlar\u0131ndan biri.<br \/>\nSiyasi tasfiyeye u\u011fray\u0131p \u00fclkesi M\u0131s\u0131r&#8217;dan s\u00fcr\u00fcld\u00fckten sonra, 73 ya\u015f\u0131nda, Arap edebiyat\u0131n\u0131n Booker \u00d6d\u00fcl\u00fc&#8217;n\u00fc ald\u0131. Bu ge\u00e7 kalm\u0131\u015f bir taltif.&#8221;<br \/>\n<i>The Guardian<\/i><\/p>\n<p>&#8220;M\u0131s\u0131r&#8217;\u0131n trajik tarihini cesaretle ve hayal g\u00fcc\u00fcyle ke\u015ffe \u00e7\u0131k\u0131p bizi B\u00fcy\u00fck \u0130skender&#8217;in imparatorluk d\u00fc\u015flerine g\u00f6t\u00fcr\u00fcyor. Tahir&#8217;in sesi h\u00fcz\u00fcnl\u00fc, bilgece ve lirik.&#8221;<br \/>\n<i>Times Literary Supplement<\/i><\/p>\n<p>XIX. y\u00fczy\u0131l, \u0130ngiliz i\u015fgali alt\u0131ndaki M\u0131s\u0131r\u2026 Gen\u00e7 komiser Mahmud Abd\u00fczzahir, idari ve askeri yetkili olarak Siva Vahas\u0131&#8217;na tayin olur. Terfi gibi g\u00f6sterilen bu atama, i\u015fgalci \u0130ngilizlere tepkisi bilinen Mahmud&#8217;un s\u00fcrg\u00fcn emridir. Kendinden \u00f6nceki komiserin asi kabilelerce \u00f6ld\u00fcr\u00fcld\u00fc\u011f\u00fcn\u00fc bile bile, e\u015fi \u0130rlandal\u0131 Catherine&#8217;le vahaya giden komiseri derin bir yaln\u0131zl\u0131k ve i\u00e7 hesapla\u015fma beklemektedir.<\/p>\n<p>\u00c7a\u011fda\u015f M\u0131s\u0131rl\u0131 yazar Baha Tahir&#8217;in, 19. y\u00fczy\u0131l M\u0131s\u0131r tarihi \u00fczerinden g\u00fcn\u00fcm\u00fcz s\u00f6m\u00fcrgecili\u011fini ele\u015ftirdi\u011fi S\u00fcrg\u00fcnde G\u00fcnbat\u0131m\u0131, \u00e7\u00f6l uygarl\u0131\u011f\u0131na, s\u00f6m\u00fcrge olma haline, Do\u011fu-Bat\u0131 ikilemlerine, i\u00e7 bar\u0131\u015f aray\u0131\u015f\u0131na dair \u00e7arp\u0131c\u0131 bir roman\u2026<\/p>\n","protected":false},"featured_media":7094,"comment_status":"open","ping_status":"closed","template":"","meta":[],"class_list":["post-7093","product","type-product","status-publish","has-post-thumbnail","hentry","product_cat-dunya-roman"],"_links":{"self":[{"href":"https:\/\/www.ttistanbulspor.org\/index.php\/wp-json\/wp\/v2\/product\/7093","targetHints":{"allow":["GET"]}}],"collection":[{"href":"https:\/\/www.ttistanbulspor.org\/index.php\/wp-json\/wp\/v2\/product"}],"about":[{"href":"https:\/\/www.ttistanbulspor.org\/index.php\/wp-json\/wp\/v2\/types\/product"}],"replies":[{"embeddable":true,"href":"https:\/\/www.ttistanbulspor.org\/index.php\/wp-json\/wp\/v2\/comments?post=7093"}],"wp:featuredmedia":[{"embeddable":true,"href":"https:\/\/www.ttistanbulspor.org\/index.php\/wp-json\/wp\/v2\/media\/7094"}],"wp:attachment":[{"href":"https:\/\/www.ttistanbulspor.org\/index.php\/wp-json\/wp\/v2\/media?parent=7093"}],"curies":[{"name":"wp","href":"https:\/\/api.w.org\/{rel}","templated":true}]}}

SÜRGÜNDE GÜNBATIMI

<p>&#8220;Baha Tahir, Arap dünyasının yaşayan en saygın yazarlarından biri.<br />
Siyasi tasfiyeye uğrayıp ülkesi Mısır&#8217;dan sürüldükten sonra, 73 yaşında, Arap edebiyatının Booker Ödülü&#8217;nü aldı. Bu geç kalmış bir taltif.&#8221;<br />
<i>The Guardian</i></p>
<p>&#8220;Mısır&#8217;ın trajik tarihini cesaretle ve hayal gücüyle keşfe çıkıp bizi Büyük İskender&#8217;in imparatorluk düşlerine götürüyor. Tahir&#8217;in sesi hüzünlü, bilgece ve lirik.&#8221;<br />
<i>Times Literary Supplement</i></p>
<p>XIX. yüzyıl, İngiliz işgali altındaki Mısır… Genç komiser Mahmud Abdüzzahir, idari ve askeri yetkili olarak Siva Vahası&#8217;na tayin olur. Terfi gibi gösterilen bu atama, işgalci İngilizlere tepkisi bilinen Mahmud&#8217;un sürgün emridir. Kendinden önceki komiserin asi kabilelerce öldürüldüğünü bile bile, eşi İrlandalı Catherine&#8217;le vahaya giden komiseri derin bir yalnızlık ve iç hesaplaşma beklemektedir.</p>
<p>Çağdaş Mısırlı yazar Baha Tahir&#8217;in, 19. yüzyıl Mısır tarihi üzerinden günümüz sömürgeciliğini eleştirdiği Sürgünde Günbatımı, çöl uygarlığına, sömürge olma haline, Doğu-Batı ikilemlerine, iç barış arayışına dair çarpıcı bir roman…</p>
