{"id":7059,"date":"2019-09-18T16:24:43","date_gmt":"2019-09-18T13:24:43","guid":{"rendered":"http:\/\/www.ttistanbulspor.org\/?post_type=product&#038;p=7059"},"modified":"2019-09-18T16:24:57","modified_gmt":"2019-09-18T13:24:57","slug":"sokakta","status":"publish","type":"product","link":"https:\/\/www.ttistanbulspor.org\/index.php\/urun\/sokakta\/","title":{"rendered":"SOKAKTA"},"content":{"rendered":"<p>Bahaeddin \u00d6zki\u015fi, toplumumuzun ya\u015fad\u0131\u011f\u0131 trajik de\u011fi\u015fimin hayat\u0131n en k\u00fc\u00e7\u00fck sahnelerinden olan &#8220;sokak&#8221;ta bile b\u00fct\u00fcn \u015fiddetiyle kendisini hissettirdi\u011fini, polisiye bir maceran\u0131n e\u015fli\u011finde anlat\u0131yor. K\u00f6se Kad\u0131, U\u00e7taki Adam ve G\u00f6\u00e7 Zaman\u0131 kitaplar\u0131yla okuyucunun yak\u0131ndan tan\u0131d\u0131\u011f\u0131, T\u00fcrk\u00e7enin b\u00fcy\u00fck kalem ustalar\u0131ndan B. \u00d6zki\u015fi, bu k\u0131sa roman\u0131nda b\u00fct\u00fcn bireyleri adeta tek tek bir k\u00f6\u015fede s\u0131k\u0131\u015ft\u0131ran ve \u00fcst\u00fcne \u00e7ullanan &#8220;de\u011fi\u015fim&#8221;i t\u00fcyler \u00fcrperten bir gerilim i\u00e7inde sunuyor. &#8220;Hat\u0131rl\u0131yorum, sakin soka\u011f\u0131m\u0131zda ilk de\u011fi\u015fme insan\u0131 sersem eden bir bi\u00e7imde kendini g\u00f6stermi\u015fti. O g\u00fcnden ba\u015flayarak her \u015fey, itibar edilen b\u00fct\u00fcn de\u011ferler, evler, evin i\u00e7inde ya\u015fayanlar, kad\u0131nlar, erkekler, gen\u00e7ler, ya\u015fl\u0131lar hep de\u011fi\u015fmi\u015f durmu\u015flard\u0131. De\u011fi\u015fme, soka\u011f\u0131m\u0131zda durmak bilmeyen ve devaml\u0131 b\u00fcy\u00fcyen bir yuvarlanma \u015feklinde ba\u015flad\u0131, sonra da durmad\u0131, dinlenmedi. Halbuki insan b\u00f6ylesine sakin ve kenar bir sokakta bu kadar k\u00f6kl\u00fc de\u011fi\u015fiklikler olmaz san\u0131rd\u0131.&#8221;<\/p>\n","protected":false},"excerpt":{"rendered":"<p>Bahaeddin \u00d6zki\u015fi, toplumumuzun ya\u015fad\u0131\u011f\u0131 trajik de\u011fi\u015fimin hayat\u0131n en k\u00fc\u00e7\u00fck sahnelerinden olan &#8220;sokak&#8221;ta bile b\u00fct\u00fcn \u015fiddetiyle kendisini hissettirdi\u011fini, polisiye bir maceran\u0131n e\u015fli\u011finde anlat\u0131yor. K\u00f6se Kad\u0131, U\u00e7taki Adam ve G\u00f6\u00e7 Zaman\u0131 kitaplar\u0131yla okuyucunun yak\u0131ndan tan\u0131d\u0131\u011f\u0131, T\u00fcrk\u00e7enin b\u00fcy\u00fck kalem ustalar\u0131ndan B. \u00d6zki\u015fi, bu k\u0131sa roman\u0131nda b\u00fct\u00fcn bireyleri adeta tek tek bir k\u00f6\u015fede s\u0131k\u0131\u015ft\u0131ran ve \u00fcst\u00fcne \u00e7ullanan &#8220;de\u011fi\u015fim&#8221;i t\u00fcyler \u00fcrperten bir gerilim i\u00e7inde sunuyor. &#8220;Hat\u0131rl\u0131yorum, sakin soka\u011f\u0131m\u0131zda ilk de\u011fi\u015fme insan\u0131 sersem eden bir bi\u00e7imde kendini g\u00f6stermi\u015fti. O g\u00fcnden ba\u015flayarak her \u015fey, itibar edilen b\u00fct\u00fcn de\u011ferler, evler, evin i\u00e7inde ya\u015fayanlar, kad\u0131nlar, erkekler, gen\u00e7ler, ya\u015fl\u0131lar hep de\u011fi\u015fmi\u015f durmu\u015flard\u0131. De\u011fi\u015fme, soka\u011f\u0131m\u0131zda durmak bilmeyen ve devaml\u0131 b\u00fcy\u00fcyen bir yuvarlanma \u015feklinde ba\u015flad\u0131, sonra da durmad\u0131, dinlenmedi. Halbuki insan b\u00f6ylesine sakin ve kenar bir sokakta bu kadar k\u00f6kl\u00fc de\u011fi\u015fiklikler olmaz san\u0131rd\u0131.&#8221;<\/p>\n","protected":false},"featured_media":7060,"comment_status":"open","ping_status":"closed","template":"","meta":[],"class_list":["post-7059","product","type-product","status-publish","has-post-thumbnail","hentry","product_cat-edebiyat"],"_links":{"self":[{"href":"https:\/\/www.ttistanbulspor.org\/index.php\/wp-json\/wp\/v2\/product\/7059","targetHints":{"allow":["GET"]}}],"collection":[{"href":"https:\/\/www.ttistanbulspor.org\/index.php\/wp-json\/wp\/v2\/product"}],"about":[{"href":"https:\/\/www.ttistanbulspor.org\/index.php\/wp-json\/wp\/v2\/types\/product"}],"replies":[{"embeddable":true,"href":"https:\/\/www.ttistanbulspor.org\/index.php\/wp-json\/wp\/v2\/comments?post=7059"}],"wp:featuredmedia":[{"embeddable":true,"href":"https:\/\/www.ttistanbulspor.org\/index.php\/wp-json\/wp\/v2\/media\/7060"}],"wp:attachment":[{"href":"https:\/\/www.ttistanbulspor.org\/index.php\/wp-json\/wp\/v2\/media?parent=7059"}],"curies":[{"name":"wp","href":"https:\/\/api.w.org\/{rel}","templated":true}]}}