{"id":7054,"date":"2019-09-18T15:25:37","date_gmt":"2019-09-18T12:25:37","guid":{"rendered":"http:\/\/www.ttistanbulspor.org\/?post_type=product&#038;p=7054"},"modified":"2019-09-18T15:56:58","modified_gmt":"2019-09-18T12:56:58","slug":"bir-cift-yurek","status":"publish","type":"product","link":"https:\/\/www.ttistanbulspor.org\/index.php\/urun\/bir-cift-yurek\/","title":{"rendered":"B\u0130R \u00c7\u0130FT Y\u00dcREK"},"content":{"rendered":"<p>Bug\u00fcne dek size iki kitab\u0131 \u201cmutlaka\u201d diye tavsiye ettim&#8230; Mart\u0131 ve Simyac\u0131&#8230; Bu \u00fc\u00e7\u00fcnc\u00fcs\u00fc&#8230; Bir \u00c7ift Y\u00fcrek&#8230; Bu kitaptan \u00e7ok al\u0131nt\u0131 yapaca\u011f\u0131m&#8230; \u00c7ok s\u00f6z edece\u011fim&#8230; siz de kitab\u0131n sayfalar\u0131n\u0131 \u00e7evirirken bana kim bilir ka\u00e7 defa te\u015fekk\u00fcr edeceksiniz, ad\u0131m gibi biliyorum&#8230;\u201d<br \/>\n\u2014H\u0131ncal Ulu\u00e7, Sabah Gazetesi<br \/>\nBat\u0131y\u0131 Sarsan y\u00fcrek!&#8230; \u00c7evrenize yabanc\u0131la\u015fmaya ba\u015flad\u0131n\u0131zsa okuyun derim, bir kap\u0131 mutlaka aralanacak!&#8230;\u201d<br \/>\n\u2014Ay\u00e7a Atiko\u011flu, Milliyet Gazetesi<br \/>\n\u201c\u0130nsanl\u0131\u011f\u0131n \u00e7oktan yitirdi\u011fi ge\u00e7mi\u015fini merak edenler i\u00e7in.\u201d<br \/>\n\u2014F\u00fcsun \u00d6zbilgen, Posta Gazetesi<br \/>\n\u201cBu haftasonu bu kitab\u0131 okuyun, Pazartesi hayata yeni -ve daha iyi- bir insan olarak ba\u015flay\u0131n!<br \/>\n\u2014Murat Birsel, Sabah Gazetesi<\/p>\n","protected":false},"excerpt":{"rendered":"<p>Bug\u00fcne dek size iki kitab\u0131 \u201cmutlaka\u201d diye tavsiye ettim&#8230; Mart\u0131 ve Simyac\u0131&#8230; Bu \u00fc\u00e7\u00fcnc\u00fcs\u00fc&#8230; Bir \u00c7ift Y\u00fcrek&#8230; Bu kitaptan \u00e7ok al\u0131nt\u0131 yapaca\u011f\u0131m&#8230; \u00c7ok s\u00f6z edece\u011fim&#8230; siz de kitab\u0131n sayfalar\u0131n\u0131 \u00e7evirirken bana kim bilir ka\u00e7 defa te\u015fekk\u00fcr edeceksiniz, ad\u0131m gibi biliyorum&#8230;\u201d<br \/>\n\u2014H\u0131ncal Ulu\u00e7, Sabah Gazetesi<br \/>\nBat\u0131y\u0131 Sarsan y\u00fcrek!&#8230; \u00c7evrenize yabanc\u0131la\u015fmaya ba\u015flad\u0131n\u0131zsa okuyun derim, bir kap\u0131 mutlaka aralanacak!&#8230;\u201d<br \/>\n\u2014Ay\u00e7a Atiko\u011flu, Milliyet Gazetesi<br \/>\n\u201c\u0130nsanl\u0131\u011f\u0131n \u00e7oktan yitirdi\u011fi ge\u00e7mi\u015fini merak edenler i\u00e7in.\u201d<br \/>\n\u2014F\u00fcsun \u00d6zbilgen, Posta Gazetesi<br \/>\n\u201cBu haftasonu bu kitab\u0131 okuyun, Pazartesi hayata yeni -ve daha iyi- bir insan olarak ba\u015flay\u0131n!<br \/>\n\u2014Murat Birsel, Sabah Gazetesi<\/p>\n","protected":false},"featured_media":7055,"comment_status":"open","ping_status":"closed","template":"","meta":[],"class_list":["post-7054","product","type-product","status-publish","has-post-thumbnail","hentry","product_cat-anlati"],"_links":{"self":[{"href":"https:\/\/www.ttistanbulspor.org\/index.php\/wp-json\/wp\/v2\/product\/7054","targetHints":{"allow":["GET"]}}],"collection":[{"href":"https:\/\/www.ttistanbulspor.org\/index.php\/wp-json\/wp\/v2\/product"}],"about":[{"href":"https:\/\/www.ttistanbulspor.org\/index.php\/wp-json\/wp\/v2\/types\/product"}],"replies":[{"embeddable":true,"href":"https:\/\/www.ttistanbulspor.org\/index.php\/wp-json\/wp\/v2\/comments?post=7054"}],"wp:featuredmedia":[{"embeddable":true,"href":"https:\/\/www.ttistanbulspor.org\/index.php\/wp-json\/wp\/v2\/media\/7055"}],"wp:attachment":[{"href":"https:\/\/www.ttistanbulspor.org\/index.php\/wp-json\/wp\/v2\/media?parent=7054"}],"curies":[{"name":"wp","href":"https:\/\/api.w.org\/{rel}","templated":true}]}}

BİR ÇİFT YÜREK

<p>Bugüne dek size iki kitabı “mutlaka” diye tavsiye ettim&#8230; Martı ve Simyacı&#8230; Bu üçüncüsü&#8230; Bir Çift Yürek&#8230; Bu kitaptan çok alıntı yapacağım&#8230; Çok söz edeceğim&#8230; siz de kitabın sayfalarını çevirirken bana kim bilir kaç defa teşekkür edeceksiniz, adım gibi biliyorum&#8230;”<br />
—Hıncal Uluç, Sabah Gazetesi<br />
Batıyı Sarsan yürek!&#8230; Çevrenize yabancılaşmaya başladınızsa okuyun derim, bir kapı mutlaka aralanacak!&#8230;”<br />
—Ayça Atikoğlu, Milliyet Gazetesi<br />
“İnsanlığın çoktan yitirdiği geçmişini merak edenler için.”<br />
—Füsun Özbilgen, Posta Gazetesi<br />
“Bu haftasonu bu kitabı okuyun, Pazartesi hayata yeni -ve daha iyi- bir insan olarak başlayın!<br />
—Murat Birsel, Sabah Gazetesi</p>
