{"id":7015,"date":"2019-09-18T11:49:03","date_gmt":"2019-09-18T08:49:03","guid":{"rendered":"http:\/\/www.ttistanbulspor.org\/?post_type=product&#038;p=7015"},"modified":"2019-09-18T11:49:23","modified_gmt":"2019-09-18T08:49:23","slug":"her-yer-kerbela-2","status":"publish","type":"product","link":"https:\/\/www.ttistanbulspor.org\/index.php\/urun\/her-yer-kerbela-2\/","title":{"rendered":"Her Yer Kerbela"},"content":{"rendered":"<p>Hz. Muhammed&#8217;in kutlu soyundan gelen Hz. Fat\u0131ma ile, onun kutlu e\u015fi, Peygamber&#8217;in amcas\u0131n\u0131n o\u011flu, Allah&#8217;\u0131n arslan\u0131, velilerin sultan\u0131, bilgeli\u011fin b\u00fcy\u00fck k\u0131lavuzu Hz. Ali ile; yine cennet gen\u00e7lerinin efendisi olan Hz. Hasan ve H\u00fcseyin, \u0130slam gelene\u011finin bir bak\u0131ma kurucu ailesini olu\u015fturur.<\/p>\n<p>Peygamber&#8217;in sevgili torunu Hz. H\u00fcseyin&#8217;in, \u0130slam&#8217;\u0131n kurucu ilkeleri u\u011fruna can\u0131n\u0131 verdi\u011fi Kerbela, \u0130slam tarihindeki en \u00f6nemli k\u0131r\u0131lma anlar\u0131ndan biridir.<\/p>\n<p>Elinizdeki kitap, bu kutlu soyun u\u011frad\u0131\u011f\u0131 zulme, bu b\u00fcy\u00fck zulm\u00fcn manevi anlam\u0131na, Kerbela&#8217;da ya\u015fanan o y\u00fcrek da\u011flay\u0131c\u0131 olaya, \u00f6ncesi ve sonras\u0131na, irfani ve tarihi y\u00f6nleriyle \u0131\u015f\u0131k tutmaya \u00e7al\u0131\u015fan \u00e7e\u015fitli konu\u015fmalardan olu\u015fuyor.<\/p>\n","protected":false},"excerpt":{"rendered":"<p>Hz. Muhammed&#8217;in kutlu soyundan gelen Hz. Fat\u0131ma ile, onun kutlu e\u015fi, Peygamber&#8217;in amcas\u0131n\u0131n o\u011flu, Allah&#8217;\u0131n arslan\u0131, velilerin sultan\u0131, bilgeli\u011fin b\u00fcy\u00fck k\u0131lavuzu Hz. Ali ile; yine cennet gen\u00e7lerinin efendisi olan Hz. Hasan ve H\u00fcseyin, \u0130slam gelene\u011finin bir bak\u0131ma kurucu ailesini olu\u015fturur.<\/p>\n<p>Peygamber&#8217;in sevgili torunu Hz. H\u00fcseyin&#8217;in, \u0130slam&#8217;\u0131n kurucu ilkeleri u\u011fruna can\u0131n\u0131 verdi\u011fi Kerbela, \u0130slam tarihindeki en \u00f6nemli k\u0131r\u0131lma anlar\u0131ndan biridir.<\/p>\n<p>Elinizdeki kitap, bu kutlu soyun u\u011frad\u0131\u011f\u0131 zulme, bu b\u00fcy\u00fck zulm\u00fcn manevi anlam\u0131na, Kerbela&#8217;da ya\u015fanan o y\u00fcrek da\u011flay\u0131c\u0131 olaya, \u00f6ncesi ve sonras\u0131na, irfani ve tarihi y\u00f6nleriyle \u0131\u015f\u0131k tutmaya \u00e7al\u0131\u015fan \u00e7e\u015fitli konu\u015fmalardan olu\u015fuyor.<\/p>\n","protected":false},"featured_media":7017,"comment_status":"open","ping_status":"closed","template":"","meta":[],"class_list":["post-7015","product","type-product","status-publish","has-post-thumbnail","hentry","product_cat-islamiyet"],"_links":{"self":[{"href":"https:\/\/www.ttistanbulspor.org\/index.php\/wp-json\/wp\/v2\/product\/7015","targetHints":{"allow":["GET"]}}],"collection":[{"href":"https:\/\/www.ttistanbulspor.org\/index.php\/wp-json\/wp\/v2\/product"}],"about":[{"href":"https:\/\/www.ttistanbulspor.org\/index.php\/wp-json\/wp\/v2\/types\/product"}],"replies":[{"embeddable":true,"href":"https:\/\/www.ttistanbulspor.org\/index.php\/wp-json\/wp\/v2\/comments?post=7015"}],"wp:featuredmedia":[{"embeddable":true,"href":"https:\/\/www.ttistanbulspor.org\/index.php\/wp-json\/wp\/v2\/media\/7017"}],"wp:attachment":[{"href":"https:\/\/www.ttistanbulspor.org\/index.php\/wp-json\/wp\/v2\/media?parent=7015"}],"curies":[{"name":"wp","href":"https:\/\/api.w.org\/{rel}","templated":true}]}}

<p>Hz. Muhammed&#8217;in kutlu soyundan gelen Hz. Fatıma ile, onun kutlu eşi, Peygamber&#8217;in amcasının oğlu, Allah&#8217;ın arslanı, velilerin sultanı, bilgeliğin büyük kılavuzu Hz. Ali ile; yine cennet gençlerinin efendisi olan Hz. Hasan ve Hüseyin, İslam geleneğinin bir bakıma kurucu ailesini oluşturur.</p>
<p>Peygamber&#8217;in sevgili torunu Hz. Hüseyin&#8217;in, İslam&#8217;ın kurucu ilkeleri uğruna canını verdiği Kerbela, İslam tarihindeki en önemli kırılma anlarından biridir.</p>
<p>Elinizdeki kitap, bu kutlu soyun uğradığı zulme, bu büyük zulmün manevi anlamına, Kerbela&#8217;da yaşanan o yürek dağlayıcı olaya, öncesi ve sonrasına, irfani ve tarihi yönleriyle ışık tutmaya çalışan çeşitli konuşmalardan oluşuyor.</p>
