{"id":7013,"date":"2019-09-18T11:43:13","date_gmt":"2019-09-18T08:43:13","guid":{"rendered":"http:\/\/www.ttistanbulspor.org\/?post_type=product&#038;p=7013"},"modified":"2019-09-18T11:43:51","modified_gmt":"2019-09-18T08:43:51","slug":"hz-muhammedin-hayati","status":"publish","type":"product","link":"https:\/\/www.ttistanbulspor.org\/index.php\/urun\/hz-muhammedin-hayati\/","title":{"rendered":"Hz.Muhammedin Hayat\u0131"},"content":{"rendered":"<p>O&#8217;na yolculuk yeniden ba\u015fl\u0131yor&#8230;<br \/>\nM\u00fcbarek hayat\u0131 en ince ayr\u0131nt\u0131s\u0131na kadar kay\u0131t alt\u0131na al\u0131nan Allah&#8217;\u0131n El\u00e7isi Hz Muhammed&#8217;in(sav) Hayat\u0131, siyer \u00f6d\u00fcll\u00fc Salih Suru\u00e7&#8217;un kaleminden, tek cilt halinde ve zenginle\u015ftirilmi\u015f metniyle siz de\u011ferli okuyucularla yeniden bulu\u015fuyor!<br \/>\nUfuk peygamberinin t\u00fcm zaman\u0131 kucaklayan, sonsuz saadete \u00e7a\u011f\u0131ran tatl\u0131 sesinin, Allah&#8217;\u0131n El\u00e7isi Hz. Muhammed&#8217;in(sav) Hayat\u0131 isimli bu eserle yeniden y\u00fcre\u011finizde yank\u0131land\u0131\u011f\u0131n\u0131 duyacaks\u0131n\u0131z. Peygamber Efendimizin hayat\u0131, kronolojik bir disiplin i\u00e7erisinde i\u015flenirken, tarihi olaylar i\u00e7erisinde O&#8217;nun ahlak\u00ee \u00f6zellikleri de ba\u015far\u0131yla vurgulan\u0131yor. Gerekli noktalarda daha geni\u015f a\u00e7\u0131klamalar i\u00e7in ayetler ve hadislere de yer veriliyor ve kabul edilmi\u015f tefsir ve a\u00e7\u0131klamalar yolu ile konulara a\u00e7\u0131klama getiriliyor.<\/p>\n","protected":false},"excerpt":{"rendered":"<p>O&#8217;na yolculuk yeniden ba\u015fl\u0131yor&#8230;<br \/>\nM\u00fcbarek hayat\u0131 en ince ayr\u0131nt\u0131s\u0131na kadar kay\u0131t alt\u0131na al\u0131nan Allah&#8217;\u0131n El\u00e7isi Hz Muhammed&#8217;in(sav) Hayat\u0131, siyer \u00f6d\u00fcll\u00fc Salih Suru\u00e7&#8217;un kaleminden, tek cilt halinde ve zenginle\u015ftirilmi\u015f metniyle siz de\u011ferli okuyucularla yeniden bulu\u015fuyor!<br \/>\nUfuk peygamberinin t\u00fcm zaman\u0131 kucaklayan, sonsuz saadete \u00e7a\u011f\u0131ran tatl\u0131 sesinin, Allah&#8217;\u0131n El\u00e7isi Hz. Muhammed&#8217;in(sav) Hayat\u0131 isimli bu eserle yeniden y\u00fcre\u011finizde yank\u0131land\u0131\u011f\u0131n\u0131 duyacaks\u0131n\u0131z. Peygamber Efendimizin hayat\u0131, kronolojik bir disiplin i\u00e7erisinde i\u015flenirken, tarihi olaylar i\u00e7erisinde O&#8217;nun ahlak\u00ee \u00f6zellikleri de ba\u015far\u0131yla vurgulan\u0131yor. Gerekli noktalarda daha geni\u015f a\u00e7\u0131klamalar i\u00e7in ayetler ve hadislere de yer veriliyor ve kabul edilmi\u015f tefsir ve a\u00e7\u0131klamalar yolu ile konulara a\u00e7\u0131klama getiriliyor.<\/p>\n","protected":false},"featured_media":7014,"comment_status":"open","ping_status":"closed","template":"","meta":[],"class_list":["post-7013","product","type-product","status-publish","has-post-thumbnail","hentry","product_cat-islamiyet"],"_links":{"self":[{"href":"https:\/\/www.ttistanbulspor.org\/index.php\/wp-json\/wp\/v2\/product\/7013","targetHints":{"allow":["GET"]}}],"collection":[{"href":"https:\/\/www.ttistanbulspor.org\/index.php\/wp-json\/wp\/v2\/product"}],"about":[{"href":"https:\/\/www.ttistanbulspor.org\/index.php\/wp-json\/wp\/v2\/types\/product"}],"replies":[{"embeddable":true,"href":"https:\/\/www.ttistanbulspor.org\/index.php\/wp-json\/wp\/v2\/comments?post=7013"}],"wp:featuredmedia":[{"embeddable":true,"href":"https:\/\/www.ttistanbulspor.org\/index.php\/wp-json\/wp\/v2\/media\/7014"}],"wp:attachment":[{"href":"https:\/\/www.ttistanbulspor.org\/index.php\/wp-json\/wp\/v2\/media?parent=7013"}],"curies":[{"name":"wp","href":"https:\/\/api.w.org\/{rel}","templated":true}]}}