{"id":7004,"date":"2019-09-18T10:56:32","date_gmt":"2019-09-18T07:56:32","guid":{"rendered":"http:\/\/www.ttistanbulspor.org\/?post_type=product&#038;p=7004"},"modified":"2019-09-18T10:56:49","modified_gmt":"2019-09-18T07:56:49","slug":"latife-hanimin-kagitlari-acilan-sanduka","status":"publish","type":"product","link":"https:\/\/www.ttistanbulspor.org\/index.php\/urun\/latife-hanimin-kagitlari-acilan-sanduka\/","title":{"rendered":"Latife Han\u0131m&#8217;\u0131n Ka\u011f\u0131tlar\u0131 A\u00e7\u0131lan Sanduka"},"content":{"rendered":"<p>Se\u00e7ti\u011finiz hayat sizi mutlu ediyor mu? Yoksa ba\u015fkalar\u0131n\u0131n hayat\u0131n\u0131 ya\u015famaktan, ba\u015fkalar\u0131n\u0131n arzular\u0131n\u0131 kar\u015f\u0131lamaya \u00e7al\u0131\u015fmaktan yoruldu\u011funuzuz mu hissediyorsunuz? Kendinizi bu orman\u0131n i\u00e7inde kaybolmu\u015f hissediyorsan\u0131z \u00fcz\u00fclmeyin. Sizi karanl\u0131lardan \u00e7\u0131karacak olan birisi var: Kendiniz! Ba\u015f\u0131n\u0131z\u0131 yukar\u0131 kald\u0131r\u0131n, bak\u0131n ve g\u00f6r\u00fcn; kendi kutup y\u0131ld\u0131z\u0131n\u0131z\u0131 bulun, onu izleyin.<\/p>\n<p>Bu kitapta yer alan b\u00fct\u00fcn c\u00fcmleler, ya\u015fam enerjinizi yitirdi\u011finizi hissetti\u011finizde ya da zorluklarla ba\u015f etmeye \u00e7al\u0131\u015f\u0131rken yeterli g\u00fcce sahip olmad\u0131\u011f\u0131n\u0131z\u0131 d\u00fc\u015f\u00fcnd\u00fc\u011f\u00fcn\u00fczde size g\u00fc\u00e7 verecek c\u00fcmleler&#8230;<\/p>\n<p>Yaz\u0131lar\u0131ndan ya da s\u00f6ylemlerinden al\u0131nt\u0131lar bulaca\u011f\u0131n\u0131z ki\u015filer her \u00e7a\u011fdan, her ya\u015ftan ve her \u00fclkeden y\u00fcre\u011fimize hitap ediyorlar. Leonardo da Vinci&#8217;den Mevlana&#8217;ya, Epictetos&#8217;tan Katharine Hepburn&#8217;e, Stendahal&#8217;den Rahibe Teresa&#8217;ya kadar herkes burada size, Bize, insanl\u0131\u011fa sesleniyorlar.<br \/>\n(Tan\u0131t\u0131m B\u00fclteninden)<\/p>\n","protected":false},"excerpt":{"rendered":"<p>Se\u00e7ti\u011finiz hayat sizi mutlu ediyor mu? Yoksa ba\u015fkalar\u0131n\u0131n hayat\u0131n\u0131 ya\u015famaktan, ba\u015fkalar\u0131n\u0131n arzular\u0131n\u0131 kar\u015f\u0131lamaya \u00e7al\u0131\u015fmaktan yoruldu\u011funuzuz mu hissediyorsunuz? Kendinizi bu orman\u0131n i\u00e7inde kaybolmu\u015f hissediyorsan\u0131z \u00fcz\u00fclmeyin. Sizi karanl\u0131lardan \u00e7\u0131karacak olan birisi var: Kendiniz! Ba\u015f\u0131n\u0131z\u0131 yukar\u0131 kald\u0131r\u0131n, bak\u0131n ve g\u00f6r\u00fcn; kendi kutup y\u0131ld\u0131z\u0131n\u0131z\u0131 bulun, onu izleyin.<\/p>\n<p>Bu kitapta yer alan b\u00fct\u00fcn c\u00fcmleler, ya\u015fam enerjinizi yitirdi\u011finizi hissetti\u011finizde ya da zorluklarla ba\u015f etmeye \u00e7al\u0131\u015f\u0131rken yeterli g\u00fcce sahip olmad\u0131\u011f\u0131n\u0131z\u0131 d\u00fc\u015f\u00fcnd\u00fc\u011f\u00fcn\u00fczde size g\u00fc\u00e7 verecek c\u00fcmleler&#8230;<\/p>\n<p>Yaz\u0131lar\u0131ndan ya da s\u00f6ylemlerinden al\u0131nt\u0131lar bulaca\u011f\u0131n\u0131z ki\u015filer her \u00e7a\u011fdan, her ya\u015ftan ve her \u00fclkeden y\u00fcre\u011fimize hitap ediyorlar. Leonardo da Vinci&#8217;den Mevlana&#8217;ya, Epictetos&#8217;tan Katharine Hepburn&#8217;e, Stendahal&#8217;den Rahibe Teresa&#8217;ya kadar herkes burada size, Bize, insanl\u0131\u011fa sesleniyorlar.<br \/>\n(Tan\u0131t\u0131m B\u00fclteninden)<\/p>\n","protected":false},"featured_media":7005,"comment_status":"open","ping_status":"closed","template":"","meta":[],"class_list":["post-7004","product","type-product","status-publish","has-post-thumbnail","hentry","product_cat-genel","product_cat-kisisel-gelisim"],"_links":{"self":[{"href":"https:\/\/www.ttistanbulspor.org\/index.php\/wp-json\/wp\/v2\/product\/7004","targetHints":{"allow":["GET"]}}],"collection":[{"href":"https:\/\/www.ttistanbulspor.org\/index.php\/wp-json\/wp\/v2\/product"}],"about":[{"href":"https:\/\/www.ttistanbulspor.org\/index.php\/wp-json\/wp\/v2\/types\/product"}],"replies":[{"embeddable":true,"href":"https:\/\/www.ttistanbulspor.org\/index.php\/wp-json\/wp\/v2\/comments?post=7004"}],"wp:featuredmedia":[{"embeddable":true,"href":"https:\/\/www.ttistanbulspor.org\/index.php\/wp-json\/wp\/v2\/media\/7005"}],"wp:attachment":[{"href":"https:\/\/www.ttistanbulspor.org\/index.php\/wp-json\/wp\/v2\/media?parent=7004"}],"curies":[{"name":"wp","href":"https:\/\/api.w.org\/{rel}","templated":true}]}}