{"id":7000,"date":"2019-09-18T10:49:06","date_gmt":"2019-09-18T07:49:06","guid":{"rendered":"http:\/\/www.ttistanbulspor.org\/?post_type=product&#038;p=7000"},"modified":"2019-09-18T10:49:11","modified_gmt":"2019-09-18T07:49:11","slug":"duygusal-zeka","status":"publish","type":"product","link":"https:\/\/www.ttistanbulspor.org\/index.php\/urun\/duygusal-zeka\/","title":{"rendered":"Duygusal Zeka"},"content":{"rendered":"<p>&#8216;IQ&#8217; ile \u00f6l\u00e7\u00fclen zeka, insanlar\u0131n okul ve i\u015f ya\u015fam\u0131ndaki ba\u015far\u0131s\u0131n\u0131 belirleyen de\u011fi\u015fmez bir etken midir? \u00d6yleyse, neden y\u00fcksek IQ&#8217;lu \u00e7ocuklar, ortalama IQ&#8217;ya sahip arkada\u015flar\u0131na g\u00f6re hayatta daha ba\u015far\u0131s\u0131z olabiliyor?<br \/>\nDr. Daniel Goleman, psikoloji alan\u0131nda \u00e7\u0131\u011f\u0131r a\u00e7an bu kitab\u0131nda, &#8216;EQ&#8217;nun &#8216;IQ&#8217;dan daha \u00f6nemli oldu\u011funu kan\u0131tl\u0131yor. &#8216;Duygusal zeka&#8217;y\u0131, \u00f6zbilin\u00e7, azim, d\u00fcrt\u00fclerini frenleme, ba\u015fkalar\u0131n\u0131n duygular\u0131n\u0131 payla\u015fabilme gibi \u00f6zellikleri i\u00e7eren bir zeka olarak tan\u0131ml\u0131yor.<br \/>\nAra\u015ft\u0131rma bulgular\u0131na g\u00f6re, duygusal zeka yoksunlu\u011fu, ki\u015finin aile ya\u015fam\u0131ndan mesleki ba\u015far\u0131s\u0131na, toplumsal ili\u015fkilerinden sa\u011fl\u0131k durumuna kadar bir\u00e7ok alanda \u00e7ok k\u00f6t\u00fc sonu\u00e7lar do\u011furabiliyor. Ancak, Dr. Goleman&#8217;a g\u00f6re, duygusal zeka do\u011fu\u015ftan gelen bir \u00f6zellik de\u011fil. \u0130nsan beyninin yap\u0131s\u0131 dolay\u0131s\u0131yla, \u00e7ocuklukta al\u0131nan duygusal dersler, ya\u015fam boyunca davran\u0131\u015f tarz\u0131n\u0131 belirliyor.<br \/>\nBa\u015fta e\u011fitimciler ve ana-babalar olmak \u00fczere, herkesin ufkunu a\u00e7an bu kitab\u0131n \u00e7ok \u00f6nemli bir toplumsal mesaj\u0131 da var: Demokrasinin topluma ne \u00f6l\u00e7\u00fcde mal oldu\u011fu, bireylerin duygusal zeka d\u00fczeyiyle do\u011frudan ba\u011flant\u0131l\u0131.<\/p>\n","protected":false},"excerpt":{"rendered":"<p>&#8216;IQ&#8217; ile \u00f6l\u00e7\u00fclen zeka, insanlar\u0131n okul ve i\u015f ya\u015fam\u0131ndaki ba\u015far\u0131s\u0131n\u0131 belirleyen de\u011fi\u015fmez bir etken midir? \u00d6yleyse, neden y\u00fcksek IQ&#8217;lu \u00e7ocuklar, ortalama IQ&#8217;ya sahip arkada\u015flar\u0131na g\u00f6re hayatta daha ba\u015far\u0131s\u0131z olabiliyor?<br \/>\nDr. Daniel Goleman, psikoloji alan\u0131nda \u00e7\u0131\u011f\u0131r a\u00e7an bu kitab\u0131nda, &#8216;EQ&#8217;nun &#8216;IQ&#8217;dan daha \u00f6nemli oldu\u011funu kan\u0131tl\u0131yor. &#8216;Duygusal zeka&#8217;y\u0131, \u00f6zbilin\u00e7, azim, d\u00fcrt\u00fclerini frenleme, ba\u015fkalar\u0131n\u0131n duygular\u0131n\u0131 payla\u015fabilme gibi \u00f6zellikleri i\u00e7eren bir zeka olarak tan\u0131ml\u0131yor.<br \/>\nAra\u015ft\u0131rma bulgular\u0131na g\u00f6re, duygusal zeka yoksunlu\u011fu, ki\u015finin aile ya\u015fam\u0131ndan mesleki ba\u015far\u0131s\u0131na, toplumsal ili\u015fkilerinden sa\u011fl\u0131k durumuna kadar bir\u00e7ok alanda \u00e7ok k\u00f6t\u00fc sonu\u00e7lar do\u011furabiliyor. Ancak, Dr. Goleman&#8217;a g\u00f6re, duygusal zeka do\u011fu\u015ftan gelen bir \u00f6zellik de\u011fil. \u0130nsan beyninin yap\u0131s\u0131 dolay\u0131s\u0131yla, \u00e7ocuklukta al\u0131nan duygusal dersler, ya\u015fam boyunca davran\u0131\u015f tarz\u0131n\u0131 belirliyor.<br \/>\nBa\u015fta e\u011fitimciler ve ana-babalar olmak \u00fczere, herkesin ufkunu a\u00e7an bu kitab\u0131n \u00e7ok \u00f6nemli bir toplumsal mesaj\u0131 da var: Demokrasinin topluma ne \u00f6l\u00e7\u00fcde mal oldu\u011fu, bireylerin duygusal zeka d\u00fczeyiyle do\u011frudan ba\u011flant\u0131l\u0131.<\/p>\n","protected":false},"featured_media":7001,"comment_status":"open","ping_status":"closed","template":"","meta":[],"class_list":["post-7000","product","type-product","status-publish","has-post-thumbnail","hentry","product_cat-kisisel-gelisim"],"_links":{"self":[{"href":"https:\/\/www.ttistanbulspor.org\/index.php\/wp-json\/wp\/v2\/product\/7000","targetHints":{"allow":["GET"]}}],"collection":[{"href":"https:\/\/www.ttistanbulspor.org\/index.php\/wp-json\/wp\/v2\/product"}],"about":[{"href":"https:\/\/www.ttistanbulspor.org\/index.php\/wp-json\/wp\/v2\/types\/product"}],"replies":[{"embeddable":true,"href":"https:\/\/www.ttistanbulspor.org\/index.php\/wp-json\/wp\/v2\/comments?post=7000"}],"wp:featuredmedia":[{"embeddable":true,"href":"https:\/\/www.ttistanbulspor.org\/index.php\/wp-json\/wp\/v2\/media\/7001"}],"wp:attachment":[{"href":"https:\/\/www.ttistanbulspor.org\/index.php\/wp-json\/wp\/v2\/media?parent=7000"}],"curies":[{"name":"wp","href":"https:\/\/api.w.org\/{rel}","templated":true}]}}

<p>&#8216;IQ&#8217; ile ölçülen zeka, insanların okul ve iş yaşamındaki başarısını belirleyen değişmez bir etken midir? Öyleyse, neden yüksek IQ&#8217;lu çocuklar, ortalama IQ&#8217;ya sahip arkadaşlarına göre hayatta daha başarısız olabiliyor?<br />
Dr. Daniel Goleman, psikoloji alanında çığır açan bu kitabında, &#8216;EQ&#8217;nun &#8216;IQ&#8217;dan daha önemli olduğunu kanıtlıyor. &#8216;Duygusal zeka&#8217;yı, özbilinç, azim, dürtülerini frenleme, başkalarının duygularını paylaşabilme gibi özellikleri içeren bir zeka olarak tanımlıyor.<br />
Araştırma bulgularına göre, duygusal zeka yoksunluğu, kişinin aile yaşamından mesleki başarısına, toplumsal ilişkilerinden sağlık durumuna kadar birçok alanda çok kötü sonuçlar doğurabiliyor. Ancak, Dr. Goleman&#8217;a göre, duygusal zeka doğuştan gelen bir özellik değil. İnsan beyninin yapısı dolayısıyla, çocuklukta alınan duygusal dersler, yaşam boyunca davranış tarzını belirliyor.<br />
Başta eğitimciler ve ana-babalar olmak üzere, herkesin ufkunu açan bu kitabın çok önemli bir toplumsal mesajı da var: Demokrasinin topluma ne ölçüde mal olduğu, bireylerin duygusal zeka düzeyiyle doğrudan bağlantılı.</p>
