{"id":3315,"date":"2018-04-12T09:55:04","date_gmt":"2018-04-12T06:55:04","guid":{"rendered":"http:\/\/www.ttistanbulspor.org\/?post_type=product&#038;p=3315"},"modified":"2018-04-12T09:55:04","modified_gmt":"2018-04-12T06:55:04","slug":"milenaya-mektuplar","status":"publish","type":"product","link":"https:\/\/www.ttistanbulspor.org\/index.php\/urun\/milenaya-mektuplar\/","title":{"rendered":"Milena&#8217;ya Mektuplar"},"content":{"rendered":"<p>&#8220;Her \u015feye ra\u011fmen, mutluluktan \u00f6l\u00fcnebiliyorsa, o zaman kesinlikle bu \u015fekilde \u00f6lece\u011fim. Ayr\u0131ca, \u00f6l\u00fcm d\u00f6\u015fe\u011findeki birisi, mutluluk sayesinde hayata tutunabiliyorsa o zaman ben de hayatta kalaca\u011f\u0131m.&#8221;<\/p>\n<p>&#8220;Ald\u0131\u011f\u0131n \u00e7i\u00e7ekler i\u00e7in \u00e7ok \u00fczg\u00fcn\u00fcm, o kadar \u00fczg\u00fcn\u00fcm ki ne t\u00fcr \u00e7i\u00e7ekler oldu\u011funu bile okuyamad\u0131m. \u015eimdi senin odanda duruyorlar. E\u011fer ger\u00e7ekten odandaki gard\u0131robun yerinde olsayd\u0131m, g\u00fcnd\u00fcz kendimi bir \u015fekilde odan\u0131n d\u0131\u015f\u0131na atar ve en az\u0131ndan \u00e7i\u00e7ekler solana kadar salonda dururdum. Hay\u0131r, bu hi\u00e7 de ho\u015f de\u011fil. Ve o kadar uzakta ki her \u015fey ama h\u00e2l\u00e2 odan\u0131n kap\u0131s\u0131n\u0131n kolunu g\u00f6rebiliyorum, bana g\u00f6zlerimin \u00f6n\u00fcndeki m\u00fcrekkep hokkas\u0131 kadar yak\u0131n.&#8221;<\/p>\n<p>&#8220;Seni seviyorum i\u015fte, budala, deniz dibindeki \u00e7ak\u0131l ta\u015f\u0131 nas\u0131l sevilip, sarmalan\u0131r, ona ba\u011flan\u0131l\u0131rsa ben de sana \u00f6yle ba\u011fl\u0131y\u0131m.&#8221;<\/p>\n","protected":false},"excerpt":{"rendered":"<p>&#8220;Her \u015feye ra\u011fmen, mutluluktan \u00f6l\u00fcnebiliyorsa, o zaman kesinlikle bu \u015fekilde \u00f6lece\u011fim. Ayr\u0131ca, \u00f6l\u00fcm d\u00f6\u015fe\u011findeki birisi, [&#8230;]<\/p>\n","protected":false},"featured_media":0,"comment_status":"open","ping_status":"closed","template":"","meta":[],"class_list":["post-3315","product","type-product","status-publish","hentry","product_cat-edebiyat"],"_links":{"self":[{"href":"https:\/\/www.ttistanbulspor.org\/index.php\/wp-json\/wp\/v2\/product\/3315","targetHints":{"allow":["GET"]}}],"collection":[{"href":"https:\/\/www.ttistanbulspor.org\/index.php\/wp-json\/wp\/v2\/product"}],"about":[{"href":"https:\/\/www.ttistanbulspor.org\/index.php\/wp-json\/wp\/v2\/types\/product"}],"replies":[{"embeddable":true,"href":"https:\/\/www.ttistanbulspor.org\/index.php\/wp-json\/wp\/v2\/comments?post=3315"}],"wp:attachment":[{"href":"https:\/\/www.ttistanbulspor.org\/index.php\/wp-json\/wp\/v2\/media?parent=3315"}],"curies":[{"name":"wp","href":"https:\/\/api.w.org\/{rel}","templated":true}]}}