{"id":3115,"date":"2018-04-05T08:26:16","date_gmt":"2018-04-05T05:26:16","guid":{"rendered":"http:\/\/www.ttistanbulspor.org\/?post_type=product&#038;p=3115"},"modified":"2018-04-05T08:26:16","modified_gmt":"2018-04-05T05:26:16","slug":"kudusun-gizemli-tarihi","status":"publish","type":"product","link":"https:\/\/www.ttistanbulspor.org\/index.php\/urun\/kudusun-gizemli-tarihi\/","title":{"rendered":"Kud\u00fcs&#8217;\u00fcn Gizemli Tarihi"},"content":{"rendered":"<p>\u00dc\u00e7 semavi din i\u00e7in Kud\u00fcs neden kutsal?<br \/>\nHz. Muhammed Kud\u00fcs&#8217;te hangi mek\u00e2ndan semaya y\u00fckseldi?<br \/>\nKud\u00fcs Hz. \u0130sa ile ilgili hangi s\u0131rlar\u0131 bar\u0131nd\u0131r\u0131yor?<br \/>\nMesih&#8217;in nereden g\u00f6\u011fe y\u00fckseldi\u011fine ve nereye gelece\u011fine inan\u0131yorlar?<br \/>\nYahudiler, S\u00fcleyman Mabedi&#8217;ni neden yeniden in\u015fa etmek istiyor?<br \/>\nZeytinda\u011f\u0131&#8217;na g\u00f6m\u00fclmek i\u00e7in neden servet harc\u0131yorlar?<br \/>\nA\u011flama Duvar\u0131&#8217;nda neden g\u00f6zya\u015f\u0131 d\u00f6k\u00fcyorlar?<br \/>\nHa\u00e7l\u0131 Seferleri&#8217;ni Kud\u00fcs&#8217;e y\u00f6nelten Papa hangi gizli \u00f6rg\u00fcte mensuptu?<br \/>\nTap\u0131nak \u015e\u00f6valyeleri, Mescid-i Aksa&#8217;da neler yapt\u0131?<br \/>\nYahudi Devleti&#8217;nin kurulmas\u0131 i\u00e7in 5 milyon alt\u0131n teklif edilen Sultan II. Abd\u00fclhamid buna nas\u0131l cevap verdi?<br \/>\nOsmanl\u0131 Kud\u00fcs&#8217;\u00fc nas\u0131l kaybetti?<br \/>\n\u0130srail Devleti hangi gizli planlarla kuruldu?<br \/>\nYavuz&#8217;dan Kanuni&#8217;ye, H\u00fcrrem Sultan&#8217;dan Abd\u00fclhamid Han&#8217;a Osmanl\u0131, Kud\u00fcs&#8217;te hangi izleri b\u0131rakt\u0131?<br \/>\nKud\u00fcs&#8217;te mah\u015fer g\u00fcn\u00fc neler ya\u015fanacak?<br \/>\nKehanetler Kud\u00fcs&#8217;\u00fcn gelece\u011fi ile ilgili neye i\u015faret ediyor?<\/p>\n","protected":false},"excerpt":{"rendered":"<p>\u00dc\u00e7 semavi din i\u00e7in Kud\u00fcs neden kutsal? Hz. Muhammed Kud\u00fcs&#8217;te hangi mek\u00e2ndan semaya y\u00fckseldi? Kud\u00fcs [&#8230;]<\/p>\n","protected":false},"featured_media":0,"comment_status":"open","ping_status":"closed","template":"","meta":[],"class_list":["post-3115","product","type-product","status-publish","hentry","product_cat-din-mitoloji"],"_links":{"self":[{"href":"https:\/\/www.ttistanbulspor.org\/index.php\/wp-json\/wp\/v2\/product\/3115","targetHints":{"allow":["GET"]}}],"collection":[{"href":"https:\/\/www.ttistanbulspor.org\/index.php\/wp-json\/wp\/v2\/product"}],"about":[{"href":"https:\/\/www.ttistanbulspor.org\/index.php\/wp-json\/wp\/v2\/types\/product"}],"replies":[{"embeddable":true,"href":"https:\/\/www.ttistanbulspor.org\/index.php\/wp-json\/wp\/v2\/comments?post=3115"}],"wp:attachment":[{"href":"https:\/\/www.ttistanbulspor.org\/index.php\/wp-json\/wp\/v2\/media?parent=3115"}],"curies":[{"name":"wp","href":"https:\/\/api.w.org\/{rel}","templated":true}]}}