{"id":3111,"date":"2018-04-05T08:15:46","date_gmt":"2018-04-05T05:15:46","guid":{"rendered":"http:\/\/www.ttistanbulspor.org\/?post_type=product&#038;p=3111"},"modified":"2018-04-05T08:15:46","modified_gmt":"2018-04-05T05:15:46","slug":"abdulhamidin-kurtlarla-dansi-1-2","status":"publish","type":"product","link":"https:\/\/www.ttistanbulspor.org\/index.php\/urun\/abdulhamidin-kurtlarla-dansi-1-2\/","title":{"rendered":"Abd\u00fclhamid&#8217;in Kurtlarla Dans\u0131 1 &#8211; 2"},"content":{"rendered":"<p>Sultan II. Abd\u00fclhamid 33 y\u0131l boyunca etraf\u0131 &#8220;kurtlar&#8221;la \u00e7evrili bir \u00fclkeyi sa\u011f salim sahile \u00e7\u0131karman\u0131n m\u00fccadelesini verdi. Hasta Adam&#8217;\u0131n miras\u0131n\u0131n payla\u015f\u0131lmas\u0131 konusu 1850&#8217;lerde g\u00fcndeme gelmi\u015fti. 1878&#8217;de Rusya kar\u015f\u0131s\u0131ndaki a\u011f\u0131r yenilgimiz, emperyalizmin i\u015ftah\u0131n\u0131 kabartm\u0131\u015ft\u0131 ve T\u00fcrkiye&#8217;de darbe \u00fcst\u00fcne darbe yap\u0131l\u0131yordu. \u00d6nce Sultan Abd\u00fclaziz&#8217;e yap\u0131ld\u0131 darbe, sonra V. Mrad&#8217;a. San\u0131ld\u0131 ki, Osmanl\u0131&#8217;n\u0131n kaderi pamuk ipli\u011fine ba\u011fl\u0131. Nitekim Sultan Abd\u00fclhamid tahta ge\u00e7ti\u011finde \u0130ngiliz D\u0131\u015fi\u015fleri Bakan\u0131, kendisini tehdit etmi\u015f, &#8216;Aya\u011f\u0131n\u0131 denk als\u0131n, ona da \u00f6ncekilere yapt\u0131\u011f\u0131m\u0131z\u0131 yapar\u0131z&#8217; demi\u015fti.<\/p>\n<p>\u00c7\u00f6k\u00fc\u015f i\u00e7in g\u00fcn say\u0131l\u0131rken, bu 34 ya\u015f\u0131ndaki adam, 30 y\u0131l\u0131n\u0131 adayaca\u011f\u0131 bir icraat\u0131n d\u00fc\u011fmesine bas\u0131yordu. \u00dclkeyi bir bar\u0131\u015f d\u00f6nemine sokarken, kazan\u0131lan zamanda demiryolu a\u011f\u0131ndan e\u011fitim yat\u0131r\u0131mlar\u0131na kadar bir dolu projeye imza at\u0131yordu. Kendisini feda etmi\u015fti ama 30 y\u0131lda yeti\u015ftirdi\u011fi nesil, \u00c7anakkale&#8217;den Sina \u00e7\u00f6l\u00fcne kadar emperyalizme kar\u015f\u0131 Akif&#8217;in deyi\u015fiyle &#8216;k\u0131ta kapma&#8217; oyunu oynayacakt\u0131.<\/p>\n<p>&#8220;K\u0131z\u0131l Sultan&#8221; demi\u015flerdi ona. Kendi a\u00e7\u0131lar\u0131ndan hakl\u0131yd\u0131lar. \u00c7\u00fcnk\u00fc Osmanl\u0131&#8217;n\u0131n payla\u015f\u0131m\u0131n\u0131 pahal\u0131ya getirmi\u015fti Avrupa&#8217;ya. Kans\u0131z olaca\u011f\u0131n\u0131 sand\u0131klar\u0131 Osmanl\u0131 g\u00f6vdesindeki ameliyat, 30 y\u0131ll\u0131k gecikme sayesinde Avrupa&#8217;n\u0131n kanl\u0131 bir i\u00e7 sava\u015f\u0131na d\u00f6n\u00fc\u015fm\u00fc\u015f ve bir d\u00fcnya meselesi haline gelmi\u015fti.<\/p>\n","protected":false},"excerpt":{"rendered":"<p>Sultan II. Abd\u00fclhamid 33 y\u0131l boyunca etraf\u0131 &#8220;kurtlar&#8221;la \u00e7evrili bir \u00fclkeyi sa\u011f salim sahile \u00e7\u0131karman\u0131n [&#8230;]<\/p>\n","protected":false},"featured_media":0,"comment_status":"open","ping_status":"closed","template":"","meta":[],"class_list":["post-3111","product","type-product","status-publish","hentry","product_cat-tarih"],"_links":{"self":[{"href":"https:\/\/www.ttistanbulspor.org\/index.php\/wp-json\/wp\/v2\/product\/3111","targetHints":{"allow":["GET"]}}],"collection":[{"href":"https:\/\/www.ttistanbulspor.org\/index.php\/wp-json\/wp\/v2\/product"}],"about":[{"href":"https:\/\/www.ttistanbulspor.org\/index.php\/wp-json\/wp\/v2\/types\/product"}],"replies":[{"embeddable":true,"href":"https:\/\/www.ttistanbulspor.org\/index.php\/wp-json\/wp\/v2\/comments?post=3111"}],"wp:attachment":[{"href":"https:\/\/www.ttistanbulspor.org\/index.php\/wp-json\/wp\/v2\/media?parent=3111"}],"curies":[{"name":"wp","href":"https:\/\/api.w.org\/{rel}","templated":true}]}}

Abdülhamid&#8217;in Kurtlarla Dansı 1 &#8211; 2

<p>Sultan II. Abdülhamid 33 yıl boyunca etrafı &#8220;kurtlar&#8221;la çevrili bir ülkeyi sağ salim sahile çıkarmanın mücadelesini verdi. Hasta Adam&#8217;ın mirasının paylaşılması konusu 1850&#8217;lerde gündeme gelmişti. 1878&#8217;de Rusya karşısındaki ağır yenilgimiz, emperyalizmin iştahını kabartmıştı ve Türkiye&#8217;de darbe üstüne darbe yapılıyordu. Önce Sultan Abdülaziz&#8217;e yapıldı darbe, sonra V. Mrad&#8217;a. Sanıldı ki, Osmanlı&#8217;nın kaderi pamuk ipliğine bağlı. Nitekim Sultan Abdülhamid tahta geçtiğinde İngiliz Dışişleri Bakanı, kendisini tehdit etmiş, &#8216;Ayağını denk alsın, ona da öncekilere yaptığımızı yaparız&#8217; demişti.</p>
<p>Çöküş için gün sayılırken, bu 34 yaşındaki adam, 30 yılını adayacağı bir icraatın düğmesine basıyordu. Ülkeyi bir barış dönemine sokarken, kazanılan zamanda demiryolu ağından eğitim yatırımlarına kadar bir dolu projeye imza atıyordu. Kendisini feda etmişti ama 30 yılda yetiştirdiği nesil, Çanakkale&#8217;den Sina çölüne kadar emperyalizme karşı Akif&#8217;in deyişiyle &#8216;kıta kapma&#8217; oyunu oynayacaktı.</p>
<p>&#8220;Kızıl Sultan&#8221; demişlerdi ona. Kendi açılarından haklıydılar. Çünkü Osmanlı&#8217;nın paylaşımını pahalıya getirmişti Avrupa&#8217;ya. Kansız olacağını sandıkları Osmanlı gövdesindeki ameliyat, 30 yıllık gecikme sayesinde Avrupa&#8217;nın kanlı bir iç savaşına dönüşmüş ve bir dünya meselesi haline gelmişti.</p>

<p>Sultan II. Abdülhamid 33 yıl boyunca etrafı &#8220;kurtlar&#8221;la çevrili bir ülkeyi sağ salim sahile çıkarmanın [&#8230;]</p>
