{"id":3085,"date":"2018-04-04T14:21:24","date_gmt":"2018-04-04T11:21:24","guid":{"rendered":"http:\/\/www.ttistanbulspor.org\/?post_type=product&#038;p=3085"},"modified":"2018-04-04T14:21:24","modified_gmt":"2018-04-04T11:21:24","slug":"cumhuriyetin-ilk-yuzyili","status":"publish","type":"product","link":"https:\/\/www.ttistanbulspor.org\/index.php\/urun\/cumhuriyetin-ilk-yuzyili\/","title":{"rendered":"Cumhuriyet&#8217;in \u0130lk Y\u00fczy\u0131l\u0131"},"content":{"rendered":"<p>\u201c<em>Cumhuriyet&#8217;in \u0130lk Y\u00fczy\u0131l\u0131<\/em>&#8216;na yeni devletimizin yap\u0131 ta\u015flar\u0131n\u0131n d\u00f6\u015fendi\u011fi Osmanl\u0131 \u0130mparatorlu\u011fu&#8217;nun modernle\u015fme d\u00f6neminden ba\u015flad\u0131k.<\/p>\n<p>Atat\u00fcrk ve silah arkada\u015flar\u0131n\u0131n yeti\u015fti\u011fi II. Abd\u00fclhamid&#8217;in modernlik aray\u0131\u015f\u0131 i\u00e7inde ge\u00e7en y\u0131llar\u0131n\u0131, ama ayn\u0131 zamanda istibdad g\u00fcnlerini ve buna kar\u015f\u0131 isyan edip h\u00fcrriyet arayan gen\u00e7 Osmanl\u0131 subaylar\u0131n\u0131n maceralar\u0131 hayatlar\u0131&#8230;<\/p>\n<p>Mill\u00ee M\u00fccadele d\u00f6nemini, \u00f6zg\u00fcrl\u00fck havas\u0131n\u0131n egemen oldu\u011fu Cumhuriyet&#8217;in ilk iki y\u0131l\u0131n\u0131 ve tek partili zorlu zamanlar\u0131, ard\u0131ndan gelen \u00e7ok partili siyasal ya\u015fam\u0131n ba\u015flad\u0131\u011f\u0131 1950&#8217;li y\u0131llar\u0131&#8230;<\/p>\n<p>1913 Bab\u0131ali Bask\u0131n\u0131&#8217;yla ba\u015flayan darbeler tarihini&#8230;<\/p>\n<p>Yeni devletin ilk g\u00fcn\u00fcnden itibaren \u00e7\u00f6zmeye \u00e7al\u0131\u015ft\u0131\u011f\u0131 kadim problemleri; K\u00fcrt Sorunu&#8217;nu, &#8220;irtica&#8221; meselesini ve e\u011fitim konusunu&#8230;<br \/>\n\u0130sl\u00e2mc\u0131l\u0131ktan milliyet\u00e7ili\u011fe, merkez sa\u011fdan sosyal demokrasiye b\u00fct\u00fcn siyasal ak\u0131mlar\u0131&#8230;<\/p>\n<p>1876&#8217;dan 1924&#8217;e ve 1982&#8217;ye anayasa metinlerimizi&#8230; Bizleri 2023&#8217;e ta\u015f\u0131yacak yeni anayasa \u00f6zlemimizi&#8230;<\/p>\n<p>As\u0131rl\u0131k d\u0131\u015f politikam\u0131z, ikili ili\u015fkilerimiz, uluslararas\u0131 kurulu\u015flardaki temsiliyetimiz, K\u0131br\u0131s Bar\u0131\u015f Harek\u00e2t\u0131, AB maceras\u0131 ve Ortado\u011fu politikalar\u0131m\u0131z\u0131&#8230;<\/p>\n<p>\u015eehirle\u015fme, \u00fcniversitele\u015fme, gecekondula\u015fma, ekonomik b\u00fcy\u00fcme, yolsuzluklar, g\u00fcndelik ya\u015famdaki nitelik ve kalite kayb\u0131 gibi en g\u00fc\u00e7l\u00fc sosyolojik dinamik ve geli\u015fmeleri&#8230;<\/p>\n<p>Yani bizi biz yapan ve bug\u00fcnlere ta\u015f\u0131yan \u00f6nemli tarihsel dinamikleri konu\u015ftuk&#8230;\u201d<\/p>\n","protected":false},"excerpt":{"rendered":"<p>\u201cCumhuriyet&#8217;in \u0130lk Y\u00fczy\u0131l\u0131&#8216;na yeni devletimizin yap\u0131 ta\u015flar\u0131n\u0131n d\u00f6\u015fendi\u011fi Osmanl\u0131 \u0130mparatorlu\u011fu&#8217;nun modernle\u015fme d\u00f6neminden ba\u015flad\u0131k. Atat\u00fcrk ve [&#8230;]<\/p>\n","protected":false},"featured_media":0,"comment_status":"open","ping_status":"closed","template":"","meta":[],"class_list":["post-3085","product","type-product","status-publish","hentry","product_cat-egitimkitaplari"],"_links":{"self":[{"href":"https:\/\/www.ttistanbulspor.org\/index.php\/wp-json\/wp\/v2\/product\/3085","targetHints":{"allow":["GET"]}}],"collection":[{"href":"https:\/\/www.ttistanbulspor.org\/index.php\/wp-json\/wp\/v2\/product"}],"about":[{"href":"https:\/\/www.ttistanbulspor.org\/index.php\/wp-json\/wp\/v2\/types\/product"}],"replies":[{"embeddable":true,"href":"https:\/\/www.ttistanbulspor.org\/index.php\/wp-json\/wp\/v2\/comments?post=3085"}],"wp:attachment":[{"href":"https:\/\/www.ttistanbulspor.org\/index.php\/wp-json\/wp\/v2\/media?parent=3085"}],"curies":[{"name":"wp","href":"https:\/\/api.w.org\/{rel}","templated":true}]}}

Cumhuriyet&#8217;in İlk Yüzyılı

<p>“<em>Cumhuriyet&#8217;in İlk Yüzyılı</em>&#8216;na yeni devletimizin yapı taşlarının döşendiği Osmanlı İmparatorluğu&#8217;nun modernleşme döneminden başladık.</p>
<p>Atatürk ve silah arkadaşlarının yetiştiği II. Abdülhamid&#8217;in modernlik arayışı içinde geçen yıllarını, ama aynı zamanda istibdad günlerini ve buna karşı isyan edip hürriyet arayan genç Osmanlı subaylarının maceraları hayatları&#8230;</p>
<p>Millî Mücadele dönemini, özgürlük havasının egemen olduğu Cumhuriyet&#8217;in ilk iki yılını ve tek partili zorlu zamanları, ardından gelen çok partili siyasal yaşamın başladığı 1950&#8217;li yılları&#8230;</p>
<p>1913 Babıali Baskını&#8217;yla başlayan darbeler tarihini&#8230;</p>
<p>Yeni devletin ilk gününden itibaren çözmeye çalıştığı kadim problemleri; Kürt Sorunu&#8217;nu, &#8220;irtica&#8221; meselesini ve eğitim konusunu&#8230;<br />
İslâmcılıktan milliyetçiliğe, merkez sağdan sosyal demokrasiye bütün siyasal akımları&#8230;</p>
<p>1876&#8217;dan 1924&#8217;e ve 1982&#8217;ye anayasa metinlerimizi&#8230; Bizleri 2023&#8217;e taşıyacak yeni anayasa özlemimizi&#8230;</p>
<p>Asırlık dış politikamız, ikili ilişkilerimiz, uluslararası kuruluşlardaki temsiliyetimiz, Kıbrıs Barış Harekâtı, AB macerası ve Ortadoğu politikalarımızı&#8230;</p>
<p>Şehirleşme, üniversiteleşme, gecekondulaşma, ekonomik büyüme, yolsuzluklar, gündelik yaşamdaki nitelik ve kalite kaybı gibi en güçlü sosyolojik dinamik ve gelişmeleri&#8230;</p>
<p>Yani bizi biz yapan ve bugünlere taşıyan önemli tarihsel dinamikleri konuştuk&#8230;”</p>

<p>“Cumhuriyet&#8217;in İlk Yüzyılı&#8216;na yeni devletimizin yapı taşlarının döşendiği Osmanlı İmparatorluğu&#8217;nun modernleşme döneminden başladık. Atatürk ve [&#8230;]</p>
