{"id":3082,"date":"2018-04-04T14:05:44","date_gmt":"2018-04-04T11:05:44","guid":{"rendered":"http:\/\/www.ttistanbulspor.org\/?post_type=product&#038;p=3082"},"modified":"2018-04-04T14:05:44","modified_gmt":"2018-04-04T11:05:44","slug":"iletisim-catismalari-ve-empati","status":"publish","type":"product","link":"https:\/\/www.ttistanbulspor.org\/index.php\/urun\/iletisim-catismalari-ve-empati\/","title":{"rendered":"\u0130leti\u015fim \u00c7at\u0131\u015fmalar\u0131 ve Empati"},"content":{"rendered":"<p>Bu kitapta \u00f6ncelikle ki\u015fileraras\u0131 ileti\u015fimle ilgili baz\u0131 bilgiler veriliyor. Bu bilgiler, hem \u00e7ocuklar\u0131n e\u011fitiminde yararl\u0131 olabilir, hem de ailede, i\u015fyerinde ve benzeri ortamlarda g\u00f6r\u00fclen \u00e7at\u0131\u015fmalar\u0131n \u00e7\u00f6z\u00fcm\u00fcne \u0131\u015f\u0131k tutabilir.<\/p>\n<p>Ayr\u0131ca, geleneksel k\u00fclt\u00fcr\u00fcm\u00fcze ve bug\u00fcnk\u00fc ya\u015fam bi\u00e7imimize yeni bir bak\u0131\u015f a\u00e7\u0131s\u0131yla bak\u0131larak bir iddia ortaya at\u0131l\u0131yor. Bu iddiay\u0131 test etmek amac\u0131yla \u00e7e\u015fitli k\u00fclt\u00fcr \u00fcr\u00fcnlerimiz, \u00f6zellikle edebiyat\u0131m\u0131za ve sanat tarihimize ili\u015fkin \u00fcr\u00fcnler psikolojik a\u00e7\u0131dan inceleniyor. \u00d6te yandan Prof. D\u00f6kmen ileti\u015fim \u00e7at\u0131\u015fmalar\u0131 ve empati ile ilgili yeni kuramsal modeller ve s\u0131n\u0131flamalar geli\u015ftiriyor.<\/p>\n","protected":false},"excerpt":{"rendered":"<p>T\u00fcm bu y\u00f6nleriyle kitap, hem psikolojiye ilgi duyanlara hem de edebiyata ve sanat tarihine farkl\u0131 bir bak\u0131\u015f a\u00e7\u0131s\u0131yla yakla\u015fmak isteyenlere ilgin\u00e7 bilgiler sunuyor.<\/p>\n","protected":false},"featured_media":0,"comment_status":"open","ping_status":"closed","template":"","meta":[],"class_list":["post-3082","product","type-product","status-publish","hentry","product_cat-kisiselgelisim"],"_links":{"self":[{"href":"https:\/\/www.ttistanbulspor.org\/index.php\/wp-json\/wp\/v2\/product\/3082","targetHints":{"allow":["GET"]}}],"collection":[{"href":"https:\/\/www.ttistanbulspor.org\/index.php\/wp-json\/wp\/v2\/product"}],"about":[{"href":"https:\/\/www.ttistanbulspor.org\/index.php\/wp-json\/wp\/v2\/types\/product"}],"replies":[{"embeddable":true,"href":"https:\/\/www.ttistanbulspor.org\/index.php\/wp-json\/wp\/v2\/comments?post=3082"}],"wp:attachment":[{"href":"https:\/\/www.ttistanbulspor.org\/index.php\/wp-json\/wp\/v2\/media?parent=3082"}],"curies":[{"name":"wp","href":"https:\/\/api.w.org\/{rel}","templated":true}]}}