{"id":3081,"date":"2018-04-04T14:01:16","date_gmt":"2018-04-04T11:01:16","guid":{"rendered":"http:\/\/www.ttistanbulspor.org\/?post_type=product&#038;p=3081"},"modified":"2018-04-04T14:01:16","modified_gmt":"2018-04-04T11:01:16","slug":"kendi-kutup-yildizini-bul","status":"publish","type":"product","link":"https:\/\/www.ttistanbulspor.org\/index.php\/urun\/kendi-kutup-yildizini-bul\/","title":{"rendered":"Kendi Kutup Y\u0131ld\u0131z\u0131&#8217;n\u0131 Bul"},"content":{"rendered":"<p>Se\u00e7ti\u011finiz hayat sizi mutlu ediyor mu? Yoksa ba\u015fkalar\u0131n\u0131n hayat\u0131n\u0131 ya\u015famaktan, ba\u015fkalar\u0131n\u0131n arzular\u0131n\u0131 kar\u015f\u0131lamaya \u00e7al\u0131\u015fmaktan yoruldu\u011funuzuz mu hissediyorsunuz? Kendinizi bu orman\u0131n i\u00e7inde kaybolmu\u015f hissediyorsan\u0131z \u00fcz\u00fclmeyin. Sizi karanl\u0131lardan \u00e7\u0131karacak olan birisi var: Kendiniz! Ba\u015f\u0131n\u0131z\u0131 yukar\u0131 kald\u0131r\u0131n, bak\u0131n ve g\u00f6r\u00fcn; kendi kutup y\u0131ld\u0131z\u0131n\u0131z\u0131 bulun, onu izleyin.<\/p>\n<p>Bu kitapta yer alan b\u00fct\u00fcn c\u00fcmleler, ya\u015fam enerjinizi yitirdi\u011finizi hissetti\u011finizde ya da zorluklarla ba\u015f etmeye \u00e7al\u0131\u015f\u0131rken yeterli g\u00fcce sahip olmad\u0131\u011f\u0131n\u0131z\u0131 d\u00fc\u015f\u00fcnd\u00fc\u011f\u00fcn\u00fczde size g\u00fc\u00e7 verecek c\u00fcmleler&#8230;<\/p>\n<p>Yaz\u0131lar\u0131ndan ya da s\u00f6ylemlerinden al\u0131nt\u0131lar bulaca\u011f\u0131n\u0131z ki\u015filer her \u00e7a\u011fdan, her ya\u015ftan ve her \u00fclkeden y\u00fcre\u011fimize hitap ediyorlar. Leonardo da Vinci&#8217;den Mevlana&#8217;ya, Epictetos&#8217;tan Katharine Hepburn&#8217;e, Stendahal&#8217;den Rahibe Teresa&#8217;ya kadar herkes burada size, Bize, insanl\u0131\u011fa sesleniyorlar.<\/p>\n","protected":false},"excerpt":{"rendered":"<p>Se\u00e7ti\u011finiz hayat sizi mutlu ediyor mu? Yoksa ba\u015fkalar\u0131n\u0131n hayat\u0131n\u0131 ya\u015famaktan, ba\u015fkalar\u0131n\u0131n arzular\u0131n\u0131 kar\u015f\u0131lamaya \u00e7al\u0131\u015fmaktan yoruldu\u011funuzuz [&#8230;]<\/p>\n","protected":false},"featured_media":0,"comment_status":"open","ping_status":"closed","template":"","meta":[],"class_list":["post-3081","product","type-product","status-publish","hentry","product_cat-kisiselgelisim"],"_links":{"self":[{"href":"https:\/\/www.ttistanbulspor.org\/index.php\/wp-json\/wp\/v2\/product\/3081","targetHints":{"allow":["GET"]}}],"collection":[{"href":"https:\/\/www.ttistanbulspor.org\/index.php\/wp-json\/wp\/v2\/product"}],"about":[{"href":"https:\/\/www.ttistanbulspor.org\/index.php\/wp-json\/wp\/v2\/types\/product"}],"replies":[{"embeddable":true,"href":"https:\/\/www.ttistanbulspor.org\/index.php\/wp-json\/wp\/v2\/comments?post=3081"}],"wp:attachment":[{"href":"https:\/\/www.ttistanbulspor.org\/index.php\/wp-json\/wp\/v2\/media?parent=3081"}],"curies":[{"name":"wp","href":"https:\/\/api.w.org\/{rel}","templated":true}]}}