{"id":3075,"date":"2018-04-04T11:44:49","date_gmt":"2018-04-04T08:44:49","guid":{"rendered":"http:\/\/www.ttistanbulspor.org\/?post_type=product&#038;p=3075"},"modified":"2018-04-04T11:44:49","modified_gmt":"2018-04-04T08:44:49","slug":"asla-yalniz-yeme","status":"publish","type":"product","link":"https:\/\/www.ttistanbulspor.org\/index.php\/urun\/asla-yalniz-yeme\/","title":{"rendered":"Asla Yaln\u0131z Yeme"},"content":{"rendered":"<p>Ba\u015fkalar\u0131yla yak\u0131n ili\u015fkiler i\u00e7inde s\u00fcrd\u00fcr\u00fclen bir hayat insan\u0131 farkl\u0131 bir bak\u0131\u015f a\u00e7\u0131s\u0131na g\u00f6t\u00fcr\u00fcr. \u0130nsanlar\u0131n birbirlerine s\u0131k\u0131 ba\u011flarla ba\u011fl\u0131 olduklar\u0131 hayatlarda bak\u0131\u015f a\u00e7\u0131lar\u0131n\u0131n zenginli\u011fi ya\u015fan\u0131r. Bir bak\u0131\u015f a\u00e7\u0131s\u0131, di\u011ferine g\u00f6t\u00fcr\u00fcr.<\/p>\n<p>Hayat\u0131n\u0131zda \u015fu anda bulundu\u011funuz konum ve bildi\u011finiz her \u015fey, \u00f6mr\u00fcn\u00fcz boyunca ister \u015fahsen, ister kitaplar, m\u00fczik, e-posta ya da k\u00fclt\u00fcr yoluyla etkile\u015fim i\u00e7inde oldu\u011funuz fikir, deneyim ve insanlar\u0131n bir sonucudur. Bollu\u011fun daha fazla bollu\u011fa g\u00f6t\u00fcrd\u00fc\u011f\u00fc durumlarda \u00e7etele tutmak gerekmez. O halde hemen bug\u00fcnden ba\u015flayarak, hedeflerinize ula\u015fman\u0131zda size yard\u0131mc\u0131 olacak isimlerle tan\u0131\u015fmak ve gereken bilgi, deneyim ve ki\u015fileri bir araya getirmek \u00fczere kollar\u0131 s\u0131vay\u0131n.<\/p>\n","protected":false},"excerpt":{"rendered":"<p>Keith Ferrazzi size ili\u015fkinin g\u00fcc\u00fcn\u00fc ve \u00e7ok say\u0131daki ki\u015fiyle tan\u0131\u015f\u0131p bu ki\u015filerle hem arkada\u015f hem de i\u015f arkada\u015f\u0131 olman\u0131n a\u015famalar\u0131n\u0131 ad\u0131m ad\u0131m anlat\u0131yor.<\/p>\n","protected":false},"featured_media":0,"comment_status":"open","ping_status":"closed","template":"","meta":[],"class_list":["post-3075","product","type-product","status-publish","hentry","product_cat-kisiselgelisim"],"_links":{"self":[{"href":"https:\/\/www.ttistanbulspor.org\/index.php\/wp-json\/wp\/v2\/product\/3075","targetHints":{"allow":["GET"]}}],"collection":[{"href":"https:\/\/www.ttistanbulspor.org\/index.php\/wp-json\/wp\/v2\/product"}],"about":[{"href":"https:\/\/www.ttistanbulspor.org\/index.php\/wp-json\/wp\/v2\/types\/product"}],"replies":[{"embeddable":true,"href":"https:\/\/www.ttistanbulspor.org\/index.php\/wp-json\/wp\/v2\/comments?post=3075"}],"wp:attachment":[{"href":"https:\/\/www.ttistanbulspor.org\/index.php\/wp-json\/wp\/v2\/media?parent=3075"}],"curies":[{"name":"wp","href":"https:\/\/api.w.org\/{rel}","templated":true}]}}