{"id":96126,"date":"2025-05-15T11:05:04","date_gmt":"2025-05-15T08:05:04","guid":{"rendered":"https:\/\/www.ttistanbulspor.org\/?page_id=96126"},"modified":"2025-05-15T11:05:06","modified_gmt":"2025-05-15T08:05:06","slug":"punch-atolyesi","status":"publish","type":"page","link":"https:\/\/www.ttistanbulspor.org\/index.php\/punch-atolyesi\/","title":{"rendered":"Punch At\u00f6lyesi"},"content":{"rendered":"\n<p>Etkinli\u011fimiz hakk\u0131ndaki sorular\u0131n\u0131z\u0131 istbolgesosyaletkinlikler@turktelekom.com.tr e-posta adresimize iletiniz.<\/p>\n","protected":false},"excerpt":{"rendered":"<p>Etkinli\u011fimiz hakk\u0131ndaki sorular\u0131n\u0131z\u0131 istbolgesosyaletkinlikler@turktelekom.com.tr e-posta adresimize iletiniz.<\/p>\n","protected":false},"author":1,"featured_media":96127,"parent":0,"menu_order":0,"comment_status":"closed","ping_status":"closed","template":"","meta":{"footnotes":""},"class_list":["post-96126","page","type-page","status-publish","has-post-thumbnail","hentry"],"_links":{"self":[{"href":"https:\/\/www.ttistanbulspor.org\/index.php\/wp-json\/wp\/v2\/pages\/96126","targetHints":{"allow":["GET"]}}],"collection":[{"href":"https:\/\/www.ttistanbulspor.org\/index.php\/wp-json\/wp\/v2\/pages"}],"about":[{"href":"https:\/\/www.ttistanbulspor.org\/index.php\/wp-json\/wp\/v2\/types\/page"}],"author":[{"embeddable":true,"href":"https:\/\/www.ttistanbulspor.org\/index.php\/wp-json\/wp\/v2\/users\/1"}],"replies":[{"embeddable":true,"href":"https:\/\/www.ttistanbulspor.org\/index.php\/wp-json\/wp\/v2\/comments?post=96126"}],"version-history":[{"count":1,"href":"https:\/\/www.ttistanbulspor.org\/index.php\/wp-json\/wp\/v2\/pages\/96126\/revisions"}],"predecessor-version":[{"id":96129,"href":"https:\/\/www.ttistanbulspor.org\/index.php\/wp-json\/wp\/v2\/pages\/96126\/revisions\/96129"}],"wp:featuredmedia":[{"embeddable":true,"href":"https:\/\/www.ttistanbulspor.org\/index.php\/wp-json\/wp\/v2\/media\/96127"}],"wp:attachment":[{"href":"https:\/\/www.ttistanbulspor.org\/index.php\/wp-json\/wp\/v2\/media?parent=96126"}],"curies":[{"name":"wp","href":"https:\/\/api.w.org\/{rel}","templated":true}]}}