{"id":90359,"date":"2025-01-14T14:58:19","date_gmt":"2025-01-14T11:58:19","guid":{"rendered":"https:\/\/www.ttistanbulspor.org\/?page_id=90359"},"modified":"2025-01-14T14:58:21","modified_gmt":"2025-01-14T11:58:21","slug":"istanbul-turk-telekomspor-kulubu-kvkk-aydinlatma-metni","status":"publish","type":"page","link":"https:\/\/www.ttistanbulspor.org\/index.php\/istanbul-turk-telekomspor-kulubu-kvkk-aydinlatma-metni\/","title":{"rendered":"\u0130STANBUL T\u00dcRK TELEKOMSPOR KUL\u00dcB\u00dc KVKK AYDINLATMA METN\u0130"},"content":{"rendered":"\n<p>\u0130stanbul T\u00fcrk Telekomspor Kul\u00fcb\u00fc \u00fcyelerinin E\u011fitim Projelerine Kay\u0131t Yapt\u0131rmalar\u0131 Kapsam\u0131nda Ki\u015fisel Verilere \u0130li\u015fkin Ayd\u0131nlatma Metni<\/p>\n\n\n\n<p><br><strong>a<\/strong>.Veri Sorumlusu ve Temsilcisi 6698 say\u0131l\u0131 Ki\u015fisel Verilerin Korunmas\u0131 Kanunu (\u201c6698 say\u0131l\u0131 Kanun\u201d) uyar\u0131nca, ki\u015fisel verileriniz; veri sorumlusu olarak taraf \u0130stanbul T\u00fcrk Telekomspor Kul\u00fcb\u00fc\u2019ndan a\u015fa\u011f\u0131da a\u00e7\u0131klanan kapsamda i\u015flenebilecektir.<\/p>\n\n\n\n<p><br><strong>b.<\/strong>Ki\u015fisel Verilerin Hangi Ama\u00e7la \u0130\u015flenece\u011fi Toplanan ki\u015fisel verileriniz, Kurum taraf\u0131ndan sunulan hizmetlerden ilgili ki\u015fileri faydaland\u0131rmak i\u00e7in gerekli \u00e7al\u0131\u015fmalar\u0131n i\u015f birimlerimiz taraf\u0131ndan yap\u0131lmas\u0131 ve ilgili i\u015f s\u00fcre\u00e7lerinin y\u00fcr\u00fct\u00fclmesi; Kurum taraf\u0131ndan program ve hizmetlerinin ilgili ki\u015filerin istifadesine sunulmas\u0131, \u00f6nerilmesi ve tan\u0131t\u0131lmas\u0131 i\u00e7in gerekli olan aktivitelerin planlanmas\u0131 ve icras\u0131 ve Kurumun ve Kurumla i\u015f ili\u015fkisi i\u00e7erisinde olan ilgili ki\u015filerin hukuki g\u00fcvenli\u011finin temini ama\u00e7lar\u0131yla 6698 say\u0131l\u0131 Kanun\u2019un 5. ve 6. maddelerinde belirtilen ki\u015fisel veri i\u015fleme \u015fartlar\u0131 ve ama\u00e7lar\u0131 dahilinde i\u015flenecektir.<\/p>\n\n\n\n<p><br><strong>c<\/strong>.\u0130\u015flenen Ki\u015fisel Verilerin Kimlere ve Hangi Ama\u00e7la Aktar\u0131labilece\u011fi<br>Toplanan ki\u015fisel verileriniz; Kurum taraf\u0131ndan sunulan hizmetlerden ilgili ki\u015fileri faydaland\u0131rmak i\u00e7in gerekli \u00e7al\u0131\u015fmalar\u0131n i\u015f birimlerimiz taraf\u0131ndan yap\u0131lmas\u0131 ve ilgili i\u015f s\u00fcre\u00e7lerinin y\u00fcr\u00fct\u00fclmesi; \u00f6\u011frencilerin e\u011fitim, antrenman ve m\u00fcsabaka esnas\u0131ndaki s\u00fcre\u00e7lerinin sosyal medya platformlar\u0131nda payla\u015f\u0131lmas\u0131, Kurum taraf\u0131ndan program ve hizmetlerinin ilgili ki\u015filerin istifadesine sunulmas\u0131, \u00f6nerilmesi ve tan\u0131t\u0131lmas\u0131 i\u00e7in gerekli olan aktivitelerin planlanmas\u0131 ve icras\u0131 ve Kurumun ve Kurumla i\u015f ili\u015fkisi i\u00e7erisinde olan ilgili ki\u015filerin hukuki g\u00fcvenli\u011finin temini ama\u00e7lar\u0131yla ve 6698 say\u0131l\u0131 Kanun\u2019un 8. ve 9. maddelerinde belirtilen ki\u015fisel veri i\u015fleme \u015fartlar\u0131 ve ama\u00e7lar\u0131 payda\u015flar\u0131m\u0131za, kanunen yetkili kamu kurumlar\u0131 ve \u00f6zel ki\u015filere aktar\u0131labilecektir.<\/p>\n\n\n\n<p><br><strong>d.<\/strong>Ki\u015fisel Veri Toplaman\u0131n Y\u00f6ntemi ve Hukuki SebebiKi\u015fisel verileriniz \u0130stanbul T\u00fcrk Telekomspor Kul\u00fcb\u00fc taraf\u0131ndan yukar\u0131da (b) ve (c) maddelerinde belirtilen hukuki sebeplerle, \u0130stanbul T\u00fcrk Telekomspor Kul\u00fcb\u00fc\u2019ne yapm\u0131\u015f oldu\u011funuz e\u011fitim ba\u015fvurusu i\u015flemleri s\u0131ras\u0131nda fiziki ve elektronik ortamda toplanmaktad\u0131r. Bu hukuki sebeple toplanan ki\u015fisel verileriniz 6698 say\u0131l\u0131 Kanun\u2019un 5. ve 6. maddelerinde belirtilen ki\u015fisel veri i\u015fleme \u015fartlar\u0131 ve ama\u00e7lar\u0131 kapsam\u0131nda bu Ayd\u0131nlatma ve R\u0131za Metni\u2019nin (b), (c) maddelerinde belirtilen ama\u00e7larla da i\u015flenebilmekte ve aktar\u0131labilmektedir. Bu veriler de\u011fi\u015ftirildi\u011fi takdirde tekrar g\u00fcncelleme yap\u0131lmak \u00fczere 50 y\u0131l boyunca 6698 say\u0131l\u0131 Kanun kapsam\u0131nda muhafaza edilecektir. Veriler g\u00fcncellendi\u011finde tekrar a\u00e7\u0131k r\u0131za istenecektir.<br><strong>e.<\/strong> \u0130stanbul T\u00fcrk Telekomspor Kul\u00fcb\u00fc Taraf\u0131ndan A\u00e7\u0131k R\u0131zan\u0131z Do\u011frultusunda \u0130\u015flenen Ki\u015fisel Veriler ve \u0130\u015fleme Ama\u00e7lar\u0131 \u0130stanbul T\u00fcrk Telekomspor Kul\u00fcb\u00fc, a\u015fa\u011f\u0131da belirtilen* ki\u015fisel verilerinizi, yine a\u015fa\u011f\u0131da belirtilen ama\u00e7larla, i\u015fbu Ayd\u0131nlatma ve R\u0131za Metni\u2019ni onaylaman\u0131z ile verdi\u011finiz a\u00e7\u0131k r\u0131zan\u0131z kapsam\u0131nda i\u015fleyebilecektir. Kurum program ve hizmetlerinin planlanmas\u0131 ve icras\u0131; Talep ve\/veya \u015fik\u00e2yetlerin takibi; Kurum-\u00d6\u011frenci ili\u015fkileri y\u00f6netimi s\u00fcre\u00e7lerinin planlanmas\u0131 ve icras\u0131 ama\u00e7lar\u0131yla i\u015flenebilecektir. \u0130stanbul T\u00fcrk Telekomspor Kul\u00fcb\u00fc \u00f6\u011frencilerinin ses\/kamera-video\/foto\u011fraf vb. her t\u00fcrl\u00fc dijital verilerini, her t\u00fcrl\u00fc yay\u0131n organ\u0131nda ve sosyal medya mecras\u0131nda tan\u0131t\u0131m ama\u00e7l\u0131 olarak kullanabilecektir.<br><br><strong>f.<\/strong>Ki\u015fisel Veri Sahibinin 6698 say\u0131l\u0131 Kanun\u2019un 11. Maddesinde Say\u0131lan Haklar\u0131<br>Ki\u015fisel veri sahipleri olarak, haklar\u0131n\u0131za ili\u015fkin taleplerinizi \u0130stanbul T\u00fcrk Telekomspor Kul\u00fcb\u00fc\u2019ne iletmeniz durumunda, talebin niteli\u011fine g\u00f6re talebinizi en k\u0131sa s\u00fcrede ve en ge\u00e7 otuz g\u00fcn i\u00e7inde \u00fccretsiz olarak sonu\u00e7land\u0131racakt\u0131r. Ancak, i\u015flemin ayr\u0131ca bir maliyeti gerektirmesi h\u00e2linde, \u0130stanbul T\u00fcrk Telekomspor Kul\u00fcb\u00fc taraf\u0131ndan Ki\u015fisel Verileri Koruma Kurulunca belirlenen tarifedeki \u00fccret al\u0131nacakt\u0131r. Bu kapsamda ki\u015fisel veri sahipleri;<br>Ki\u015fisel veri i\u015flenip i\u015flenmedi\u011fini \u00f6\u011frenme,Ki\u015fisel verileri i\u015flenmi\u015fse buna ili\u015fkin bilgi talep etme,Ki\u015fisel verilerin i\u015flenme amac\u0131n\u0131 ve bunlar\u0131n amac\u0131na uygun kullan\u0131l\u0131p kullan\u0131lmad\u0131\u011f\u0131n\u0131 \u00f6\u011frenme, Yurt i\u00e7inde veya yurt d\u0131\u015f\u0131nda ki\u015fisel verilerin aktar\u0131ld\u0131\u011f\u0131 \u00fc\u00e7\u00fcnc\u00fc ki\u015fileri bilme, Ki\u015fisel verilerin eksik veya yanl\u0131\u015f i\u015flenmi\u015f olmas\u0131 h\u00e2linde bunlar\u0131n d\u00fczeltilmesini isteme ve bu kapsamda yap\u0131lan i\u015flemin ki\u015fisel verilerin aktar\u0131ld\u0131\u011f\u0131 \u00fc\u00e7\u00fcnc\u00fc ki\u015filere bildirilmesini isteme,6698 say\u0131l\u0131 Kanun ve ilgili di\u011fer kanun h\u00fck\u00fcmlerine uygun olarak i\u015flenmi\u015f olmas\u0131na ra\u011fmen, i\u015flenmesini gerektiren sebeplerin ortadan kalkmas\u0131 h\u00e2linde ki\u015fisel verilerin silinmesini veya yok edilmesini isteme ve bu kapsamda yap\u0131lan i\u015flemin ki\u015fisel verilerin aktar\u0131ld\u0131\u011f\u0131 \u00fc\u00e7\u00fcnc\u00fc ki\u015filere bildirilmesini isteme,<br>\u0130\u015flenen verilerin m\u00fcnhas\u0131ran otomatik sistemler vas\u0131tas\u0131yla analiz edilmesi suretiyle ki\u015finin kendisi aleyhine bir sonucun ortaya \u00e7\u0131kmas\u0131na itiraz etme,<br>Ki\u015fisel verilerin kanuna ayk\u0131r\u0131 olarak i\u015flenmesi sebebiyle zarara u\u011framas\u0131 h\u00e2linde zarar\u0131n giderilmesini talep etme haklar\u0131na sahiptir. *Ad, Soyad, TC Kimlik No, Anne Ad\u0131, Baba Ad\u0131, Do\u011fum Tarihi, Do\u011fum Yeri, Uyruk, \u0130\u015f\/Ev Telefonu, GSM, E-mail, A\u00e7\u0131k Adres, \u0130l\u00e7e, E\u011fitim Durumu, Cinsiyeti, Medeni Durumu, , Bedensel Engel Durumu, Sa\u011fl\u0131k Bilgisi, Boy-Kilo \u00d6l\u00e7\u00fcm Sonu\u00e7lar\u0131 ve Beden Kitle Endeksi, Yeterlilik ve Dayan\u0131kl\u0131l\u0131k \u00d6l\u00e7\u00fcm Sonu\u00e7lar\u0131, \u00c7al\u0131\u015fma Durumu, Hobiler, Tercihler \u0130stanbul T\u00fcrk Telekomspor Kul\u00fcb\u00fc \u00f6\u011frencilerinin e\u011fitim, antrenman ve m\u00fcsabaka s\u0131ras\u0131nda \u00e7ekilen\/kaydedilen ses\/kamera video\/foto\u011fraf kay\u0131tlar\u0131, \u0130stanbul T\u00fcrk Telekomspor Kul\u00fcb\u00fc b\u00fcnyesinde verilen e\u011fitim, seminer, sempozyum, at\u00f6lye \u00e7al\u0131\u015fmas\u0131, workshop, online e\u011fitim, \u0130stanbul T\u00fcrk Telekomspor Kul\u00fcb\u00fc e\u011fitim merkezleri i\u00e7erisinde \u00e7ekilen\/kaydedilen ses\/kamera-video\/foto\u011fraf kay\u0131tlar\u0131.\u201cAyd\u0131nlatma metnini okudum ve anlad\u0131m\u201d (L\u00fctfen a\u015fa\u011f\u0131daki bo\u015flu\u011fa kendiniz bu metini &nbsp;yazarak imzalay\u0131n\u0131z.)<\/p>\n\n\n\n<p><br>Ad-Soyad:<br>\u0130mza:<br><br>(18 Ya\u015f\u0131ndan k\u00fc\u00e7\u00fcklerin velilerinin metni yazmas\u0131 ve imzas\u0131 gereklidir.)<br>Veli Ad-Soyad: \u0130mza:<\/p>\n\n\n\n<p><strong>K\u0130\u015e\u0130SEL VER\u0130LER\u0130N KORUNMASI KANUNU KAPSAMINDA RIZA BEYANI<\/strong><\/p>\n\n\n\n<p><br>6698 say\u0131l\u0131 Ki\u015fisel Verilerin Korunmas\u0131 Kanunu (\u201cKVKK\u201d veya \u201cKanun\u201d) uyar\u0131nca \u00f6zel hayat\u0131n gizlili\u011fi ve ki\u015filerin temel hak ve \u00f6zg\u00fcrl\u00fcklerinin korunmas\u0131 ilkesine uygun olarak ki\u015fisel verilerin muhafazas\u0131, i\u015flenmesi ve mevzuata uygun olarak aktar\u0131m\u0131 hususlar\u0131nda \u0130stanbul T\u00fcrk Telekomspor Kul\u00fcb\u00fc veya \u201cKurum\u201d Veri Sorumlusu s\u0131fat\u0131yla hareket etmektedir. Bu kapsamda \u0130stanbul T\u00fcrk Telekomspor Kul\u00fcb\u00fc i\u015flenen ki\u015fisel verilerle ilgili gerekli g\u00fcvenlik tedbirlerini almakta olup KVKK Ayd\u0131nlatma Metni\u2019nde yer alan a\u00e7\u0131klamalar kapsam\u0131nda ve s\u0131n\u0131r\u0131nda ki\u015fisel verileri i\u015flemektedir.<br>\u0130stanbul T\u00fcrk Telekomspor Kul\u00fcb\u00fc ile Velisi\/Vasisi\/Temsilcisi oldu\u011fum \u00f6\u011frencinin payla\u015ft\u0131\u011f\u0131 ki\u015fisel verilerinin ve \u00f6zel nitelikli ki\u015fisel verilerinin veri sorumlusu s\u0131fat\u0131yla \u0130stanbul T\u00fcrk Telekomspor Kul\u00fcb\u00fc taraf\u0131ndan i\u015flenmesi, ilgili s\u00fcre\u00e7 kapsam\u0131nda i\u015flenme amac\u0131 ile s\u0131n\u0131rl\u0131 olmak \u00fczere kullan\u0131lmas\u0131 ve payla\u015f\u0131lmas\u0131 vb. konularla ile ilgili olarak, KVKK Ayd\u0131nlatma Metni\u2019ni okudum ve bu metin ile ilgili yeterli ve kapsaml\u0131 bir \u015fekilde bilgi sahibi oldum.<\/p>\n\n\n\n<p>Velisi\/Vasisi\/Temsilcisi oldu\u011fum \u00f6\u011frencinin ki\u015fisel verilerinin, \u00f6zel nitelikli ki\u015fisel verilerinin, 6698 say\u0131l\u0131 Ki\u015fisel Verilerin Korunmas\u0131 Kanunu\u2019nun (KVKK), KVKK Ayd\u0131nlatma Metni\u2019nde belirtilen ama\u00e7larla s\u0131n\u0131rl\u0131 olmak \u00fczere, KVKK\u2019n\u0131n 4. maddesinde belirtilen Genel \u0130lkeler ve 6. maddesinde belirtilen \u00d6zel Nitelikli Ki\u015fisel Verilerin \u0130\u015flenme \u015eartlar\u0131 h\u00fck\u00fcmlerine uygun olarak, \u0130stanbul T\u00fcrk Telekomspor Kul\u00fcb\u00fc\u2019ne ve etkinlik i\u00e7in kulland\u0131\u011f\u0131 platformlara (Zoom, Cisco WebEx, YouTube, Facebook, Instagram, Twitter, LinkedIn, Pinterest, Periscope), yurt i\u00e7inde ve yurt d\u0131\u015f\u0131nda bulunan ger\u00e7ek veya t\u00fczel \u00fc\u00e7\u00fcnc\u00fc ki\u015fi kurum ve kurulu\u015flara, KVKK\u2019n\u0131n 8 ve 9. maddelerinde belirtilen ki\u015fisel verilerin aktar\u0131lmas\u0131 \u015fartlar\u0131 \u00e7er\u00e7evesinde aktar\u0131lmas\u0131na A\u00e7\u0131k\u00e7a r\u0131za g\u00f6steriyorum.<br><br>Veli<\/p>\n\n\n\n<p>Ad\u0131 &nbsp;Soyad\u0131<\/p>\n\n\n\n<p><br>\u0130mza<br><br><\/p>\n\n\n\n<p><\/p>\n","protected":false},"excerpt":{"rendered":"<p>\u0130stanbul T\u00fcrk Telekomspor Kul\u00fcb\u00fc \u00fcyelerinin E\u011fitim Projelerine Kay\u0131t Yapt\u0131rmalar\u0131 Kapsam\u0131nda Ki\u015fisel Verilere \u0130li\u015fkin Ayd\u0131nlatma Metni [&#8230;]<\/p>\n","protected":false},"author":1,"featured_media":0,"parent":0,"menu_order":0,"comment_status":"closed","ping_status":"closed","template":"","meta":{"footnotes":""},"class_list":["post-90359","page","type-page","status-publish","hentry"],"_links":{"self":[{"href":"https:\/\/www.ttistanbulspor.org\/index.php\/wp-json\/wp\/v2\/pages\/90359","targetHints":{"allow":["GET"]}}],"collection":[{"href":"https:\/\/www.ttistanbulspor.org\/index.php\/wp-json\/wp\/v2\/pages"}],"about":[{"href":"https:\/\/www.ttistanbulspor.org\/index.php\/wp-json\/wp\/v2\/types\/page"}],"author":[{"embeddable":true,"href":"https:\/\/www.ttistanbulspor.org\/index.php\/wp-json\/wp\/v2\/users\/1"}],"replies":[{"embeddable":true,"href":"https:\/\/www.ttistanbulspor.org\/index.php\/wp-json\/wp\/v2\/comments?post=90359"}],"version-history":[{"count":1,"href":"https:\/\/www.ttistanbulspor.org\/index.php\/wp-json\/wp\/v2\/pages\/90359\/revisions"}],"predecessor-version":[{"id":90361,"href":"https:\/\/www.ttistanbulspor.org\/index.php\/wp-json\/wp\/v2\/pages\/90359\/revisions\/90361"}],"wp:attachment":[{"href":"https:\/\/www.ttistanbulspor.org\/index.php\/wp-json\/wp\/v2\/media?parent=90359"}],"curies":[{"name":"wp","href":"https:\/\/api.w.org\/{rel}","templated":true}]}}