{"id":1198,"date":"2017-03-08T23:06:35","date_gmt":"2017-03-08T20:06:35","guid":{"rendered":"http:\/\/www.ttistanbulspor.org\/?page_id=1198"},"modified":"2021-12-22T21:25:38","modified_gmt":"2021-12-22T18:25:38","slug":"dernek-yonetimi","status":"publish","type":"page","link":"https:\/\/www.ttistanbulspor.org\/index.php\/hakkimizda-2\/hakkimizda\/dernek-yonetimi\/","title":{"rendered":"Dernek Y\u00f6netimi"},"content":{"rendered":"<table width=\"640\">\n<tbody>\n<tr>\n<td colspan=\"2\" width=\"640\">\n<h3><strong><em>Y\u00d6NET\u0130M KURULU AS\u0130L VE YEDEK \u00dcYELER\u0130<\/em><\/strong><\/h3>\n<\/td>\n<\/tr>\n<tr>\n<td>\n<h4><strong><em>YK AS\u0130L \u00dcYELER\u0130<\/em><\/strong><\/h4>\n<\/td>\n<td>\n<h4><strong><em>YK YEDEK \u00dcYELER<\/em><\/strong><\/h4>\n<\/td>\n<\/tr>\n<tr>\n<td><em>B\u0130LAL U\u00c7AR\u00a0 (BA\u015eKAN)<\/em><\/td>\n<td><em>MUSTAFA SEVER<\/em><\/td>\n<\/tr>\n<tr>\n<td><em>\u0130SKENDER BAYRAK (BA\u015eKAN YARDIMCISI)<\/em><\/td>\n<td><i>CUMAL\u0130 \u00d6K\u00dcZC\u00dc<\/i><\/td>\n<\/tr>\n<tr>\n<td><em>H\u00dcLYA EVREN (BA\u015eKAN YARDIMCISI)<\/em><\/td>\n<td>SEV\u0130LAY KOCA<\/td>\n<\/tr>\n<tr>\n<td><em>ABDULLAH MESUT S\u00dcR\u00dcC\u00dc (BA\u015eKAN YARDIMCISI)<\/em><\/td>\n<td>A. BAHADIR DURUKAN<\/td>\n<\/tr>\n<tr>\n<td><em>ERKAN \u00d6ZBEY (BA\u015eKAN YARDIMCISI)<\/em><\/td>\n<td>MUZAFFER MA\u015eALI<\/td>\n<\/tr>\n<tr>\n<td><em>B\u0130LAL \u015eENG\u00dcL (GENEL SEKRETER)<\/em><\/td>\n<td><em>\u00a0<\/em><\/td>\n<\/tr>\n<tr>\n<td><em>H\u00dcSEY\u0130N AYDIN (\u00dcYE)<\/em><\/td>\n<td><em>\u00a0<\/em><\/td>\n<\/tr>\n<tr>\n<td><em>FATMA YILMAZ TOPALO\u011eLU\u00a0 (\u00dcYE)<\/em><\/td>\n<td><em>\u00a0<\/em><\/td>\n<\/tr>\n<tr>\n<td><em>\u0130BRAH\u0130M SA\u011eLAM (\u00dcYE)<\/em><\/td>\n<td><em>\u00a0<\/em><\/td>\n<\/tr>\n<tr>\n<td><em>MURAT \u00d6Z\u015eAH\u0130N\u00a0 (\u00dcYE)<\/em><\/td>\n<td><em>\u00a0<\/em><\/td>\n<\/tr>\n<tr>\n<td><em>YILMAZ \u00c7EB\u0130\u00a0 (\u00dcYE)<\/em><\/td>\n<td><em>\u00a0<\/em><\/td>\n<\/tr>\n<tr>\n<td><em>SERHAN DO\u011eAN YAKUBO\u011eLU(\u00dcYE)<\/em><\/td>\n<td><em>\u00a0<\/em><\/td>\n<\/tr>\n<tr>\n<td><em>YUSUF \u0130ZZETT\u0130N KILIN\u00c7 (\u00dcYE)<\/em><\/td>\n<td><em>\u00a0<\/em><\/td>\n<\/tr>\n<tr>\n<td><em>ERDAL \u00dcM\u0130T (\u00dcYE)<\/em><\/td>\n<td><em>\u00a0<\/em><\/td>\n<\/tr>\n<tr>\n<td><em>EY\u00dcP MURAT G\u00d6RG\u00d6Z\u00a0 (SAYMAN)<\/em><\/td>\n<td><em>\u00a0<\/em><\/td>\n<\/tr>\n<tr>\n<td colspan=\"2\">\n<h3><strong><em>DENETLEME KURULU AS\u0130L VE YEDEK \u00dcYELER\u0130<\/em><\/strong><\/h3>\n<\/td>\n<\/tr>\n<tr>\n<td>\n<h4><strong><em>DK AS\u0130L \u00dcYELER\u0130<\/em><\/strong><\/h4>\n<\/td>\n<td>\n<h4><strong><em>DK YEDEK \u00dcYELER\u0130<\/em><\/strong><\/h4>\n<\/td>\n<\/tr>\n<tr>\n<td><em>CEMAL \u00c7AKIRO\u011eLU (BA\u015eKAN)<\/em><\/td>\n<td><em>N\u0130GAR K\u00dc\u00c7\u00dcK \u00c7AVU\u015e<\/em><\/td>\n<\/tr>\n<tr>\n<td><em>REZZAN \u00c7EV\u0130K (\u00dcYE)<\/em><\/td>\n<td><i>\u00a0CEYDA KARGI<\/i><\/td>\n<\/tr>\n<tr>\n<td><em>BARAN YA\u015eAR\u00a0 (\u00dcYE)<\/em><\/td>\n<td><i>\u00a0\u00c7A\u011eIN SARILAR<\/i><\/td>\n<\/tr>\n<\/tbody>\n<\/table>\n\n\n<p><\/p>\n","protected":false},"excerpt":{"rendered":"<p>Y\u00d6NET\u0130M KURULU AS\u0130L VE YEDEK \u00dcYELER\u0130 YK AS\u0130L \u00dcYELER\u0130 YK YEDEK \u00dcYELER B\u0130LAL U\u00c7AR\u00a0 (BA\u015eKAN) [&#8230;]<\/p>\n","protected":false},"author":1,"featured_media":0,"parent":1213,"menu_order":1,"comment_status":"closed","ping_status":"closed","template":"","meta":{"footnotes":""},"class_list":["post-1198","page","type-page","status-publish","hentry"],"_links":{"self":[{"href":"https:\/\/www.ttistanbulspor.org\/index.php\/wp-json\/wp\/v2\/pages\/1198","targetHints":{"allow":["GET"]}}],"collection":[{"href":"https:\/\/www.ttistanbulspor.org\/index.php\/wp-json\/wp\/v2\/pages"}],"about":[{"href":"https:\/\/www.ttistanbulspor.org\/index.php\/wp-json\/wp\/v2\/types\/page"}],"author":[{"embeddable":true,"href":"https:\/\/www.ttistanbulspor.org\/index.php\/wp-json\/wp\/v2\/users\/1"}],"replies":[{"embeddable":true,"href":"https:\/\/www.ttistanbulspor.org\/index.php\/wp-json\/wp\/v2\/comments?post=1198"}],"version-history":[{"count":7,"href":"https:\/\/www.ttistanbulspor.org\/index.php\/wp-json\/wp\/v2\/pages\/1198\/revisions"}],"predecessor-version":[{"id":38552,"href":"https:\/\/www.ttistanbulspor.org\/index.php\/wp-json\/wp\/v2\/pages\/1198\/revisions\/38552"}],"up":[{"embeddable":true,"href":"https:\/\/www.ttistanbulspor.org\/index.php\/wp-json\/wp\/v2\/pages\/1213"}],"wp:attachment":[{"href":"https:\/\/www.ttistanbulspor.org\/index.php\/wp-json\/wp\/v2\/media?parent=1198"}],"curies":[{"name":"wp","href":"https:\/\/api.w.org\/{rel}","templated":true}]}}

Dernek Yönetimi

<table width="640">
<tbody>
<tr>
<td colspan="2" width="640">
<h3><strong><em>YÖNETİM KURULU ASİL VE YEDEK ÜYELERİ</em></strong></h3>
</td>
</tr>
<tr>
<td>
<h4><strong><em>YK ASİL ÜYELERİ</em></strong></h4>
</td>
<td>
<h4><strong><em>YK YEDEK ÜYELER</em></strong></h4>
</td>
</tr>
<tr>
<td><em>BİLAL UÇAR  (BAŞKAN)</em></td>
<td><em>MUSTAFA SEVER</em></td>
</tr>
<tr>
<td><em>İSKENDER BAYRAK (BAŞKAN YARDIMCISI)</em></td>
<td><i>CUMALİ ÖKÜZCÜ</i></td>
</tr>
<tr>
<td><em>HÜLYA EVREN (BAŞKAN YARDIMCISI)</em></td>
<td>SEVİLAY KOCA</td>
</tr>
<tr>
<td><em>ABDULLAH MESUT SÜRÜCÜ (BAŞKAN YARDIMCISI)</em></td>
<td>A. BAHADIR DURUKAN</td>
</tr>
<tr>
<td><em>ERKAN ÖZBEY (BAŞKAN YARDIMCISI)</em></td>
<td>MUZAFFER MAŞALI</td>
</tr>
<tr>
<td><em>BİLAL ŞENGÜL (GENEL SEKRETER)</em></td>
<td><em> </em></td>
</tr>
<tr>
<td><em>HÜSEYİN AYDIN (ÜYE)</em></td>
<td><em> </em></td>
</tr>
<tr>
<td><em>FATMA YILMAZ TOPALOĞLU  (ÜYE)</em></td>
<td><em> </em></td>
</tr>
<tr>
<td><em>İBRAHİM SAĞLAM (ÜYE)</em></td>
<td><em> </em></td>
</tr>
<tr>
<td><em>MURAT ÖZŞAHİN  (ÜYE)</em></td>
<td><em> </em></td>
</tr>
<tr>
<td><em>YILMAZ ÇEBİ  (ÜYE)</em></td>
<td><em> </em></td>
</tr>
<tr>
<td><em>SERHAN DOĞAN YAKUBOĞLU(ÜYE)</em></td>
<td><em> </em></td>
</tr>
<tr>
<td><em>YUSUF İZZETTİN KILINÇ (ÜYE)</em></td>
<td><em> </em></td>
</tr>
<tr>
<td><em>ERDAL ÜMİT (ÜYE)</em></td>
<td><em> </em></td>
</tr>
<tr>
<td><em>EYÜP MURAT GÖRGÖZ  (SAYMAN)</em></td>
<td><em> </em></td>
</tr>
<tr>
<td colspan="2">
<h3><strong><em>DENETLEME KURULU ASİL VE YEDEK ÜYELERİ</em></strong></h3>
</td>
</tr>
<tr>
<td>
<h4><strong><em>DK ASİL ÜYELERİ</em></strong></h4>
</td>
<td>
<h4><strong><em>DK YEDEK ÜYELERİ</em></strong></h4>
</td>
</tr>
<tr>
<td><em>CEMAL ÇAKIROĞLU (BAŞKAN)</em></td>
<td><em>NİGAR KÜÇÜK ÇAVUŞ</em></td>
</tr>
<tr>
<td><em>REZZAN ÇEVİK (ÜYE)</em></td>
<td><i> CEYDA KARGI</i></td>
</tr>
<tr>
<td><em>BARAN YAŞAR  (ÜYE)</em></td>
<td><i> ÇAĞIN SARILAR</i></td>
</tr>
</tbody>
</table>


<p></p>

<p>YÖNETİM KURULU ASİL VE YEDEK ÜYELERİ YK ASİL ÜYELERİ YK YEDEK ÜYELER BİLAL UÇAR  (BAŞKAN) [&#8230;]</p>
