{"id":7317,"date":"2019-09-30T09:05:20","date_gmt":"2019-09-30T06:05:20","guid":{"rendered":"http:\/\/www.ttistanbulspor.org\/?post_type=product&#038;p=7317"},"modified":"2019-09-30T09:05:53","modified_gmt":"2019-09-30T06:05:53","slug":"mihmandar-bir-eyup-sultan-romani","status":"publish","type":"product","link":"http:\/\/www.ttistanbulspor.org\/index.php\/urun\/mihmandar-bir-eyup-sultan-romani\/","title":{"rendered":"Mihmandar \u2014 Bir Ey\u00fcp Sultan Roman\u0131"},"content":{"rendered":"<p>&#8220;Peygamber&#8217;in mihmand\u00e2r\u0131! Bir arzun varsa yapay\u0131m. Bir vasiyetin varsa yerine getireyim!&#8221;<\/p>\n<p>&#8220;Ey Em\u00eer! Sak\u0131n Allah&#8217;\u0131n dinini bozma, m\u00fcminler aras\u0131na fitne girmesine m\u00fcsaade etme. Askere adalet ile muamele eyle ve d\u00fc\u015fman kar\u015f\u0131s\u0131nda can kaygusu \u00e7ekme. Bana gelince, senden ve senin ait oldu\u011fun \u015fu d\u00fcnyadan hi\u00e7bir \u015fey istemedi\u011fimi bil ve herkese b\u00f6ylece ilan et. \u015eurada can oynatan ceng\u00e2verlerden son arzum odur ki Azrail (a.s) bize u\u011frad\u0131ktan sonra na&#8217;\u015f\u0131m\u0131 Konstantiniyye surlar\u0131na yak\u0131n g\u00f6t\u00fcrs\u00fcnler. O g\u00fcn sava\u015f hatt\u0131 nerede olu\u015fursa, bedenimi o noktaya kadar ta\u015f\u0131s\u0131nlar ve orada, sava\u015fan m\u00fccahitlerin aras\u0131nda beni defneylesinler. Ta ki atlar\u0131m\u0131z\u0131n ayaklar\u0131 bedenimi \u00e7i\u011fnemi\u015f olsun, Bizans dokunamas\u0131n. Ayr\u0131ca, e\u011fer yapabiliyorlarsa, cenazemi kendi at\u0131m\u0131n arkas\u0131nda bir sedyeye ba\u011flay\u0131p ta\u015f\u0131s\u0131nlar. T\u0131pk\u0131 Kutlu Nebi&#8217;yi getiren Kusv\u00e2&#8217;n\u0131n Medine&#8217;de bizim hanemizi buldu\u011fu gibi o da benim i\u00e7in nereye gidece\u011fini ve nerede duraca\u011f\u0131n\u0131 bulacakt\u0131r.&#8221;<\/p>\n","protected":false},"excerpt":{"rendered":"<p>&#8220;Peygamber&#8217;in mihmand\u00e2r\u0131! Bir arzun varsa yapay\u0131m. Bir vasiyetin varsa yerine getireyim!&#8221;<\/p>\n<p>&#8220;Ey Em\u00eer! Sak\u0131n Allah&#8217;\u0131n dinini bozma, m\u00fcminler aras\u0131na fitne girmesine m\u00fcsaade etme. Askere adalet ile muamele eyle ve d\u00fc\u015fman kar\u015f\u0131s\u0131nda can kaygusu \u00e7ekme. Bana gelince, senden ve senin ait oldu\u011fun \u015fu d\u00fcnyadan hi\u00e7bir \u015fey istemedi\u011fimi bil ve herkese b\u00f6ylece ilan et. \u015eurada can oynatan ceng\u00e2verlerden son arzum odur ki Azrail (a.s) bize u\u011frad\u0131ktan sonra na&#8217;\u015f\u0131m\u0131 Konstantiniyye surlar\u0131na yak\u0131n g\u00f6t\u00fcrs\u00fcnler. O g\u00fcn sava\u015f hatt\u0131 nerede olu\u015fursa, bedenimi o noktaya kadar ta\u015f\u0131s\u0131nlar ve orada, sava\u015fan m\u00fccahitlerin aras\u0131nda beni defneylesinler. Ta ki atlar\u0131m\u0131z\u0131n ayaklar\u0131 bedenimi \u00e7i\u011fnemi\u015f olsun, Bizans dokunamas\u0131n. Ayr\u0131ca, e\u011fer yapabiliyorlarsa, cenazemi kendi at\u0131m\u0131n arkas\u0131nda bir sedyeye ba\u011flay\u0131p ta\u015f\u0131s\u0131nlar. T\u0131pk\u0131 Kutlu Nebi&#8217;yi getiren Kusv\u00e2&#8217;n\u0131n Medine&#8217;de bizim hanemizi buldu\u011fu gibi o da benim i\u00e7in nereye gidece\u011fini ve nerede duraca\u011f\u0131n\u0131 bulacakt\u0131r.&#8221;<\/p>\n","protected":false},"featured_media":7318,"comment_status":"open","ping_status":"closed","template":"","meta":[],"class_list":["post-7317","product","type-product","status-publish","has-post-thumbnail","hentry","product_cat-turkiye-roman"],"_links":{"self":[{"href":"http:\/\/www.ttistanbulspor.org\/index.php\/wp-json\/wp\/v2\/product\/7317","targetHints":{"allow":["GET"]}}],"collection":[{"href":"http:\/\/www.ttistanbulspor.org\/index.php\/wp-json\/wp\/v2\/product"}],"about":[{"href":"http:\/\/www.ttistanbulspor.org\/index.php\/wp-json\/wp\/v2\/types\/product"}],"replies":[{"embeddable":true,"href":"http:\/\/www.ttistanbulspor.org\/index.php\/wp-json\/wp\/v2\/comments?post=7317"}],"wp:featuredmedia":[{"embeddable":true,"href":"http:\/\/www.ttistanbulspor.org\/index.php\/wp-json\/wp\/v2\/media\/7318"}],"wp:attachment":[{"href":"http:\/\/www.ttistanbulspor.org\/index.php\/wp-json\/wp\/v2\/media?parent=7317"}],"curies":[{"name":"wp","href":"https:\/\/api.w.org\/{rel}","templated":true}]}}