{"id":7286,"date":"2019-09-25T14:57:59","date_gmt":"2019-09-25T11:57:59","guid":{"rendered":"http:\/\/www.ttistanbulspor.org\/?post_type=product&#038;p=7286"},"modified":"2019-09-25T14:58:24","modified_gmt":"2019-09-25T11:58:24","slug":"donemecte","status":"publish","type":"product","link":"http:\/\/www.ttistanbulspor.org\/index.php\/urun\/donemecte\/","title":{"rendered":"D\u00d6NEME\u00c7TE"},"content":{"rendered":"<p>Tar\u0131k Bu\u011fra bu roman\u0131nda T\u00fcrkiye&#8217;nin tek parti egemenli\u011findeki cumhuriyetten \u00e7ok partili rejime, &#8220;demokrasi&#8221;ye ge\u00e7i\u015f a\u015famas\u0131n\u0131, Cumhuriyet d\u00f6neminin kav\u015faklar\u0131n\u0131 ele alan \u00f6teki romanlar\u0131nda oldu\u011fu gibi, yine Anadolu ta\u015fras\u0131ndan, oraya \u00f6zg\u00fc insanlar\u0131n d\u00fcnyas\u0131ndan ele al\u0131yor. Ancak bu kez, daha \u00f6nce ma\u011fduriyet hallerinde, h\u0131rpalanan, bast\u0131r\u0131lan yanlar\u0131 ile tiple\u015ftirilen bu insanlar\u0131n, DP&#8217;nin harekete ge\u00e7irdi\u011fi bireysel kar, kazan\u00e7, giri\u015fim, h\u0131rs ve saikleri ile sarmalanm\u0131\u015f portreleri \u00f6n plandad\u0131r. Tar\u0131k Bu\u011fra, bu eserinde hem bu ortam\u0131n demokrasinin y\u00fcce siyasal de\u011ferleri ve ama\u00e7lar\u0131 ile muhataral\u0131 ili\u015fkisini sorguluyor, hem de bu ortam ve insan ili\u015fkileri ba\u011flam\u0131nda bir a\u015fk hikayesini a\u015fk kavram\u0131n\u0131n labirentlerinde dola\u015ft\u0131rarak anlat\u0131yor.<\/p>\n","protected":false},"excerpt":{"rendered":"<p>Tar\u0131k Bu\u011fra bu roman\u0131nda T\u00fcrkiye&#8217;nin tek parti egemenli\u011findeki cumhuriyetten \u00e7ok partili rejime, &#8220;demokrasi&#8221;ye ge\u00e7i\u015f a\u015famas\u0131n\u0131, Cumhuriyet d\u00f6neminin kav\u015faklar\u0131n\u0131 ele alan \u00f6teki romanlar\u0131nda oldu\u011fu gibi, yine Anadolu ta\u015fras\u0131ndan, oraya \u00f6zg\u00fc insanlar\u0131n d\u00fcnyas\u0131ndan ele al\u0131yor. Ancak bu kez, daha \u00f6nce ma\u011fduriyet hallerinde, h\u0131rpalanan, bast\u0131r\u0131lan yanlar\u0131 ile tiple\u015ftirilen bu insanlar\u0131n, DP&#8217;nin harekete ge\u00e7irdi\u011fi bireysel kar, kazan\u00e7, giri\u015fim, h\u0131rs ve saikleri ile sarmalanm\u0131\u015f portreleri \u00f6n plandad\u0131r. Tar\u0131k Bu\u011fra, bu eserinde hem bu ortam\u0131n demokrasinin y\u00fcce siyasal de\u011ferleri ve ama\u00e7lar\u0131 ile muhataral\u0131 ili\u015fkisini sorguluyor, hem de bu ortam ve insan ili\u015fkileri ba\u011flam\u0131nda bir a\u015fk hikayesini a\u015fk kavram\u0131n\u0131n labirentlerinde dola\u015ft\u0131rarak anlat\u0131yor.<\/p>\n","protected":false},"featured_media":7287,"comment_status":"open","ping_status":"closed","template":"","meta":[],"class_list":["post-7286","product","type-product","status-publish","has-post-thumbnail","hentry","product_cat-turk-oyku","product_cat-turkiye-roman"],"_links":{"self":[{"href":"http:\/\/www.ttistanbulspor.org\/index.php\/wp-json\/wp\/v2\/product\/7286","targetHints":{"allow":["GET"]}}],"collection":[{"href":"http:\/\/www.ttistanbulspor.org\/index.php\/wp-json\/wp\/v2\/product"}],"about":[{"href":"http:\/\/www.ttistanbulspor.org\/index.php\/wp-json\/wp\/v2\/types\/product"}],"replies":[{"embeddable":true,"href":"http:\/\/www.ttistanbulspor.org\/index.php\/wp-json\/wp\/v2\/comments?post=7286"}],"wp:featuredmedia":[{"embeddable":true,"href":"http:\/\/www.ttistanbulspor.org\/index.php\/wp-json\/wp\/v2\/media\/7287"}],"wp:attachment":[{"href":"http:\/\/www.ttistanbulspor.org\/index.php\/wp-json\/wp\/v2\/media?parent=7286"}],"curies":[{"name":"wp","href":"https:\/\/api.w.org\/{rel}","templated":true}]}}