{"id":7179,"date":"2019-09-24T11:14:56","date_gmt":"2019-09-24T08:14:56","guid":{"rendered":"http:\/\/www.ttistanbulspor.org\/?post_type=product&#038;p=7179"},"modified":"2019-09-24T11:15:02","modified_gmt":"2019-09-24T08:15:02","slug":"bogulmamak-icin","status":"publish","type":"product","link":"http:\/\/www.ttistanbulspor.org\/index.php\/urun\/bogulmamak-icin\/","title":{"rendered":"BO\u011eULMAMAK \u0130\u00c7\u0130N"},"content":{"rendered":"<p>&#8220;Orwell&#8217;in ironik mizah anlay\u0131\u015f\u0131 tazeli\u011fini hi\u00e7 yitirmiyor. Bu, ka\u00e7\u0131r\u0131lmamas\u0131 gereken bir Orwell yap\u0131t\u0131.&#8221;<br \/>\n-The Observer-<\/p>\n<p>G\u00f6be\u011finin \u00e7ap\u0131 giderek geni\u015fleyen ve evinin taksitlerini \u00f6demekle u\u011fra\u015fan George Bowling k\u0131rk be\u015f ya\u015f\u0131nda, evli ve \u00e7ocuklu ve yeni ald\u0131\u011f\u0131 takma di\u015fleriyle kasvetli hayat\u0131ndan \u00e7aresizce kurtulmak isteyen bir sigorta pazarlamac\u0131s\u0131d\u0131r.1939&#8217;da patlak verecek olan sava\u015f\u0131n geli\u015fini; yemek kuyruklar\u0131n\u0131, askerleri, gizli polisi ve zorbal\u0131\u011f\u0131 g\u00f6rerek modern zamanlardan korkmaktad\u0131r.B\u00f6ylece \u00e7ocuklu\u011funun d\u00fcnyas\u0131na, huzur ve s\u00fck\u00fbn dolu bir yer olarak hat\u0131rlad\u0131\u011f\u0131 k\u00f6y\u00fcne s\u0131\u011f\u0131nmaya karar verir.Fakat k\u00f6y\u00fcnde arad\u0131\u011f\u0131n\u0131 bulabilecek mi, oras\u0131 \u015f\u00fcphelidir.<\/p>\n<p>&#8220;\u00c7ok komik olman\u0131n yan\u0131nda hayranl\u0131k uyand\u0131racak kadar ger\u00e7ek\u00e7i&#8230; Bin Dokuz Y\u00fcz Seksen D\u00f6rt&#8217;\u00fc burada n\u00fcve haliyle g\u00f6rebiliyoruz. Hayvan \u00c7iftli\u011fi&#8217;ni de&#8230; Hem zengin bir okuma keyfi sunan hem de iki klasi\u011fin tohumlar\u0131n\u0131 birden bar\u0131nd\u0131ran romanlara kolay rastlanmaz.&#8221;<br \/>\n-John Carey, The Sunday Times-<\/p>\n","protected":false},"excerpt":{"rendered":"<p>&#8220;Orwell&#8217;in ironik mizah anlay\u0131\u015f\u0131 tazeli\u011fini hi\u00e7 yitirmiyor. Bu, ka\u00e7\u0131r\u0131lmamas\u0131 gereken bir Orwell yap\u0131t\u0131.&#8221;<br \/>\n-The Observer-<\/p>\n<p>G\u00f6be\u011finin \u00e7ap\u0131 giderek geni\u015fleyen ve evinin taksitlerini \u00f6demekle u\u011fra\u015fan George Bowling k\u0131rk be\u015f ya\u015f\u0131nda, evli ve \u00e7ocuklu ve yeni ald\u0131\u011f\u0131 takma di\u015fleriyle kasvetli hayat\u0131ndan \u00e7aresizce kurtulmak isteyen bir sigorta pazarlamac\u0131s\u0131d\u0131r.1939&#8217;da patlak verecek olan sava\u015f\u0131n geli\u015fini; yemek kuyruklar\u0131n\u0131, askerleri, gizli polisi ve zorbal\u0131\u011f\u0131 g\u00f6rerek modern zamanlardan korkmaktad\u0131r.B\u00f6ylece \u00e7ocuklu\u011funun d\u00fcnyas\u0131na, huzur ve s\u00fck\u00fbn dolu bir yer olarak hat\u0131rlad\u0131\u011f\u0131 k\u00f6y\u00fcne s\u0131\u011f\u0131nmaya karar verir.Fakat k\u00f6y\u00fcnde arad\u0131\u011f\u0131n\u0131 bulabilecek mi, oras\u0131 \u015f\u00fcphelidir.<\/p>\n<p>&#8220;\u00c7ok komik olman\u0131n yan\u0131nda hayranl\u0131k uyand\u0131racak kadar ger\u00e7ek\u00e7i&#8230; Bin Dokuz Y\u00fcz Seksen D\u00f6rt&#8217;\u00fc burada n\u00fcve haliyle g\u00f6rebiliyoruz. Hayvan \u00c7iftli\u011fi&#8217;ni de&#8230; Hem zengin bir okuma keyfi sunan hem de iki klasi\u011fin tohumlar\u0131n\u0131 birden bar\u0131nd\u0131ran romanlara kolay rastlanmaz.&#8221;<br \/>\n-John Carey, The Sunday Times-<\/p>\n","protected":false},"featured_media":7180,"comment_status":"open","ping_status":"closed","template":"","meta":[],"class_list":["post-7179","product","type-product","status-publish","has-post-thumbnail","hentry","product_cat-dunya-roman"],"_links":{"self":[{"href":"http:\/\/www.ttistanbulspor.org\/index.php\/wp-json\/wp\/v2\/product\/7179","targetHints":{"allow":["GET"]}}],"collection":[{"href":"http:\/\/www.ttistanbulspor.org\/index.php\/wp-json\/wp\/v2\/product"}],"about":[{"href":"http:\/\/www.ttistanbulspor.org\/index.php\/wp-json\/wp\/v2\/types\/product"}],"replies":[{"embeddable":true,"href":"http:\/\/www.ttistanbulspor.org\/index.php\/wp-json\/wp\/v2\/comments?post=7179"}],"wp:featuredmedia":[{"embeddable":true,"href":"http:\/\/www.ttistanbulspor.org\/index.php\/wp-json\/wp\/v2\/media\/7180"}],"wp:attachment":[{"href":"http:\/\/www.ttistanbulspor.org\/index.php\/wp-json\/wp\/v2\/media?parent=7179"}],"curies":[{"name":"wp","href":"https:\/\/api.w.org\/{rel}","templated":true}]}}