{"id":7135,"date":"2019-09-24T07:52:30","date_gmt":"2019-09-24T04:52:30","guid":{"rendered":"http:\/\/www.ttistanbulspor.org\/?post_type=product&#038;p=7135"},"modified":"2019-09-24T07:52:30","modified_gmt":"2019-09-24T04:52:30","slug":"mehmeti-sakatlayan-serce-parmagi","status":"publish","type":"product","link":"http:\/\/www.ttistanbulspor.org\/index.php\/urun\/mehmeti-sakatlayan-serce-parmagi\/","title":{"rendered":"MEHMET&#8217;\u0130 SAKATLAYAN SER\u00c7E PARMA\u011eI"},"content":{"rendered":"<p>Mehmet&#8217;i Sakatlayan Ser\u00e7e Parma\u011f\u0131, bir roman. 1990&#8217;lar\u0131n sonlar\u0131nda \u0130stanbul&#8217;da ge\u00e7en bir hik\u00e2yeye sahip. Hik\u00e2yede Mehmet&#8217;i, \u00c7i\u011fdem&#8217;in ser\u00e7e parma\u011f\u0131 sakatl\u0131yor olabilir. Ama \u00c7i\u011fdem&#8217;in ser\u00e7e parma\u011f\u0131n\u0131 Mehmet&#8217;in g\u00f6z\u00fcne sokan Faruk&#8217;un \u015fairli\u011fi de\u011fil. Faruk&#8217;un \u015fairli\u011finin Mehmet&#8217;in babas\u0131 bir g\u00fczel adam, bir m\u00fczisyen, bir fakir adamla ise ilgisi yok. Mehmet&#8217;in babas\u0131n\u0131n Mehmet&#8217;in \u00e7ocukluk arkada\u015f\u0131 Mamik\u2019le ise ilgisi hi\u00e7 yok. Yirmi \u00fc\u00e7\u00fcnc\u00fc sayfas\u0131ndan sonraya ge\u00e7ilemeyen bir g\u00fcnl\u00fc\u011f\u00fcn b\u00fct\u00fcn bunlarla alakas\u0131 ise zaten yok.<\/p>\n","protected":false},"excerpt":{"rendered":"<p>Mehmet&#8217;i Sakatlayan Ser\u00e7e Parma\u011f\u0131, bir roman. 1990&#8217;lar\u0131n sonlar\u0131nda \u0130stanbul&#8217;da ge\u00e7en bir hik\u00e2yeye sahip. Hik\u00e2yede Mehmet&#8217;i, \u00c7i\u011fdem&#8217;in ser\u00e7e parma\u011f\u0131 sakatl\u0131yor olabilir. Ama \u00c7i\u011fdem&#8217;in ser\u00e7e parma\u011f\u0131n\u0131 Mehmet&#8217;in g\u00f6z\u00fcne sokan Faruk&#8217;un \u015fairli\u011fi de\u011fil. Faruk&#8217;un \u015fairli\u011finin Mehmet&#8217;in babas\u0131 bir g\u00fczel adam, bir m\u00fczisyen, bir fakir adamla ise ilgisi yok. Mehmet&#8217;in babas\u0131n\u0131n Mehmet&#8217;in \u00e7ocukluk arkada\u015f\u0131 Mamik\u2019le ise ilgisi hi\u00e7 yok. Yirmi \u00fc\u00e7\u00fcnc\u00fc sayfas\u0131ndan sonraya ge\u00e7ilemeyen bir g\u00fcnl\u00fc\u011f\u00fcn b\u00fct\u00fcn bunlarla alakas\u0131 ise zaten yok.<\/p>\n","protected":false},"featured_media":7136,"comment_status":"open","ping_status":"closed","template":"","meta":[],"class_list":["post-7135","product","type-product","status-publish","has-post-thumbnail","hentry","product_cat-turkiye-roman"],"_links":{"self":[{"href":"http:\/\/www.ttistanbulspor.org\/index.php\/wp-json\/wp\/v2\/product\/7135","targetHints":{"allow":["GET"]}}],"collection":[{"href":"http:\/\/www.ttistanbulspor.org\/index.php\/wp-json\/wp\/v2\/product"}],"about":[{"href":"http:\/\/www.ttistanbulspor.org\/index.php\/wp-json\/wp\/v2\/types\/product"}],"replies":[{"embeddable":true,"href":"http:\/\/www.ttistanbulspor.org\/index.php\/wp-json\/wp\/v2\/comments?post=7135"}],"wp:featuredmedia":[{"embeddable":true,"href":"http:\/\/www.ttistanbulspor.org\/index.php\/wp-json\/wp\/v2\/media\/7136"}],"wp:attachment":[{"href":"http:\/\/www.ttistanbulspor.org\/index.php\/wp-json\/wp\/v2\/media?parent=7135"}],"curies":[{"name":"wp","href":"https:\/\/api.w.org\/{rel}","templated":true}]}}