{"id":7073,"date":"2019-09-23T09:40:39","date_gmt":"2019-09-23T06:40:39","guid":{"rendered":"http:\/\/www.ttistanbulspor.org\/?post_type=product&#038;p=7073"},"modified":"2019-09-23T09:40:45","modified_gmt":"2019-09-23T06:40:45","slug":"huzursuz-bacak","status":"publish","type":"product","link":"http:\/\/www.ttistanbulspor.org\/index.php\/urun\/huzursuz-bacak\/","title":{"rendered":"Huzursuz Bacak"},"content":{"rendered":"<p>\u0130\u00e7imde y\u0131llar sonra memlekete d\u00f6nm\u00fc\u015f olman\u0131n sevinci, ellerimde bavullar, havaalan\u0131n\u0131n kalabal\u0131k tela\u015f\u0131ndan kurtulup bir taksiye do\u011fru y\u00fcr\u00fcrken az\u0131c\u0131k terlemi\u015f aln\u0131ma huzurun sessiz, sakin, ama garip bir \u015fekilde \u00fcrpertici eli dokunuverdi&#8230;<br \/>\nBavullar\u0131 b\u0131rakt\u0131m, terimi sildim. Tam bu s\u0131rada o boz renkli kertenkele, ayaklar\u0131m\u0131n ucundan sessiz, sakin ama garip \u015fekilde \u00fcrpertici bir bak\u0131\u015fla s\u00fcz\u00fclerek ge\u00e7ip gitti.<\/p>\n","protected":false},"excerpt":{"rendered":"<p>\u0130\u00e7imde y\u0131llar sonra memlekete d\u00f6nm\u00fc\u015f olman\u0131n sevinci, ellerimde bavullar, havaalan\u0131n\u0131n kalabal\u0131k tela\u015f\u0131ndan kurtulup bir taksiye do\u011fru y\u00fcr\u00fcrken az\u0131c\u0131k terlemi\u015f aln\u0131ma huzurun sessiz, sakin, ama garip bir \u015fekilde \u00fcrpertici eli dokunuverdi&#8230;<br \/>\nBavullar\u0131 b\u0131rakt\u0131m, terimi sildim. Tam bu s\u0131rada o boz renkli kertenkele, ayaklar\u0131m\u0131n ucundan sessiz, sakin ama garip \u015fekilde \u00fcrpertici bir bak\u0131\u015fla s\u00fcz\u00fclerek ge\u00e7ip gitti.<\/p>\n","protected":false},"featured_media":7074,"comment_status":"open","ping_status":"closed","template":"","meta":[],"class_list":["post-7073","product","type-product","status-publish","has-post-thumbnail","hentry","product_cat-turk-oyku"],"_links":{"self":[{"href":"http:\/\/www.ttistanbulspor.org\/index.php\/wp-json\/wp\/v2\/product\/7073","targetHints":{"allow":["GET"]}}],"collection":[{"href":"http:\/\/www.ttistanbulspor.org\/index.php\/wp-json\/wp\/v2\/product"}],"about":[{"href":"http:\/\/www.ttistanbulspor.org\/index.php\/wp-json\/wp\/v2\/types\/product"}],"replies":[{"embeddable":true,"href":"http:\/\/www.ttistanbulspor.org\/index.php\/wp-json\/wp\/v2\/comments?post=7073"}],"wp:featuredmedia":[{"embeddable":true,"href":"http:\/\/www.ttistanbulspor.org\/index.php\/wp-json\/wp\/v2\/media\/7074"}],"wp:attachment":[{"href":"http:\/\/www.ttistanbulspor.org\/index.php\/wp-json\/wp\/v2\/media?parent=7073"}],"curies":[{"name":"wp","href":"https:\/\/api.w.org\/{rel}","templated":true}]}}