{"id":7067,"date":"2019-09-23T09:23:08","date_gmt":"2019-09-23T06:23:08","guid":{"rendered":"http:\/\/www.ttistanbulspor.org\/?post_type=product&#038;p=7067"},"modified":"2019-09-23T09:23:16","modified_gmt":"2019-09-23T06:23:16","slug":"ikircikli-biricik","status":"publish","type":"product","link":"http:\/\/www.ttistanbulspor.org\/index.php\/urun\/ikircikli-biricik\/","title":{"rendered":"\u0130kircikli Biricik"},"content":{"rendered":"<p>&#8220;Yeni bir hayat kurmak&#8230; Nas\u0131l oluyordu? \u00d6nce fikir mi geliyordu?Yoksa bir tesad\u00fcf sizi fikrin \u00f6n\u00fcne mi getiriyordu? Yeni bir hayat i\u00e7inmutlaka, kuvvetli bir r\u00fczg\u00e2r m\u0131 gerekiyordu? \u00d6nceki hayat\u0131n\u0131z art\u0131k&#8217;eski&#8217; mi oluyordu? Eski olan\u0131n h\u00fckm\u00fc kalm\u0131yor muydu? O vaktekadar bo\u015funa m\u0131 ya\u015fam\u0131\u015f oluyordunuz?&#8221;Fakat M\u00fczeyyen Bu Derin Bir Tutku, Albay\u0131m Beni Nezahat ile Evlendirve Kalfa ile K\u0131ral\u0131\u00e7a adl\u0131 romanlar\u0131yla edebiyat\u0131m\u0131zda kendine has biryer edinen \u0130lhami Alg\u00f6r, yine bir romanla kar\u015f\u0131m\u0131zda: \u0130kircikli Biricik.\u0130kircikli Biricik, yaln\u0131zl\u0131\u011f\u0131n, aray\u0131\u015f\u0131n, bulma \u00fcmidinin, \u015fehirlerin,caddelerin, \u015fark\u0131n\u0131n ve \u015fiirin roman\u0131\u2026 Titizlikle \u00f6r\u00fclm\u00fc\u015f bir kurgu; ustal\u0131kla harmanlanm\u0131\u015f, sars\u0131c\u0131 bir dil\u2026<\/p>\n","protected":false},"excerpt":{"rendered":"<p>&#8220;Yeni bir hayat kurmak&#8230; Nas\u0131l oluyordu? \u00d6nce fikir mi geliyordu?Yoksa bir tesad\u00fcf sizi fikrin \u00f6n\u00fcne mi getiriyordu? Yeni bir hayat i\u00e7inmutlaka, kuvvetli bir r\u00fczg\u00e2r m\u0131 gerekiyordu? \u00d6nceki hayat\u0131n\u0131z art\u0131k&#8217;eski&#8217; mi oluyordu? Eski olan\u0131n h\u00fckm\u00fc kalm\u0131yor muydu? O vaktekadar bo\u015funa m\u0131 ya\u015fam\u0131\u015f oluyordunuz?&#8221;Fakat M\u00fczeyyen Bu Derin Bir Tutku, Albay\u0131m Beni Nezahat ile Evlendirve Kalfa ile K\u0131ral\u0131\u00e7a adl\u0131 romanlar\u0131yla edebiyat\u0131m\u0131zda kendine has biryer edinen \u0130lhami Alg\u00f6r, yine bir romanla kar\u015f\u0131m\u0131zda: \u0130kircikli Biricik.\u0130kircikli Biricik, yaln\u0131zl\u0131\u011f\u0131n, aray\u0131\u015f\u0131n, bulma \u00fcmidinin, \u015fehirlerin,caddelerin, \u015fark\u0131n\u0131n ve \u015fiirin roman\u0131\u2026 Titizlikle \u00f6r\u00fclm\u00fc\u015f bir kurgu; ustal\u0131kla harmanlanm\u0131\u015f, sars\u0131c\u0131 bir dil\u2026<\/p>\n","protected":false},"featured_media":7068,"comment_status":"open","ping_status":"closed","template":"","meta":[],"class_list":["post-7067","product","type-product","status-publish","has-post-thumbnail","hentry","product_cat-turkiye-roman"],"_links":{"self":[{"href":"http:\/\/www.ttistanbulspor.org\/index.php\/wp-json\/wp\/v2\/product\/7067","targetHints":{"allow":["GET"]}}],"collection":[{"href":"http:\/\/www.ttistanbulspor.org\/index.php\/wp-json\/wp\/v2\/product"}],"about":[{"href":"http:\/\/www.ttistanbulspor.org\/index.php\/wp-json\/wp\/v2\/types\/product"}],"replies":[{"embeddable":true,"href":"http:\/\/www.ttistanbulspor.org\/index.php\/wp-json\/wp\/v2\/comments?post=7067"}],"wp:featuredmedia":[{"embeddable":true,"href":"http:\/\/www.ttistanbulspor.org\/index.php\/wp-json\/wp\/v2\/media\/7068"}],"wp:attachment":[{"href":"http:\/\/www.ttistanbulspor.org\/index.php\/wp-json\/wp\/v2\/media?parent=7067"}],"curies":[{"name":"wp","href":"https:\/\/api.w.org\/{rel}","templated":true}]}}

İkircikli Biricik

<p>&#8220;Yeni bir hayat kurmak&#8230; Nasıl oluyordu? Önce fikir mi geliyordu?Yoksa bir tesadüf sizi fikrin önüne mi getiriyordu? Yeni bir hayat içinmutlaka, kuvvetli bir rüzgâr mı gerekiyordu? Önceki hayatınız artık&#8217;eski&#8217; mi oluyordu? Eski olanın hükmü kalmıyor muydu? O vaktekadar boşuna mı yaşamış oluyordunuz?&#8221;Fakat Müzeyyen Bu Derin Bir Tutku, Albayım Beni Nezahat ile Evlendirve Kalfa ile Kıralıça adlı romanlarıyla edebiyatımızda kendine has biryer edinen İlhami Algör, yine bir romanla karşımızda: İkircikli Biricik.İkircikli Biricik, yalnızlığın, arayışın, bulma ümidinin, şehirlerin,caddelerin, şarkının ve şiirin romanı… Titizlikle örülmüş bir kurgu; ustalıkla harmanlanmış, sarsıcı bir dil…</p>
