{"id":7033,"date":"2019-09-18T14:01:06","date_gmt":"2019-09-18T11:01:06","guid":{"rendered":"http:\/\/www.ttistanbulspor.org\/?post_type=product&#038;p=7033"},"modified":"2019-09-18T15:06:51","modified_gmt":"2019-09-18T12:06:51","slug":"pirayeye-mektuplar-2","status":"publish","type":"product","link":"http:\/\/www.ttistanbulspor.org\/index.php\/urun\/pirayeye-mektuplar-2\/","title":{"rendered":"Pirayeye Mektuplar"},"content":{"rendered":"<p>\u201cN\u00e2z\u0131m\u2019\u0131n, 1933\u2019ten 1950\u2019ye kadar, on yedi y\u0131l boyunca, \u00e7e\u015fitli cezaevlerinden kendisine yazd\u0131\u011f\u0131 mektuplar\u0131, Piraye bir tahta bavulda saklard\u0131. Ceviz a\u011fac\u0131ndan yap\u0131lm\u0131\u015f, 41 x 26 x 14 cm boyutlar\u0131nda k\u00fc\u00e7\u00fck bir tahta bavul. K\u00fc\u00e7\u00fck oldu\u011fu i\u00e7in, belki \u201c\u00e7anta\u201d demek daha do\u011fru. Bu ceviz \u00e7antay\u0131 ona N\u00e2z\u0131m san\u0131r\u0131m \u00c7ank\u0131r\u0131 Cezaevi\u2019ndeyken yapm\u0131\u015ft\u0131.<br \/>\n(&#8230;)<br \/>\nBu kitaptakiler, N\u00e2z\u0131m\u2019\u0131n Piraye\u2019ye yazd\u0131\u011f\u0131 mektuplar\u0131n hepsi mi? \u00c7antadakilerin hepsi&#8230;<br \/>\nBelki bir g\u00fcn ba\u015fka yerlerden de bir \u015feyler \u00e7\u0131kar, bilemem.\u201d<br \/>\nMemet Fuat<\/p>\n","protected":false},"excerpt":{"rendered":"<p>\u201cN\u00e2z\u0131m\u2019\u0131n, 1933\u2019ten 1950\u2019ye kadar, on yedi y\u0131l boyunca, \u00e7e\u015fitli cezaevlerinden kendisine yazd\u0131\u011f\u0131 mektuplar\u0131, Piraye bir tahta bavulda saklard\u0131. Ceviz a\u011fac\u0131ndan yap\u0131lm\u0131\u015f, 41 x 26 x 14 cm boyutlar\u0131nda k\u00fc\u00e7\u00fck bir tahta bavul. K\u00fc\u00e7\u00fck oldu\u011fu i\u00e7in, belki \u201c\u00e7anta\u201d demek daha do\u011fru. Bu ceviz \u00e7antay\u0131 ona N\u00e2z\u0131m san\u0131r\u0131m \u00c7ank\u0131r\u0131 Cezaevi\u2019ndeyken yapm\u0131\u015ft\u0131.<br \/>\n(&#8230;)<br \/>\nBu kitaptakiler, N\u00e2z\u0131m\u2019\u0131n Piraye\u2019ye yazd\u0131\u011f\u0131 mektuplar\u0131n hepsi mi? \u00c7antadakilerin hepsi&#8230;<br \/>\nBelki bir g\u00fcn ba\u015fka yerlerden de bir \u015feyler \u00e7\u0131kar, bilemem.\u201d<br \/>\nMemet Fuat<\/p>\n","protected":false},"featured_media":0,"comment_status":"open","ping_status":"closed","template":"","meta":[],"class_list":["post-7033","product","type-product","status-publish","hentry","product_cat-siir"],"_links":{"self":[{"href":"http:\/\/www.ttistanbulspor.org\/index.php\/wp-json\/wp\/v2\/product\/7033","targetHints":{"allow":["GET"]}}],"collection":[{"href":"http:\/\/www.ttistanbulspor.org\/index.php\/wp-json\/wp\/v2\/product"}],"about":[{"href":"http:\/\/www.ttistanbulspor.org\/index.php\/wp-json\/wp\/v2\/types\/product"}],"replies":[{"embeddable":true,"href":"http:\/\/www.ttistanbulspor.org\/index.php\/wp-json\/wp\/v2\/comments?post=7033"}],"wp:attachment":[{"href":"http:\/\/www.ttistanbulspor.org\/index.php\/wp-json\/wp\/v2\/media?parent=7033"}],"curies":[{"name":"wp","href":"https:\/\/api.w.org\/{rel}","templated":true}]}}

<p>“Nâzım’ın, 1933’ten 1950’ye kadar, on yedi yıl boyunca, çeşitli cezaevlerinden kendisine yazdığı mektupları, Piraye bir tahta bavulda saklardı. Ceviz ağacından yapılmış, 41 x 26 x 14 cm boyutlarında küçük bir tahta bavul. Küçük olduğu için, belki “çanta” demek daha doğru. Bu ceviz çantayı ona Nâzım sanırım Çankırı Cezaevi’ndeyken yapmıştı.<br />
(&#8230;)<br />
Bu kitaptakiler, Nâzım’ın Piraye’ye yazdığı mektupların hepsi mi? Çantadakilerin hepsi&#8230;<br />
Belki bir gün başka yerlerden de bir şeyler çıkar, bilemem.”<br />
Memet Fuat</p>
