{"id":7026,"date":"2019-09-18T13:43:46","date_gmt":"2019-09-18T10:43:46","guid":{"rendered":"http:\/\/www.ttistanbulspor.org\/?post_type=product&#038;p=7026"},"modified":"2019-09-18T13:44:07","modified_gmt":"2019-09-18T10:44:07","slug":"yildiz-sayan-agac-2","status":"publish","type":"product","link":"http:\/\/www.ttistanbulspor.org\/index.php\/urun\/yildiz-sayan-agac-2\/","title":{"rendered":"YILDIZ SAYAN A\u011eA\u00c7"},"content":{"rendered":"<div id=\"description_text\" class=\"readmore-js-section readmore-js-expanded\">Babam \u00f6ld\u00fc<br \/>\nkoptu \u00e7alar saatlerin<br \/>\ngergin yay\u0131<br \/>\nbabas\u0131z evlerde<br \/>\nkim susturacak<br \/>\n\u00e7\u0131\u011fl\u0131ktan do\u011fan f\u0131rt\u0131nay\u0131<\/p>\n<p>Bahar gibi verirmi\u015f babam<br \/>\nannemin ellerine d\u00fcnyay\u0131<\/p>\n<p>Yoksulluk da \u00f6l\u00fcm gibidir<br \/>\n\u00e7evreden ku\u015fat\u0131r evi<br \/>\ng\u00f6k nas\u0131l kucaklarsa dolunay\u0131<\/p>\n<p>Herkes \u00f6\u011frenebilir bal\u0131k tutmay\u0131<br \/>\nbana denize bakmay\u0131 \u00f6\u011fret anne<\/p>\n<p>Sevin\u00e7li bir \u015fark\u0131 s\u00f6yle<br \/>\nko\u015fmaya al\u0131\u015ft\u0131r babas\u0131z tay\u0131<\/p><\/div>\n","protected":false},"excerpt":{"rendered":"<div id=\"description_text\" class=\"readmore-js-section readmore-js-expanded\">\n<div id=\"description_text\" class=\"readmore-js-section readmore-js-expanded\">Babam \u00f6ld\u00fc<br \/>\nkoptu \u00e7alar saatlerin<br \/>\ngergin yay\u0131<br \/>\nbabas\u0131z evlerde<br \/>\nkim susturacak<br \/>\n\u00e7\u0131\u011fl\u0131ktan do\u011fan f\u0131rt\u0131nay\u0131<\/p>\n<p>Bahar gibi verirmi\u015f babam<br \/>\nannemin ellerine d\u00fcnyay\u0131<\/p>\n<p>Yoksulluk da \u00f6l\u00fcm gibidir<br \/>\n\u00e7evreden ku\u015fat\u0131r evi<br \/>\ng\u00f6k nas\u0131l kucaklarsa dolunay\u0131<\/p>\n<p>Herkes \u00f6\u011frenebilir bal\u0131k tutmay\u0131<br \/>\nbana denize bakmay\u0131 \u00f6\u011fret anne<\/p>\n<p>Sevin\u00e7li bir \u015fark\u0131 s\u00f6yle<br \/>\nko\u015fmaya al\u0131\u015ft\u0131r babas\u0131z tay\u0131<\/p><\/div>\n<\/div>\n","protected":false},"featured_media":7027,"comment_status":"open","ping_status":"closed","template":"","meta":[],"class_list":["post-7026","product","type-product","status-publish","has-post-thumbnail","hentry","product_cat-siir"],"_links":{"self":[{"href":"http:\/\/www.ttistanbulspor.org\/index.php\/wp-json\/wp\/v2\/product\/7026","targetHints":{"allow":["GET"]}}],"collection":[{"href":"http:\/\/www.ttistanbulspor.org\/index.php\/wp-json\/wp\/v2\/product"}],"about":[{"href":"http:\/\/www.ttistanbulspor.org\/index.php\/wp-json\/wp\/v2\/types\/product"}],"replies":[{"embeddable":true,"href":"http:\/\/www.ttistanbulspor.org\/index.php\/wp-json\/wp\/v2\/comments?post=7026"}],"wp:featuredmedia":[{"embeddable":true,"href":"http:\/\/www.ttistanbulspor.org\/index.php\/wp-json\/wp\/v2\/media\/7027"}],"wp:attachment":[{"href":"http:\/\/www.ttistanbulspor.org\/index.php\/wp-json\/wp\/v2\/media?parent=7026"}],"curies":[{"name":"wp","href":"https:\/\/api.w.org\/{rel}","templated":true}]}}