{"id":6996,"date":"2019-09-18T10:38:45","date_gmt":"2019-09-18T07:38:45","guid":{"rendered":"http:\/\/www.ttistanbulspor.org\/?post_type=product&#038;p=6996"},"modified":"2019-09-18T10:39:09","modified_gmt":"2019-09-18T07:39:09","slug":"her-sey-seninle-baslar-2","status":"publish","type":"product","link":"http:\/\/www.ttistanbulspor.org\/index.php\/urun\/her-sey-seninle-baslar-2\/","title":{"rendered":"Her \u015eey Seninle Ba\u015flar"},"content":{"rendered":"<p>Her \u015fey seninle ba\u015flar! Sen y\u00fcr\u00fcrsen, yollar k\u00fc\u00e7\u00fcl\u00fcr. Sen durursan, her \u015fey g\u00f6z\u00fcnde b\u00fcy\u00fcr. Ne kadar iyi haz\u0131rlan\u0131rsan, o kadar az korkars\u0131n. Nas\u0131l yapabilece\u011fini \u00f6\u011frenirsen, sen de yapabilirsin. Yery\u00fcz\u00fcndeki herkes g\u00f6ky\u00fcz\u00fcne ayn\u0131 mesafededir. Akl\u0131n\u0131 kullan, g\u00fc\u00e7l\u00fc ol, g\u00fcl\u00fcmse ve s\u0131k\u0131 \u00e7al\u0131\u015f!<\/p>\n<p>Sen &#8220;b\u00fcy\u00fcd\u00fck\u00e7e&#8221; korkular\u0131n k\u00fc\u00e7\u00fclecek! Ba\u015far\u0131 kendini iyi hissettirecek. Haydi, \u015fimdi s\u0131ra sende!<\/p>\n<p>Her \u015eey Seninle Ba\u015flar, \u00c7ocuk!<\/p>\n<p>8 y\u0131lda 1.000.000 okura ula\u015fan Her \u015eey Seninle Ba\u015flar,\u00a0 anne babalar\u0131n \u0131srarl\u0131 iste\u011fiyle \u00e7ocuk\u00e7a&#8221;ya \u00e7evrildi.<\/p>\n","protected":false},"excerpt":{"rendered":"<p>Her \u015fey seninle ba\u015flar! Sen y\u00fcr\u00fcrsen, yollar k\u00fc\u00e7\u00fcl\u00fcr. Sen durursan, her \u015fey g\u00f6z\u00fcnde b\u00fcy\u00fcr. Ne kadar iyi haz\u0131rlan\u0131rsan, o kadar az korkars\u0131n. Nas\u0131l yapabilece\u011fini \u00f6\u011frenirsen, sen de yapabilirsin. Yery\u00fcz\u00fcndeki herkes g\u00f6ky\u00fcz\u00fcne ayn\u0131 mesafededir. Akl\u0131n\u0131 kullan, g\u00fc\u00e7l\u00fc ol, g\u00fcl\u00fcmse ve s\u0131k\u0131 \u00e7al\u0131\u015f!<\/p>\n<p>Sen &#8220;b\u00fcy\u00fcd\u00fck\u00e7e&#8221; korkular\u0131n k\u00fc\u00e7\u00fclecek! Ba\u015far\u0131 kendini iyi hissettirecek. Haydi, \u015fimdi s\u0131ra sende!<\/p>\n<p>Her \u015eey Seninle Ba\u015flar, \u00c7ocuk!<\/p>\n<p>8 y\u0131lda 1.000.000 okura ula\u015fan Her \u015eey Seninle Ba\u015flar,\u00a0 anne babalar\u0131n \u0131srarl\u0131 iste\u011fiyle \u00e7ocuk\u00e7a&#8221;ya \u00e7evrildi.<\/p>\n","protected":false},"featured_media":6997,"comment_status":"open","ping_status":"closed","template":"","meta":[],"class_list":["post-6996","product","type-product","status-publish","has-post-thumbnail","hentry","product_cat-kisisel-gelisim","product_cat-kisiselgelisim"],"_links":{"self":[{"href":"http:\/\/www.ttistanbulspor.org\/index.php\/wp-json\/wp\/v2\/product\/6996","targetHints":{"allow":["GET"]}}],"collection":[{"href":"http:\/\/www.ttistanbulspor.org\/index.php\/wp-json\/wp\/v2\/product"}],"about":[{"href":"http:\/\/www.ttistanbulspor.org\/index.php\/wp-json\/wp\/v2\/types\/product"}],"replies":[{"embeddable":true,"href":"http:\/\/www.ttistanbulspor.org\/index.php\/wp-json\/wp\/v2\/comments?post=6996"}],"wp:featuredmedia":[{"embeddable":true,"href":"http:\/\/www.ttistanbulspor.org\/index.php\/wp-json\/wp\/v2\/media\/6997"}],"wp:attachment":[{"href":"http:\/\/www.ttistanbulspor.org\/index.php\/wp-json\/wp\/v2\/media?parent=6996"}],"curies":[{"name":"wp","href":"https:\/\/api.w.org\/{rel}","templated":true}]}}

Her Şey Seninle Başlar

<p>Her şey seninle başlar! Sen yürürsen, yollar küçülür. Sen durursan, her şey gözünde büyür. Ne kadar iyi hazırlanırsan, o kadar az korkarsın. Nasıl yapabileceğini öğrenirsen, sen de yapabilirsin. Yeryüzündeki herkes gökyüzüne aynı mesafededir. Aklını kullan, güçlü ol, gülümse ve sıkı çalış!</p>
<p>Sen &#8220;büyüdükçe&#8221; korkuların küçülecek! Başarı kendini iyi hissettirecek. Haydi, şimdi sıra sende!</p>
<p>Her Şey Seninle Başlar, Çocuk!</p>
<p>8 yılda 1.000.000 okura ulaşan Her Şey Seninle Başlar,  anne babaların ısrarlı isteğiyle çocukça&#8221;ya çevrildi.</p>
