{"id":3341,"date":"2018-04-13T08:34:00","date_gmt":"2018-04-13T05:34:00","guid":{"rendered":"http:\/\/www.ttistanbulspor.org\/?post_type=product&#038;p=3341"},"modified":"2018-04-13T08:34:00","modified_gmt":"2018-04-13T05:34:00","slug":"ugultulu-tepeler","status":"publish","type":"product","link":"http:\/\/www.ttistanbulspor.org\/index.php\/urun\/ugultulu-tepeler\/","title":{"rendered":"U\u011fultulu Tepeler"},"content":{"rendered":"<p>19. y\u00fczy\u0131l \u0130ngiliz edebiyat\u0131n\u0131n \u00f6nemli kad\u0131n yazarlar\u0131ndan biri olan Emily Bronte&#8217;nin ilk ve tek roman\u0131 U\u011fultulu Tepeler, k\u0131r\u0131k oldu\u011fu kadar marazi de olan bir a\u015fk hik\u00e2yesi etraf\u0131nda gezinerek kad\u0131n ve erkek, insan ve do\u011fa, a\u015fk ve \u00f6l\u00fcm, sadakat ve ihanet, hakikat ve yalan gibi ikilikleri kendine \u00f6zg\u00fc bir dille i\u015fliyor. Gotik roman t\u00fcr\u00fcn\u00fcn ba\u015far\u0131l\u0131 \u00f6rneklerinden olan U\u011fultulu Tepeler, karanl\u0131k ve puslu evleri, i\u00e7inde t\u00fcrl\u00fc arzular\u0131n, tutkular\u0131n ve d\u00fc\u015f\u00fcncelerin boyatt\u0131\u011f\u0131 odalar\u0131, ter i\u00e7inde uyan\u0131lan k\u00e2buslar\u0131 anlat\u0131rken, ger\u00e7ek\u00e7ili\u011fi elden b\u0131rakmayan bir strateji izliyor. Bu d\u00fcnyada her \u015fey olanca karma\u015f\u0131kl\u0131\u011f\u0131na ra\u011fmen son derece yal\u0131nd\u0131r. \u0130stekler \u00e7\u00f6z\u00fcl\u00fcr, arzular geri \u00e7ekilir, geriye u\u011fultusuyla yabani bir do\u011fa, s\u0131z\u0131l\u0131 bir yaln\u0131zl\u0131k ve a\u015fktan taviz veren bir ruh hali kal\u0131r: Hem bu ne bi\u00e7im a\u015fk b\u00f6yle, sonsuz a\u015fk\u0131n bir kar f\u0131rt\u0131nas\u0131na bile dayanamad\u0131! Yaz g\u00fcnleri, ay g\u00f6ky\u00fcz\u00fcnde parlad\u0131\u011f\u0131 s\u00fcrece, biz de yataklar\u0131m\u0131zda rahat\u00e7a uyuduk; ama k\u0131\u015f\u0131n ilk f\u0131rt\u0131nas\u0131yla hemen ba\u015f\u0131n\u0131 sokacak bir yer ar\u0131yorsun. Emily Bronte, kar f\u0131rt\u0131nas\u0131na dayanamayan g\u00fcne\u015fli a\u015fklardansa so\u011fuklar\u0131, r\u00fczg\u00e2rlar\u0131 g\u00f6ze alan bir a\u015fk anlay\u0131\u015f\u0131ndan yana at\u0131yor zar\u0131n\u0131, ac\u0131y\u0131 ve yaln\u0131zl\u0131\u011f\u0131 g\u00f6ze almak pahas\u0131na&#8230;<\/p>\n","protected":false},"excerpt":{"rendered":"<p>19. y\u00fczy\u0131l \u0130ngiliz edebiyat\u0131n\u0131n \u00f6nemli kad\u0131n yazarlar\u0131ndan biri olan Emily Bronte&#8217;nin ilk ve tek roman\u0131 [&#8230;]<\/p>\n","protected":false},"featured_media":0,"comment_status":"open","ping_status":"closed","template":"","meta":[],"class_list":["post-3341","product","type-product","status-publish","hentry","product_cat-genel"],"_links":{"self":[{"href":"http:\/\/www.ttistanbulspor.org\/index.php\/wp-json\/wp\/v2\/product\/3341","targetHints":{"allow":["GET"]}}],"collection":[{"href":"http:\/\/www.ttistanbulspor.org\/index.php\/wp-json\/wp\/v2\/product"}],"about":[{"href":"http:\/\/www.ttistanbulspor.org\/index.php\/wp-json\/wp\/v2\/types\/product"}],"replies":[{"embeddable":true,"href":"http:\/\/www.ttistanbulspor.org\/index.php\/wp-json\/wp\/v2\/comments?post=3341"}],"wp:attachment":[{"href":"http:\/\/www.ttistanbulspor.org\/index.php\/wp-json\/wp\/v2\/media?parent=3341"}],"curies":[{"name":"wp","href":"https:\/\/api.w.org\/{rel}","templated":true}]}}