{"id":3319,"date":"2018-04-12T10:28:51","date_gmt":"2018-04-12T07:28:51","guid":{"rendered":"http:\/\/www.ttistanbulspor.org\/?post_type=product&#038;p=3319"},"modified":"2018-04-12T10:29:19","modified_gmt":"2018-04-12T07:29:19","slug":"sinekli-bakkal","status":"publish","type":"product","link":"http:\/\/www.ttistanbulspor.org\/index.php\/urun\/sinekli-bakkal\/","title":{"rendered":"Sinekli Bakkal"},"content":{"rendered":"<p>Ad\u0131var\u2019\u0131n bug\u00fcne kadar defalarca bas\u0131lm\u0131\u015f, milyonlarca okur taraf\u0131ndan okunmu\u015f ve g\u00fcncelli\u011fini hi\u00e7 yitirmemi\u015f roman\u0131 Sinekli Bakkal, T\u00fcrk roman\u0131 i\u00e7erisinde \u00f6zel bir yere sahip. &#8220;Roman,&#8221; dendi\u011finde akl\u0131m\u0131za gelen ilk kitaplardan biri olan bu yap\u0131t\u0131 Selim \u0130leri\u2019nin yazd\u0131\u011f\u0131 sons\u00f6z e\u015fli\u011finde sunuyoruz.<\/p>\n<p>Defalarca bas\u0131lm\u0131\u015f, ku\u015faklardan ku\u015faklara ula\u015fabilmi\u015f Sinekli Bakkal, II. Abd\u00fclhamid d\u00f6nemini bir ge\u00e7mi\u015f zaman dekoru \u00f6n\u00fcnde yans\u0131tarak, eskiden yeniye devral\u0131nmas\u0131 gereken k\u00fclt\u00fcr, sanat ve t\u00f6re de\u011ferleri \u00fczerinde durur. Bir anlamda, yazar ve eseri, tarihi s\u00fcreklilik aray\u0131\u015f\u0131 i\u00e7erisindedirler.<\/p>\n","protected":false},"excerpt":{"rendered":"<p>Ad\u0131var\u2019\u0131n bug\u00fcne kadar defalarca bas\u0131lm\u0131\u015f, milyonlarca okur taraf\u0131ndan okunmu\u015f ve g\u00fcncelli\u011fini hi\u00e7 yitirmemi\u015f roman\u0131 Sinekli [&#8230;]<\/p>\n","protected":false},"featured_media":0,"comment_status":"open","ping_status":"closed","template":"","meta":[],"class_list":["post-3319","product","type-product","status-publish","hentry","product_cat-romanhikaye"],"_links":{"self":[{"href":"http:\/\/www.ttistanbulspor.org\/index.php\/wp-json\/wp\/v2\/product\/3319","targetHints":{"allow":["GET"]}}],"collection":[{"href":"http:\/\/www.ttistanbulspor.org\/index.php\/wp-json\/wp\/v2\/product"}],"about":[{"href":"http:\/\/www.ttistanbulspor.org\/index.php\/wp-json\/wp\/v2\/types\/product"}],"replies":[{"embeddable":true,"href":"http:\/\/www.ttistanbulspor.org\/index.php\/wp-json\/wp\/v2\/comments?post=3319"}],"wp:attachment":[{"href":"http:\/\/www.ttistanbulspor.org\/index.php\/wp-json\/wp\/v2\/media?parent=3319"}],"curies":[{"name":"wp","href":"https:\/\/api.w.org\/{rel}","templated":true}]}}