{"id":3314,"date":"2018-04-12T09:53:01","date_gmt":"2018-04-12T06:53:01","guid":{"rendered":"http:\/\/www.ttistanbulspor.org\/?post_type=product&#038;p=3314"},"modified":"2018-04-12T09:53:01","modified_gmt":"2018-04-12T06:53:01","slug":"korburun","status":"publish","type":"product","link":"http:\/\/www.ttistanbulspor.org\/index.php\/urun\/korburun\/","title":{"rendered":"K\u00f6rburun"},"content":{"rendered":"<p>&#8220;Birazdan g\u00fcne\u015f do\u011facakt\u0131. Uyuyan c\u0131rc\u0131rb\u00f6cekleri uyanacak, yorulanlar uykuya dalacak, insanlar yataklar\u0131ndan kalk\u0131p kahvalt\u0131 masas\u0131na ge\u00e7ecekti. Y\u0131ld\u0131zlara bak\u0131l\u0131rsa bulutsuz, r\u00fczg\u00e2rs\u0131z, \u0131l\u0131k bir g\u00fcn olacakt\u0131. \u00d6nce uzaktan d\u00fcd\u00fck sesi duyulacakt\u0131, sonra \u015fehir hatlar\u0131 vapuru, yosunlar\u0131n kokusunu kabartan k\u00f6p\u00fckler \u00e7\u0131kararak iskeleye yana\u015facakt\u0131. \u0130\u00e7i her zamanki gibi \u00e7ay ve mazot kokacakt\u0131. Halatlar at\u0131ld\u0131ktan birka\u00e7 dakika sonra hemen toplanacakt\u0131; vapur K\u00f6rburun&#8217;da \u00e7ok beklemeyecekti \u00e7\u00fcnk\u00fc Seher&#8217;den ba\u015fka yolcusu olmayacakt\u0131 b\u00fcy\u00fck olas\u0131l\u0131kla.&#8221;<\/p>\n<p>K\u00f6rburun, hem uzak hem yak\u0131n bir ada\u2026 Sapa, i\u00e7ine kapal\u0131 ama bir o kadar da yak\u0131n\u0131ndaki anakaran\u0131n uzant\u0131s\u0131. Ku\u015faklard\u0131r g\u00f6zden \u0131rak, a\u011f\u0131r akan ya\u015fant\u0131s\u0131 asl\u0131nda hi\u00e7 yabanc\u0131s\u0131 olmad\u0131\u011f\u0131m\u0131z bir \u00f6yk\u00fc anlat\u0131yor bize. Eski, &#8220;ah ne g\u00fczel kom\u015fular\u0131m\u0131z&#8221; ile ge\u00e7en g\u00fcnlerden gittik\u00e7e kendi i\u00e7ine kapanan, i\u00e7ine kapand\u0131k\u00e7a da kendi kurallar\u0131ndaki dayatmac\u0131l\u0131\u011f\u0131n sertle\u015fti\u011fi bir ya\u015fam\u0131n ad\u0131m ad\u0131m \u00f6r\u00fcld\u00fc\u011f\u00fc K\u00f6rburun&#8217;da g\u00fcr\u00fclt\u00fcl\u00fc \u015feyler hakk\u0131nda susulur, g\u00fcnl\u00fck sesler ise u\u011fultuya d\u00f6n\u00fc\u015f\u00fcr.<\/p>\n<p>Hikmet H\u00fck\u00fcmeno\u011flu, \u00fc\u00e7 ku\u015fa\u011f\u0131n a\u015fklar\u0131n\u0131, h\u0131rslar\u0131n\u0131, d\u00fc\u015f k\u0131r\u0131kl\u0131klar\u0131n\u0131 anlatt\u0131\u011f\u0131 K\u00f6rburun&#8217;da &#8220;b\u00fcy\u00fck roman&#8221;\u0131 deniyor ve bizi \u00f6yk\u00fcn\u00fcn bireyi a\u015ft\u0131\u011f\u0131 yere bakmaya y\u00f6nlendiriyor.<\/p>\n","protected":false},"excerpt":{"rendered":"<p>&#8220;Birazdan g\u00fcne\u015f do\u011facakt\u0131. Uyuyan c\u0131rc\u0131rb\u00f6cekleri uyanacak, yorulanlar uykuya dalacak, insanlar yataklar\u0131ndan kalk\u0131p kahvalt\u0131 masas\u0131na ge\u00e7ecekti. [&#8230;]<\/p>\n","protected":false},"featured_media":0,"comment_status":"open","ping_status":"closed","template":"","meta":[],"class_list":["post-3314","product","type-product","status-publish","hentry","product_cat-romanhikaye"],"_links":{"self":[{"href":"http:\/\/www.ttistanbulspor.org\/index.php\/wp-json\/wp\/v2\/product\/3314","targetHints":{"allow":["GET"]}}],"collection":[{"href":"http:\/\/www.ttistanbulspor.org\/index.php\/wp-json\/wp\/v2\/product"}],"about":[{"href":"http:\/\/www.ttistanbulspor.org\/index.php\/wp-json\/wp\/v2\/types\/product"}],"replies":[{"embeddable":true,"href":"http:\/\/www.ttistanbulspor.org\/index.php\/wp-json\/wp\/v2\/comments?post=3314"}],"wp:attachment":[{"href":"http:\/\/www.ttistanbulspor.org\/index.php\/wp-json\/wp\/v2\/media?parent=3314"}],"curies":[{"name":"wp","href":"https:\/\/api.w.org\/{rel}","templated":true}]}}