{"id":3308,"date":"2018-04-12T09:28:49","date_gmt":"2018-04-12T06:28:49","guid":{"rendered":"http:\/\/www.ttistanbulspor.org\/?post_type=product&#038;p=3308"},"modified":"2018-04-12T09:28:49","modified_gmt":"2018-04-12T06:28:49","slug":"ukde","status":"publish","type":"product","link":"http:\/\/www.ttistanbulspor.org\/index.php\/urun\/ukde\/","title":{"rendered":"Ukde"},"content":{"rendered":"<p>Onun benden \u00f6z\u00fcr dilemesi, \u00f6zr\u00fcm\u00fc kabul etmek zorundas\u0131n anlam\u0131na geliyordu. Sahtek\u00e2rca, hi\u00e7bir samimiyeti olmayan bir \u00f6z\u00fcr, hani. Onu affetseydim ben de ayn\u0131 sahtek\u00e2rl\u0131\u011f\u0131 giyinecektim. D\u00fc\u015f\u00fcnsene, affetmedi\u011fim i\u00e7in ben su\u00e7lu olaca\u011f\u0131m. D\u00f6n\u00fcp ona, seni affetmedi\u011fim i\u00e7in beni affet diyece\u011fim neredeyse. bir defter: \u0130\u00e7 d\u00f6ken, hat\u0131rlayan, nedamet getiren, anlamak ve anlatmak- isteyen sat\u0131rlar&#8230; Nuru Garda\u015f, Benjamin A\u011fabey&#8217;i anlat\u0131yor. Cavidan okuyor, kad\u0131nlar konu\u015fuyor. Gurbet yollara d\u00fc\u015f\u00fcyor. Utanan, ba\u011f\u0131\u015flayan, \u00f6z\u00fcr dileyen hasb\u0131haller&#8230; \u015e\u00fcphenin, utanman\u0131n ve yalan\u0131n te\u015fhiri&#8230; Ukde k\u0131sac\u0131k, b\u00fcy\u00fck bir roman. Ermenileri, T\u00fcrkleri, kad\u0131nlar\u0131, katilleri, hainleri, eski defterleri de\u015feleyen kederli bir ses&#8230; Akif Kurtulu\u015f, kay\u0131ts\u0131z kal\u0131namayacak bir serinlikle kuruyor roman\u0131.<\/p>\n","protected":false},"excerpt":{"rendered":"<p>Onun benden \u00f6z\u00fcr dilemesi, \u00f6zr\u00fcm\u00fc kabul etmek zorundas\u0131n anlam\u0131na geliyordu. Sahtek\u00e2rca, hi\u00e7bir samimiyeti olmayan bir [&#8230;]<\/p>\n","protected":false},"featured_media":0,"comment_status":"open","ping_status":"closed","template":"","meta":[],"class_list":["post-3308","product","type-product","status-publish","hentry","product_cat-romanhikaye"],"_links":{"self":[{"href":"http:\/\/www.ttistanbulspor.org\/index.php\/wp-json\/wp\/v2\/product\/3308","targetHints":{"allow":["GET"]}}],"collection":[{"href":"http:\/\/www.ttistanbulspor.org\/index.php\/wp-json\/wp\/v2\/product"}],"about":[{"href":"http:\/\/www.ttistanbulspor.org\/index.php\/wp-json\/wp\/v2\/types\/product"}],"replies":[{"embeddable":true,"href":"http:\/\/www.ttistanbulspor.org\/index.php\/wp-json\/wp\/v2\/comments?post=3308"}],"wp:attachment":[{"href":"http:\/\/www.ttistanbulspor.org\/index.php\/wp-json\/wp\/v2\/media?parent=3308"}],"curies":[{"name":"wp","href":"https:\/\/api.w.org\/{rel}","templated":true}]}}